NOAA-Style Climate Reports


Report for 2012 December
<pre>
                  MONTHLY CLIMATOLOGICAL SUMMARY FOR 12/2012
                                        HEAT  COOL        
     MEAN                               DEG   DEG       WIND SPEED       DOM MEAN  MEAN
DAY  TEMP  HIGH   TIME     LOW   TIME   DAYS  DAYS RAIN AVG  HI  TIME    DIR BAROM HUM
---------------------------------------------------------------------------------------
1    71.3  80.4   2:12pm  63.7  12:40am    0    6  0.00   7  22  12:47pm   S 29.94   76
2    72.7  81.6   2:19pm  67.7   2:37am    0    8  0.00   6  20   2:35pm   S 29.97   72
3    70.6  79.2   2:32pm  63.9   4:41am    0    6  0.00   6  22  10:14am   S 29.90   71
4    62.2  72.2   2:36pm  47.7  11:58pm    4    1  0.00   4  18   9:39am   N 30.08   54
5    52.3  66.6   1:54pm  39.4   7:23am   13    0  0.00   1   7   2:36am   N 30.15   66
6    58.1  67.7   2:40pm  50.0  12:34am    7    0  0.00   4  15   1:09pm SSE 29.87   80
7    58.4  70.7   2:42pm  49.0   8:09am    7    1  0.00   2  11   4:41am   N 29.79   73
8    57.3  68.5   2:41pm  48.3   4:01am    8    0  0.00   1   9   5:43am   N 29.82   80
9    57.2  64.7   9:45am  39.1  11:59pm    8    0  0.01   4  19  11:02pm   N 29.82   80
10   35.3  43.4   2:45pm  29.1   5:28am   30    0  0.00   4  18   1:01am NNW 30.11   56
11   35.0  50.2   2:44pm  24.8   6:34am   30    0  0.00   1   8   9:36am SSE 30.16   55
12   42.5  56.9   2:45pm  25.8   6:17am   23    0  0.00   3  14   2:02pm SSE 30.24   49
13   50.7  63.8   2:25pm  38.6   5:54am   14    0  0.00   4  14   9:43am SSE 30.21   40
14   55.6  60.0   7:40pm  50.7  12:34am    9    0  0.44   5  18   7:10pm SSE 29.99   64
15   59.3  71.5   2:28pm  50.2  11:39pm    7    1  0.00   2  13  10:48am SSW 29.81   59
16   59.2  72.8   2:46pm  50.6  12:00am    7    1  0.00   1  10  12:33pm SSW 29.72   54
17   49.2  59.8   2:41pm  40.2   7:37am   16    0  0.00   1  10   6:03am   W 29.81   66
18   57.4  75.1   2:48pm  43.6   7:05am    9    2  0.00   2  11  12:40pm SSW 29.76   49
19   68.1  75.8   3:15pm  50.5  11:58pm    1    4  0.18   7  27  10:57am   S 29.62   71
20   42.7  51.2   2:43pm  30.4  11:11pm   22    0  0.00   6  32  12:32am  NW 30.21   41
21   44.3  64.3   2:14pm  28.0   4:27am   21    0  0.00   2   9   2:21pm SSW 30.35   42
22   52.3  65.6   3:35pm  36.8   6:02am   13    0  0.00   4  21   4:26pm   S 30.15   46
23   55.4  63.7   1:11pm  41.8  11:58pm   10    0  0.00   3  14  12:55am   S 29.87   62
24   41.3  51.7   2:52pm  31.8   7:54am   24    0  0.00   1  10   8:56am   N 29.91   62
25   36.5  45.9   6:02am  28.0  10:14pm   28    0  1.70   5  21   7:37am  NW 29.83   88
26   25.0  30.2   2:33pm  19.9   7:07am   40    0  0.06   2  14  12:00am  NW 30.20   81
27   32.6  39.8   3:41pm  22.5   2:19am   32    0  0.08   1  10   2:43pm   E 30.01   89
28   36.2  39.5   3:14pm  28.9  11:54pm   29    0  0.03   3  15   4:20pm  NW 30.00   89
29   33.4  45.7   2:56pm  24.0   6:12am   32    0  0.00   1  10   2:27pm  NW 30.37   68
30   38.5  47.6   3:09pm  25.7   5:21am   27    0  0.00   3  12  10:16am SSE 30.35   63
31   44.0  49.5   3:18pm  38.9   5:02am   20    0  0.23   2  15   9:03am SSE 30.04   88
---------------------------------------------------------------------------------------
TOT  50.2  81.6  12/2/12  19.9 12/26/12  490   31  2.73   3  26 12/19/12   S 30.00   66

HEAT BASE: 65.0
COOL BASE: 65.0


</pre>