NOAA-Style Climate Reports


Report for 2013 January
<pre>
                  MONTHLY CLIMATOLOGICAL SUMMARY FOR 1/2013
                                        HEAT  COOL        
     MEAN                               DEG   DEG       WIND SPEED       DOM MEAN  MEAN
DAY  TEMP  HIGH   TIME     LOW   TIME   DAYS  DAYS RAIN AVG  HI  TIME    DIR BAROM HUM
---------------------------------------------------------------------------------------
1    39.5  43.0  12:00am  35.2  11:44pm   26    0  0.00   3  13   1:27pm  NW 30.17   88
2    33.8  39.9   4:38pm  27.1  11:11pm   31    0  0.00   1   9  12:21am NNW 30.29   83
3    37.0  49.1   2:30pm  24.5   6:24am   28    0  0.00   1  13   1:30pm   N 30.41   76
4    42.4  48.6   3:14pm  36.3   2:49am   23    0  0.00   1   6   1:42pm SSW 30.43   67
5    43.7  53.6   2:27pm  33.8  11:58pm   21    0  0.00   2  11  12:03pm   S 30.28   79
6    40.4  55.8   3:05pm  31.7   7:58am   25    0  0.00   2  11  10:54am   N 30.33   70
7    42.0  56.2   3:20pm  26.6   7:44am   23    0  0.00   1   9  10:56am  SE 30.23   66
8    47.2  50.2  11:36am  45.7   8:05pm   18    0  1.59   2  12   7:09pm   N 30.03   82
9    52.8  56.2   3:11pm  48.1   1:02am   12    0  1.19   3  22   6:35pm   N 30.04   97
10   54.5  59.1   2:03pm  48.1  11:06pm   10    0  0.04   4  17  12:43pm   S 29.90   88
11   58.9  70.4   2:53pm  48.2  12:00am    7    1  0.00   6  23   3:59pm   S 29.82   75
12   53.1  65.0   1:13am  35.2  11:32pm   12    0  0.05   4  18   6:09pm   N 29.77   90
13   34.8  41.8   3:19pm  29.4  11:58pm   30    0  0.00   4  18   8:52am   N 30.15   68
14   34.5  45.3   3:03pm  27.2   3:33am   31    0  0.00   4  15   1:46am   N 30.28   62
15   33.5  37.7   5:21pm  28.8   7:37am   31    0  0.10   3  13   4:10am   N 30.21   76
16   35.2  48.7   3:06pm  24.4   7:28am   30    0  0.00   1   9   2:07pm   W 30.23   62
17   43.1  59.7   3:17pm  30.1   6:19am   22    0  0.00   2  13  12:53pm   N 30.38   64
18   46.6  62.7   3:05pm  28.8   7:30am   18    0  0.00   2  14  11:31am SSE 30.39   64
19   52.4  67.1   2:52pm  40.6   7:38am   13    0  0.00   3  15  10:52am   S 30.18   68
20   52.5  69.6   3:04pm  39.2   7:43am   13    1  0.00   1  10  12:56pm   S 30.12   73
21   45.7  56.5   3:30pm  36.7   8:05am   19    0  0.00   4  16  10:06am   N 30.21   61
22   49.5  65.1   3:17pm  34.6   3:38am   15    0  0.00   2  10   3:37pm   S 30.22   64
23   60.9  74.7   3:03pm  50.3   4:23am    6    2  0.00   4  14   3:10pm   S 30.16   74
24   63.1  77.7   3:06pm  52.7  11:28pm    5    3  0.00   3  11  12:00am   S 30.06   77
25   47.9  53.5   2:58am  42.9  10:40am   17    0  0.00   3  13   7:15am   N 30.10   86
26   48.0  53.9   2:11pm  44.0   5:31am   17    0  0.00   1   8   6:18pm NNE 30.14   90
27   61.1  73.8   3:20pm  47.9  12:00am    6    2  0.00   4  21   3:22pm   S 29.98   86
28   71.2  76.4   1:55pm  65.9   2:20am    0    6  0.00   6  20   3:37pm   S 29.87   80
29   66.0  78.3   2:16pm  52.7  11:58pm    3    4  0.54   6  25  12:43pm   S 29.59   81
30   45.8  52.7  12:00am  36.5  11:55pm   19    0  0.00   4  21  10:10am WNW 29.93   57
31   49.3  68.7   3:28pm  33.9   6:32am   15    0  0.00   3  20  10:22pm   S 30.13   49
---------------------------------------------------------------------------------------
TOT  47.9  78.3  1/29/13  24.4  1/16/13  547   19  3.52   3  22  1/11/13   S 30.13   74

HEAT BASE: 65.0
COOL BASE: 65.0


</pre>