NOAA-Style Climate Reports


Report for 2013 February
<pre>
                  MONTHLY CLIMATOLOGICAL SUMMARY FOR 2/2013
                                        HEAT  COOL        
     MEAN                               DEG   DEG       WIND SPEED       DOM MEAN  MEAN
DAY  TEMP  HIGH   TIME     LOW   TIME   DAYS  DAYS RAIN AVG  HI  TIME    DIR BAROM HUM
---------------------------------------------------------------------------------------
1    43.3  60.2   3:39pm  27.9   7:32am   22    0  0.00   2  12  12:00am   N 30.28   55
2    54.5  67.3   3:50pm  41.9  10:35pm   11    0  0.00   3  14   2:38am   S 30.20   57
3    52.3  70.9   2:58pm  34.0   7:00am   13    1  0.00   2  12  10:30pm SSE 30.18   56
4    61.9  72.9   3:36pm  55.0   6:57am    4    1  0.01   4  19   2:59am   S 29.84   65
5    58.1  64.0   3:47pm  54.3   8:38am    7    0  0.01   1  10   5:58pm  NE 29.92   95
6    62.1  76.4   2:29pm  54.5   1:57am    5    2  0.01   3  14   2:23pm  SE 29.91   87
7    64.0  79.4   2:12pm  52.3  11:57pm    4    3  0.00   6  24   7:36pm   S 29.85   74
8    52.1  65.3   2:58pm  40.9   7:47am   13    0  0.00   2  13   2:56am   N 30.14   57
9    50.2  58.0  11:57pm  47.1   7:33am   15    0  0.00   4  17  11:47am SSE 29.95   84
10   57.9  68.5   4:12pm  46.2  11:56pm    7    0  0.52   3  22  12:50am   W 29.80   56
11   50.7  59.9   2:31pm  45.5  11:59pm   14    0  0.00   3  15  11:35am  NE 30.07   52
12   45.6  47.2   2:48am  40.0  11:56pm   19    0  0.32   2  17  10:53pm  NE 29.92   90
13   45.1  58.5   4:18pm  38.5   3:52am   20    0  0.00   2  13  12:09am   S 30.06   76
14   51.9  71.0   3:58pm  39.0   7:32am   14    1  0.00   2  11  11:44am SSW 30.03   62
15   45.7  51.1  12:32am  32.2  11:41pm   19    0  0.00   5  18   5:15am   N 30.27   55
16   41.4  56.3   3:27pm  26.2   7:21am   23    0  0.00   1   9  10:12am SSW 30.30   62
17   55.6  71.6   2:49pm  40.5   4:33am   10    1  0.00   6  25  11:04pm   S 29.99   49
18   60.9  76.0   1:15pm  49.3  11:58pm    5    1  0.00   7  25   9:20am   S 29.83   59
19   51.0  63.0   3:43pm  37.8   6:54am   14    0  0.00   2  11   3:29am   N 30.19   44
20   43.2  50.5  12:00am  39.3   9:04pm   22    0  0.20   4  16  10:25am ENE 30.02   80
21   49.9  65.2   4:13pm  39.4  12:01am   15    0  0.17   3  20   6:32am   W 29.72   72
22   39.0  48.7   4:18pm  30.2   7:08am   26    0  0.00   2  13   7:59am   N 30.05   65
23   40.4  55.7   3:45pm  28.7   7:19am   25    0  0.00   1  10  12:36pm   N 30.01   65
24   54.0  70.1   2:45pm  37.5   6:08am   12    1  0.00   3  17   1:06pm  SE 29.79   58
25   50.3  58.5   2:09pm  38.4   7:49pm   15    0  0.04   4  22   9:16pm SSW 29.51   70
26   46.3  58.4   3:05pm  40.0   2:24am   19    0  0.00   4  22  12:28am  NW 29.78   63
27   45.5  57.1   4:07pm  35.2   5:47am   20    0  0.00   4  18   1:14pm   N 30.06   55
28   45.3  58.7   4:28pm  32.9   7:10am   19    0  0.00   3  17   1:32pm  NW 30.22   55
---------------------------------------------------------------------------------------
TOT  50.7  79.4   2/7/13  26.2  2/16/13  411   11  1.28   3  23  2/18/13   N 30.00   65

HEAT BASE: 65.0
COOL BASE: 65.0


</pre>