NOAA-Style Climate Reports


Report for 2013 March
<pre>
                  MONTHLY CLIMATOLOGICAL SUMMARY FOR 3/2013
                                        HEAT  COOL        
     MEAN                               DEG   DEG       WIND SPEED       DOM MEAN  MEAN
DAY  TEMP  HIGH   TIME     LOW   TIME   DAYS  DAYS RAIN AVG  HI  TIME    DIR BAROM HUM
---------------------------------------------------------------------------------------
1    43.0  54.9   4:05pm  32.3   5:37am   22    0  0.00   2  14   5:41pm NNW 30.23   61
2    41.5  55.7   4:07pm  29.5   7:02am   23    0  0.00   3  14   8:52am NNW 30.32   56
3    55.3  72.4   4:08pm  36.6   5:50am   11    1  0.00   5  23   5:17pm   S 30.00   44
4    68.1  88.2   4:08pm  55.4   7:09am    3    6  0.00   7  24   4:17am SSW 29.62   45
5    49.8  58.4  12:00am  41.0  11:52pm   15    0  0.00   6  28   3:48am NNW 30.20   44
6    46.5  62.7   3:38pm  30.7   7:18am   19    0  0.00   1   8   9:40am NNW 30.32   44
7    57.9  73.2   2:46pm  43.1   6:22am    9    1  0.00   4  18  11:56am SSE 30.13   34
8    58.7  63.0  11:36pm  54.6   5:33am    6    0  0.00   5  19  11:46pm SSE 30.05   76
9    63.1  68.5   4:43pm  57.3  11:52pm    3    1  1.85   5  21   7:44am   S 29.76   87
10   49.8  57.3  12:00am  39.6  11:02pm   15    0  0.31   3  19  11:53am  NW 29.87   71
11   44.5  60.6   5:59pm  31.8   5:48am   20    0  0.00   2  12   8:51am  NW 30.05   59
12   53.1  67.7   3:58pm  38.2   6:29am   12    0  0.00   1  12  11:37am  SE 30.14   44
13   55.8  72.1   4:33pm  37.7   7:34am   11    1  0.00   1  11   2:16pm  SE 30.34   52
14   63.4  78.9   4:13pm  50.2   8:11am    5    4  0.00   4  18  11:22am   S 30.23   46
15   68.4  82.9   4:01pm  55.9   7:34am    2    6  0.00   6  20   5:23pm   S 29.99   54
16   70.4  82.4   4:20pm  58.1   7:58am    1    7  0.00   7  23  12:13pm   S 29.73   59
17   65.6  72.9   6:06pm  56.1  11:58pm    1    2  0.00   3  18  12:50am   S 29.68   68
18   60.2  70.2   5:37pm  51.5   8:59am    5    1  0.00   4  21  11:52am   N 29.79   63
19   57.5  68.9   2:15pm  47.0   7:08am    8    0  0.00   2  13  10:19am  NE 30.00   49
20   56.5  68.2   3:45pm  43.8   8:05am    9    0  0.00   2  13   1:21pm   N 30.16   47
21   59.8  71.2   2:00pm  51.4   4:02am    6    1  0.00   6  25   1:38pm SSE 29.74   56
22   51.9  66.0   5:42am  44.8   9:36am   13    0  0.00   4  18   7:56am   N 29.70   86
23   48.4  52.7   2:05pm  45.7   4:00am   17    0  0.42   2  18  11:53pm   N 29.74   93
24   44.9  53.9   5:10pm  37.9   8:44am   20    0  0.00   5  22  10:23am  NW 30.03   60
25   42.5  53.9   5:12pm  30.4   6:43am   23    0  0.00   3  17   1:29pm   N 30.30   47
26   43.8  60.5   5:33pm  28.6   7:13am   21    0  0.00   1   8   2:20pm  NE 30.39   49
27   56.3  71.6   4:03pm  40.6   7:34am   10    1  0.00   5  21   1:31pm SSE 30.19   46
28   62.5  71.9   1:03pm  51.2   7:18am    4    2  0.00   5  17   1:28pm SSE 30.11   69
29   67.9  78.7   3:45pm  60.8   8:08am    1    4  0.00   6  18   2:12pm   S 30.06   71
30   67.3  78.8   3:43pm  55.5   6:50am    2    5  1.00   4  14  12:00am SSW 29.93   81
31   66.6  74.5   3:53pm  56.3  10:59pm    1    3  0.25   2  27   7:36am   N 29.87   75
---------------------------------------------------------------------------------------
TOT  56.1  88.2   3/4/13  28.6  3/26/13  320   46  3.83   4  24   3/4/13   S 30.02   59

HEAT BASE: 65.0
COOL BASE: 65.0


</pre>