NOAA-Style Climate Reports


Report for 2013 April
<pre>
                  MONTHLY CLIMATOLOGICAL SUMMARY FOR 4/2013
                                        HEAT  COOL        
     MEAN                               DEG   DEG       WIND SPEED       DOM MEAN  MEAN
DAY  TEMP  HIGH   TIME     LOW   TIME   DAYS  DAYS RAIN AVG  HI  TIME    DIR BAROM HUM
---------------------------------------------------------------------------------------
1    65.3  81.9   4:22pm  48.4   7:32am    5    6  0.00   1  10   2:42pm SSE 29.97   63
2    62.1  67.2   1:23pm  49.6  11:15pm    3    0  0.13   3  17   6:28pm   N 29.92   80
3    47.5  52.8   1:06am  43.0  11:49pm   17    0  0.48   3  17   5:39pm   N 30.04   90
4    45.8  51.1   6:47pm  41.9   5:12am   19    0  0.05   2  13   1:14pm NNW 30.13   85
5    54.5  71.8   5:29pm  37.7   7:06am   11    1  0.00   1  11   7:31pm SSE 30.13   72
6    65.5  76.4   4:34pm  55.5   7:19am    3    4  0.00   6  22   1:02pm   S 29.87   66
7    67.0  72.7   2:38pm  61.1   4:14am    1    3  0.00   6  19   2:41pm   S 29.78   79
8    70.9  76.9   4:17pm  65.2   3:11am    0    6  0.00   8  23  10:39am   S 29.65   76
9    74.4  81.2   1:49pm  68.0   3:44am    0    9  0.00   7  24  10:56am SSE 29.61   74
10   47.0  73.9  12:15am  39.8  12:18pm   19    1  0.14   5  22  12:13am NNW 29.84   85
11   48.8  63.9   5:17pm  39.2   7:35am   16    0  0.00   2  16  10:58am   N 29.89   61
12   60.9  80.9   4:42pm  41.7   6:37am    8    4  0.00   1  11   5:03pm SSW 29.89   58
13   66.7  79.6   4:12pm  52.1   7:18am    3    5  0.00   3  15   2:21pm SSE 29.85   56
14   70.2  84.2   4:46pm  57.9   5:34am    2    7  0.00   5  20   3:23pm   S 29.60   67
15   77.0  89.6   4:01pm  67.4   6:37am    0   12  0.00   6  19   9:07am   S 29.62   73
16   78.1  88.3   4:38pm  70.9   6:49am    0   13  0.00   6  21   5:13am   S 29.76   70
17   77.5  86.0   2:34pm  71.9   5:55am    0   12  0.04   8  25  11:38am SSE 29.70   76
18   54.8  76.7  12:01am  44.5  11:58pm   12    2  1.11   5  25   1:08am NNW 29.83   74
19   50.7  65.7   5:56pm  38.0   6:14am   14    0  0.00   2  17  12:38pm  NW 30.17   53
20   59.1  72.4   4:10pm  46.1   7:43am    8    2  0.00   4  18  12:57pm SSE 30.09   46
21   61.2  73.5   4:59pm  50.0   5:07am    5    2  0.00   3  14   1:03pm SSE 30.08   61
22   67.5  79.8   5:17pm  54.9   7:08am    3    5  0.00   5  17   9:47am SSE 29.94   64
23   54.4  69.3  12:00am  41.1  11:57pm   11    0  0.02   5  22   3:51am  NW 29.93   84
24   49.3  63.8   6:10pm  37.4   7:20am   16    0  0.04   4  16   3:51am   N 30.24   63
25   61.6  75.8   4:43pm  47.0   7:23am    6    3  0.00   2  14   6:38pm  NE 30.23   47
26   67.6  77.3   6:37pm  60.0   8:29am    1    4  0.00   4  16   2:33pm SSE 30.04   68
27   68.3  76.5   6:50pm  60.7  11:57pm    1    4  0.00   3  14  12:26am  NW 29.98   75
28   68.6  86.0   5:34pm  52.3   6:37am    4    7  0.00   1  10  11:41pm  SE 29.91   75
29   75.6  88.5   4:26pm  62.3   6:47am    0   11  0.00   4  17   3:17pm   S 29.79   65
30   72.9  84.5   4:39pm  60.7   6:26am    0    8  0.00   3  15  12:38pm SSE 29.73   70
---------------------------------------------------------------------------------------
TOT  63.0  89.6  4/15/13  37.4  4/24/13  190  131  2.01   4  25  4/18/13 SSE 29.91   69

HEAT BASE: 65.0
COOL BASE: 65.0


</pre>