NOAA-Style Climate Reports


Report for 2013 May
<pre>
                  MONTHLY CLIMATOLOGICAL SUMMARY FOR 5/2013
                                        HEAT  COOL        
     MEAN                               DEG   DEG       WIND SPEED       DOM MEAN  MEAN
DAY  TEMP  HIGH   TIME     LOW   TIME   DAYS  DAYS RAIN AVG  HI  TIME    DIR BAROM HUM
---------------------------------------------------------------------------------------
1    74.0  85.2   2:57pm  64.9   5:37am    0    9  0.00   3  12  12:25am SSE 29.81   75
2    51.7  67.6  12:00am  42.8   8:10pm   14    0  0.07   5  23   6:48pm   N 30.16   80
3    52.6  67.4   5:18pm  37.7   7:14am   13    0  0.00   4  20  12:31pm  NW 30.17   52
4    56.9  72.5   3:57pm  40.5   4:57am   10    2  0.00   3  24   2:47pm   N 29.93   51
5    57.3  69.9   5:53pm  46.1   6:03am    8    1  0.00   3  15   8:51am   N 30.05   62
6    63.4  80.2   4:27pm  46.5   6:27am    6    4  0.00   1  10   1:09pm   N 30.02   68
7    72.8  87.2   5:31pm  58.6   6:21am    1    9  0.00   2  10   8:30pm SSE 29.95   55
8    75.1  87.0   4:11pm  62.9   6:00am    0   10  0.00   4  18   2:19pm SSE 29.87   55
9    70.1  75.4  12:00am  66.8   3:04pm    0    5  0.12   3  16   2:29am   S 29.85   80
10   71.4  83.1   3:40pm  63.5   6:35am    0    7  0.01   2  13   6:24pm   N 29.90   77
11   70.2  82.1   5:49pm  56.7   6:55am    1    7  0.00   3  21   1:24pm   N 30.05   59
12   68.0  81.8   4:50pm  55.1   7:12am    2    5  0.00   2  13   9:55am   N 30.15   43
13   73.1  89.4   4:56pm  56.6   6:16am    2   10  0.00   4  19  11:50am   S 30.11   43
14   76.6  89.1   3:17pm  63.2   6:28am    0   12  0.00   5  18   3:41pm   S 30.02   53
15   72.1  80.2  12:07pm  63.0  11:03pm    0    7  0.74   6  23   9:08pm   S 29.86   83
16   71.5  85.0   3:57pm  62.1   5:01am    1    7  0.01   4  19  12:56pm SSE 29.73   85
17   80.0  94.0   4:04pm  69.6   1:33am    0   15  0.00   3  19   8:35pm SSE 29.75   79
18   82.9  94.2   5:07pm  71.5   6:01am    0   18  0.01   6  19  11:07pm   S 29.75   71
19   81.4  91.4   5:29pm  70.6   6:48am    0   16  0.00   8  24  10:12am   S 29.68   67
20   82.0  92.8   4:54pm  73.8   7:00am    0   17  0.00   7  24   3:39pm   S 29.67   69
21   71.7  81.7  12:00am  60.2   3:09pm    1    8  1.22   4  31   2:10pm   S 29.70   84
22   70.8  89.7   5:31pm  54.0   5:28am    3    9  0.00   1   8   9:07pm   S 29.84   72
23   78.0  88.5   4:27pm  70.6   4:22am    0   13  0.00   2  14  11:19am  SE 29.91   77
24   78.1  88.8   2:21pm  67.5  11:42pm    0   13  0.92   2  22   8:32pm ESE 30.02   79
25   72.6  84.4   2:47pm  67.3   1:16am    0    8  0.74   3  18   1:34am SSE 30.05   87
26   78.4  88.8   5:07pm  71.0  12:08am    0   13  0.16   5  15  11:34am SSE 29.95   80
27   79.0  87.6   5:07pm  71.5   6:30am    0   14  0.00   6  20   2:23pm   S 29.84   73
28   79.3  85.8   3:50pm  72.0   5:33am    0   14  0.00   7  23   8:04am   S 29.76   69
29   76.6  85.2   5:20pm  71.8   7:58pm    0   12  0.16   7  23   5:51pm SSE 29.70   81
30   81.2  90.1   6:07pm  73.6   4:14am    0   16  0.00   8  25  10:07am   S 29.68   74
31   83.5  92.1   5:04pm  76.6   4:04am    0   18  0.00   8  24   1:32am   S 29.69   72
---------------------------------------------------------------------------------------
TOT  72.6  94.2  5/18/13  37.7   5/3/13   62  299  4.16   4  26  5/21/13   S 29.89   69

HEAT BASE: 65.0
COOL BASE: 65.0


</pre>