NOAA-Style Climate Reports


Report for 2013 June
<pre>
                  MONTHLY CLIMATOLOGICAL SUMMARY FOR 6/2013
                                        HEAT  COOL        
     MEAN                               DEG   DEG       WIND SPEED       DOM MEAN  MEAN
DAY  TEMP  HIGH   TIME     LOW   TIME   DAYS  DAYS RAIN AVG  HI  TIME    DIR BAROM HUM
---------------------------------------------------------------------------------------
1    79.0  87.1  12:12pm  72.6  11:58pm    0   14  0.09   6  24   4:24am   N 29.75   78
2    74.1  83.8   5:35pm  62.6   7:33am    0    9  0.00   3  13   9:58am   N 29.95   60
3    76.8  91.5   5:55pm  62.5   5:14am    0   12  0.00   1  13  10:55am SSE 29.87   60
4    81.2  92.6   4:25pm  72.1   6:55am    0   16  0.00   5  19   2:15pm SSE 29.80   64
5    82.5  92.8   5:52pm  72.4   6:12am    0   18  0.00   2  15   1:48pm SSE 29.78   66
6    73.9  80.5   5:15pm  67.5   8:04am    0    9  0.32   2  12   4:56am   N 29.82   81
7    73.9  85.8   4:32pm  61.3   6:22am    1   10  0.01   2  12  12:38pm   N 29.90   65
8    77.0  89.9   3:57pm  62.7   6:24am    0   12  0.00   3  16   1:25pm SSE 29.82   60
9    79.1  93.0   7:01pm  67.0   6:35am    0   14  1.26   2  20   8:36am   N 29.82   70
10   84.4  99.9   5:09pm  69.6   6:43am    0   19  0.00   2  12   9:05am SSW 29.86   62
11   85.9  95.5   3:28pm  75.5   6:26am    0   21  0.00   4  17   3:28pm   S 29.89   64
12   85.7  96.7   4:49pm  75.5   6:02am    0   21  0.00   5  16   9:50am   S 29.91   66
13   87.9 100.8   5:11pm  76.3   6:17am    0   23  0.00   2  10   8:11am   S 29.90   59
14   87.4  97.8   6:03pm  76.3   6:45am    0   22  0.00   1   9  12:37pm SSE 29.86   59
15   83.1  92.6   5:35pm  72.5   6:32am    0   18  0.41   2  25   4:47am SSE 29.87   71
16   86.2  98.0   3:33pm  74.6   6:08am    0   21  0.00   2  13   4:47pm  SE 29.87   66
17   81.1  91.5   4:18pm  68.3   8:36am    0   16  1.03   2  22   7:24am   S 29.84   76
18   77.6  88.9   4:33pm  69.7   6:01am    0   13  0.46   2  14   7:33am   N 29.89   79
19   81.9  93.5   4:03pm  71.0   5:24am    0   17  0.00   2  16   7:15pm SSE 29.88   75
20   86.5  96.7   4:07pm  76.7   6:25am    0   21  0.00   4  17   2:17pm SSE 29.90   63
21   87.1  97.2   5:19pm  76.3   6:41am    0   22  0.00   5  17  11:13am   S 29.93   59
22   86.5  97.0   4:44pm  74.3   6:12am    0   22  0.00   5  18   3:24pm SSE 29.89   60
23   87.1  96.8   5:11pm  77.6   6:44am    0   22  0.00   6  18   9:01am SSE 29.85   59
24   87.0  96.6   6:08pm  76.8   6:39am    0   22  0.00   5  25   4:12pm   S 29.88   59
25   88.0  98.7   4:57pm  77.6   6:13am    0   23  0.00   6  23   2:07pm   S 29.83   57
26   88.1  99.8   5:04pm  75.2   6:00am    0   23  0.00   5  20   6:31am   S 29.81   59
27   89.9 102.3   5:21pm  79.6   6:24am    0   25  0.00   3  15   9:15am   S 29.86   56
28   89.4 102.8   3:19pm  78.8   4:33am    0   24  0.00   2  15   5:10pm   N 29.81   53
29   86.4  97.6   4:25pm  74.2   6:05am    0   21  0.00   3  15   1:34pm   N 29.79   52
30   81.8  91.0   4:37pm  72.4   6:57am    0   16  0.00   3  17  12:04pm   N 29.82   51
---------------------------------------------------------------------------------------
TOT  83.2 102.8  6/28/13  61.3   6/7/13    1  547  3.58   3  21   6/1/13   S 29.86   64

HEAT BASE: 65.0
COOL BASE: 65.0


</pre>