NOAA-Style Climate Reports


Report for 2013 July
<pre>
                  MONTHLY CLIMATOLOGICAL SUMMARY FOR 7/2013
                                        HEAT  COOL        
     MEAN                               DEG   DEG       WIND SPEED       DOM MEAN  MEAN
DAY  TEMP  HIGH   TIME     LOW   TIME   DAYS  DAYS RAIN AVG  HI  TIME    DIR BAROM HUM
---------------------------------------------------------------------------------------
1    77.1  88.2   5:33pm  65.9   6:52am    0   12  0.00   3  15   3:04pm   N 29.93   56
2    77.1  89.5   4:05pm  63.8   6:28am    0   12  0.00   2  13  11:34am   N 29.99   50
3    79.0  94.2   5:28pm  61.8   6:50am    0   14  0.00   1  16  12:13pm  NE 29.95   48
4    83.4  96.7   4:53pm  72.4   6:47am    0   18  0.00   3  15   2:18pm SSE 29.89   50
5    84.9  97.0   3:46pm  72.7   6:47am    0   20  0.00   2  14  11:24am SSE 29.87   51
6    86.5  97.6   4:36pm  71.9   6:21am    0   21  0.00   3  14   2:11pm SSE 29.84   50
7    87.2  98.3   4:19pm  76.6   6:42am    0   22  0.00   2  15  11:51pm SSE 29.88   54
8    87.2  98.5   5:54pm  77.4   6:40am    0   22  0.00   4  14   6:50pm SSE 29.95   62
9    89.2 101.0   5:37pm  78.5   6:46am    0   24  0.00   4  15   3:35am   S 29.98   52
10   91.1 103.4   4:48pm  79.3   6:05am    0   26  0.00   3  15   4:13am   S 29.91   53
11   87.6 103.5   4:27pm  79.0   6:01pm    0   23  0.07   2  22   5:52pm   S 29.86   60
12   88.1 101.7   6:07pm  75.6   6:41am    0   23  0.00   1  12   1:39pm  SE 29.85   61
13   88.8 101.5   4:44pm  76.2   6:23am    0   24  0.00   2  11   5:46pm  SE 29.86   54
14   73.6  82.1  12:00am  69.8  10:58am    0    9  0.30   1  10   1:11pm  SE 29.89   78
15   71.3  74.8   1:58pm  67.3   5:24am    0    6  0.26   1   8  12:36am SSE 29.98   91
16   77.4  91.7   4:14pm  71.3   2:13am    0   12  0.23   2  17   6:30pm   E 30.07   84
17   80.6  92.4   5:11pm  71.0   1:55am    0   16  0.16   2  14  12:00am SSE 30.12   77
18   83.8  97.6   5:25pm  72.4   6:39am    0   19  0.00   1   8   1:41pm NNW 30.05   68
19   82.8  95.5   2:32pm  75.1   6:43am    0   18  0.00   2  15   3:54pm SSE 29.93   72
20   82.6  98.0   3:13pm  73.3   6:07am    0   18  0.00   2  15   6:07pm   S 29.86   72
21   86.0  99.1   3:58pm  74.6   6:40am    0   21  0.00   4  15  10:06pm   S 29.82   67
22   88.0  99.4   5:11pm  77.4   6:22am    0   23  0.00   5  15  12:02am   S 29.84   65
23   89.7  99.9   3:58pm  79.7   7:07am    0   25  0.00   5  16   1:39pm   S 29.82   61
24   84.9  98.0   5:00pm  73.5   6:47am    0   20  0.00   3  21   9:04am   S 29.86   63
25   85.0  97.5   5:29pm  72.9   5:54am    0   20  0.00   1  10  11:21pm   E 29.94   67
26   84.0  93.7   3:18pm  76.1   9:48am    0   19  0.30   3  16   7:03pm SSE 29.87   72
27   80.9  93.3   5:17pm  71.1   6:20am    0   16  0.00   3  15   7:41am   N 29.91   67
28   82.5  94.6   4:54pm  70.1   7:08am    0   17  0.00   2  12   2:11pm SSE 29.88   65
29   86.7  97.2   5:49pm  77.7   7:12am    0   22  0.00   4  17   5:36pm SSE 29.88   64
30   88.5  99.1   6:00pm  79.0   7:05am    0   23  0.00   4  18  12:14am   S 29.92   57
31   90.4 103.7   6:17pm  76.8   6:06am    0   24  0.00   3  12   3:40am   S 29.91   55
---------------------------------------------------------------------------------------
TOT  84.0 103.7  7/31/13  61.8   7/3/13    0  590  1.32   3  17  7/29/13   S 29.91   63

HEAT BASE: 65.0
COOL BASE: 65.0


</pre>