NOAA-Style Climate Reports


Report for 2013 August
<pre>
                  MONTHLY CLIMATOLOGICAL SUMMARY FOR 8/2013
                                        HEAT  COOL        
     MEAN                               DEG   DEG       WIND SPEED       DOM MEAN  MEAN
DAY  TEMP  HIGH   TIME     LOW   TIME   DAYS  DAYS RAIN AVG  HI  TIME    DIR BAROM HUM
---------------------------------------------------------------------------------------
1    91.4 103.0   5:50pm  80.1   7:07am    0   26  0.00   2  13  10:51pm  NE 29.88   60
2    92.2 103.9   3:49pm  80.6   6:56am    0   27  0.00   3  14  12:40pm SSE 29.82   51
3    91.1 102.1   5:56pm  78.0   6:08am    0   26  0.00   4  14   4:14am   S 29.87   51
4    90.8 102.4   4:41pm  80.8   6:58am    0   26  0.00   3  13   8:58am   S 29.92   54
5    92.3 103.9   6:05pm  82.0   7:03am    0   27  0.00   4  16   1:53pm   S 29.85   50
6    92.3 104.8   4:38pm  80.8   6:59am    0   27  0.00   4  16  12:56pm   S 29.78   48
7    92.8 105.8   4:52pm  78.9   6:04am    0   28  0.00   5  17   3:45am   S 29.74   49
8    91.7 102.7   5:50pm  81.5   6:59am    0   27  0.00   3  16   4:20am   S 29.75   52
9    89.6 103.7   6:01pm  82.1  11:57pm    0   25  0.00   3  15   7:56pm   S 29.82   52
10   86.4  98.9   5:25pm  75.4   6:27am    0   21  0.00   3  14   9:43am   N 29.94   65
11   88.2 103.1   4:05pm  75.5   6:32am    0   23  0.00   2  12   5:04pm  NE 29.94   58
12   90.2 101.4   4:23pm  79.5   7:22am    0   25  0.00   3  12  12:15pm   S 29.91   55
13   88.3  99.2   3:26pm  81.9   7:24am    0   23  0.00   2  15   5:25pm   S 29.87   56
14   83.1  91.1   1:51pm  75.8   6:18am    0   18  0.01   2  12   2:00pm   N 29.91   69
15   80.1  91.8   4:26pm  70.8   7:39am    0   15  0.00   2  10   8:26am   E 29.95   61
16   78.4  90.7   4:47pm  66.9   5:49am    0   13  0.12   2  34   4:25am NNE 29.95   66
17   78.1  92.6   5:15pm  62.3   7:17am    0   13  0.00   2  12   3:19pm  NE 29.99   58
18   80.8  94.2   4:52pm  68.1   6:44am    0   16  0.00   1  11  12:46pm  NE 29.98   56
19   84.0  97.5   5:11pm  71.6   6:58am    0   19  0.00   2  11  11:42am   E 29.94   52
20   85.4  98.2   4:48pm  73.0   7:11am    0   20  0.00   1  12  12:46pm SSE 29.92   48
21   86.1  98.0   5:37pm  73.7   6:19am    0   21  0.00   2  12   2:57pm   S 29.96   54
22   88.6 101.3   4:56pm  76.9   5:32am    0   24  0.00   1  11   1:45pm SSE 29.94   54
23   89.5 102.3   5:18pm  80.3   7:20am    0   24  0.00   2  13   6:01pm SSE 29.90   54
24   89.1 101.0   4:39pm  75.8   7:04am    0   24  0.00   2  11   2:14pm ESE 29.93   55
25   88.8  99.0   5:33pm  78.1   7:19am    0   24  0.00   2  15   4:28pm  SE 30.02   53
26   86.9  97.8   4:12pm  76.4   7:08am    0   22  0.00   4  28   2:26pm SSE 30.04   55
27   83.6  96.7   4:55pm  74.5   7:02am    0   19  0.00   3  15  12:35pm   S 30.00   65
28   85.8 100.3   5:45pm  71.0   6:45am    0   21  0.00   2  13   4:37pm SSW 29.97   59
29   89.1 103.4   5:44pm  74.9   6:58am    0   24  0.00   1   9   4:06pm   S 29.94   50
30   92.0 104.9   4:47pm  80.2   6:44am    0   27  0.00   2  11   4:14pm SSE 29.86   45
31   91.9 106.4   5:02pm  74.6   6:24am    0   26  0.00   2  10   5:05pm SSE 29.77   46
---------------------------------------------------------------------------------------
TOT  87.7 106.4  8/31/13  62.3  8/17/13    0  703  0.13   2  26  8/16/13   S 29.91   55

HEAT BASE: 65.0
COOL BASE: 65.0


</pre>