NOAA-Style Climate Reports


Report for 2013 September
<pre>
                  MONTHLY CLIMATOLOGICAL SUMMARY FOR 9/2013
                                        HEAT  COOL        
     MEAN                               DEG   DEG       WIND SPEED       DOM MEAN  MEAN
DAY  TEMP  HIGH   TIME     LOW   TIME   DAYS  DAYS RAIN AVG  HI  TIME    DIR BAROM HUM
---------------------------------------------------------------------------------------
1    92.6 107.1   4:56pm  81.8   7:32am    0   28  0.00   3  18  10:07pm   S 29.74   46
2    83.2  95.5   5:23pm  73.0  11:39am    0   18  0.82   2  10   1:23am SSW 29.84   74
3    86.3 100.6   5:10pm  72.9   7:19am    0   21  0.00   1   9  12:26am   N 29.88   51
4    87.3 101.0   3:26pm  75.1   6:17am    0   22  0.00   1  10   2:16pm  NE 29.92   55
5    88.3 101.4   4:44pm  76.5   7:18am    0   23  0.00   1  10   2:34pm  SE 29.98   52
6    88.3 100.7   5:27pm  76.2   7:23am    0   23  0.00   1   9  12:52am ESE 29.95   49
7    88.6 100.6   4:12pm  75.6   6:42am    0   24  0.00   2  12  12:11pm SSE 29.90   53
8    85.6  98.3   5:07pm  72.2   7:44am    0   21  0.00   2  11   1:26pm   S 29.87   57
9    85.8  95.3   5:15pm  73.9   7:08am    0   21  0.00   3  15  11:56pm   S 29.88   57
10   84.4  95.4   4:14pm  75.1   6:58am    0   19  0.00   3  15  12:57pm   S 29.97   59
11   84.7  97.8   4:22pm  70.9   7:06am    0   20  0.00   2  13   1:04pm SSE 30.00   61
12   86.3  99.6   5:18pm  74.3   7:11am    0   21  0.00   1   9   8:56pm   E 29.94   58
13   85.9  97.8   3:20pm  76.7   6:17am    0   21  0.00   2  15   2:37pm  NE 29.85   59
14   83.0  94.1   4:29pm  72.5   6:12am    0   18  0.00   2  13   9:55am   E 29.86   54
15   84.8  96.6   4:54pm  73.8   7:36am    0   20  0.00   2  10  12:27am ESE 29.91   53
16   86.8  98.3   4:45pm  75.5   7:47am    0   22  0.00   2  20   2:26pm  SE 29.96   53
17   85.6  93.3   1:58pm  76.4   7:31am    0   21  0.00   1  12   2:16pm SSE 29.94   55
18   86.5  97.6   4:22pm  74.7   6:28am    0   21  0.00   3  13  11:58am SSE 29.88   56
19   82.8  90.2   2:02pm  69.7  10:19pm    0   18  1.11   3  21   9:51pm   S 29.86   66
20   71.7  74.2   3:34pm  67.1  11:58pm    0    7  0.98   3  15   8:41pm   N 29.83   94
21   70.8  85.1   5:22pm  58.3   7:36am    1    7  0.01   4  17  10:50am   N 29.88   61
22   71.3  86.5   5:04pm  55.7   7:41am    2    8  0.00   1  11   2:47pm  SE 29.82   56
23   73.3  87.4   4:39pm  60.3   7:42am    1    9  0.00   2  11   9:47am SSE 29.77   57
24   78.4  94.3   5:19pm  63.4   7:46am    0   13  0.00   2  11   4:19pm NNW 29.82   54
25   76.3  96.1   4:55pm  56.7   7:22am    2   13  0.00   1   7  11:53am   S 29.78   52
26   82.7  96.0   3:06pm  71.5   7:58am    0   18  0.00   3  15   5:18pm SSE 29.77   44
27   80.3  89.4   3:56pm  70.0   7:58am    0   15  0.00   4  15  12:30pm SSE 29.82   65
28   75.3  84.9   1:20pm  66.1  11:52pm    0   10  0.47   5  17   1:08am SSE 29.87   84
29   70.6  84.1   4:41pm  60.9   7:44am    1    6  0.00   2  16   2:02pm   N 29.94   65
30   72.2  89.4   4:21pm  55.9   7:56am    2    9  0.00   1  11   3:00pm SSE 29.82   62
---------------------------------------------------------------------------------------
TOT  82.0 107.1   9/1/13  55.7  9/22/13    8  517  3.39   2  20  9/16/13 SSE 29.88   59

HEAT BASE: 65.0
COOL BASE: 65.0


</pre>