NOAA-Style Climate Reports


Report for 2013 October
<pre>
                  MONTHLY CLIMATOLOGICAL SUMMARY FOR 10/2013
                                        HEAT  COOL        
     MEAN                               DEG   DEG       WIND SPEED       DOM MEAN  MEAN
DAY  TEMP  HIGH   TIME     LOW   TIME   DAYS  DAYS RAIN AVG  HI  TIME    DIR BAROM HUM
---------------------------------------------------------------------------------------
1    78.5  91.9   4:28pm  68.8   7:07am    0   14  0.00   2  13   1:06pm SSE 29.82   72
2    79.6  89.6   4:23pm  73.5   6:23am    0   15  0.00   4  15  11:37pm SSE 29.85   76
3    81.5  92.1   4:39pm  74.4   2:58am    0   17  0.00   5  19  12:31pm   S 29.80   72
4    81.1  90.6   3:02pm  73.6   7:20am    0   16  0.00   5  18   3:26pm   S 29.80   71
5    63.4  79.8  12:00am  50.9  11:03pm    6    4  0.27   4  20   4:26pm   S 29.93   80
6    59.4  75.8   5:18pm  45.3   6:15am    8    2  0.01   2  15   2:54pm  NW 30.04   62
7    64.1  83.6   4:10pm  45.1   7:58am    6    5  0.00   1  11   3:05pm   N 30.06   53
8    68.1  83.4   4:15pm  51.3   7:38am    3    6  0.00   1   9  10:22am  SE 30.01   51
9    69.9  84.1   4:03pm  57.2   6:30am    2    7  0.00   2  11  12:44pm  SE 29.97   62
10   72.9  84.9   3:22pm  62.5   7:14am    0    8  0.00   4  17   4:12pm SSE 29.92   65
11   76.5  85.4   4:43pm  69.4   8:02am    0   11  0.01   5  16   1:21am SSE 29.81   75
12   78.5  93.4   3:48pm  70.7  11:55pm    0   14  0.05   3  21   3:55pm   S 29.89   79
13   71.4  76.2   2:26pm  67.1   3:45am    0    6  0.01   1  11   4:10pm   E 30.08   88
14   70.5  72.6   3:35pm  68.1   4:13am    0    5  0.73   3  15   4:00pm SSE 29.97   95
15   65.5  75.6  10:05am  53.3  10:35pm    3    4  0.43   5  17  11:29am   N 29.91   93
16   57.9  65.0   4:19pm  52.9   2:18am    7    0  0.13   3  15   1:54am   N 30.02   77
17   58.0  74.2   4:38pm  44.1   7:38am    8    1  0.00   1   8   3:05pm SSW 30.02   69
18   60.7  69.2   4:50pm  50.8  11:56pm    5    1  0.00   2  21  10:15pm SSE 29.95   73
19   52.6  68.1   4:34pm  40.9   8:10am   13    0  0.00   2  17  12:37am NNW 30.11   67
20   57.9  73.1   4:23pm  43.6   4:20am    8    1  0.00   3  17   6:00pm SSE 29.95   62
21   60.4  71.5  12:58pm  49.8  11:58pm    5    1  0.00   3  16  10:17am SSE 29.94   75
22   57.4  77.0   4:29pm  39.6   7:18am   10    2  0.00   1  11   2:50pm   N 30.06   68
23   64.4  84.3   4:10pm  47.8   6:59am    6    5  0.00   1   8   4:44pm   S 30.04   62
24   64.2  78.0   3:26pm  50.5   8:09am    4    3  0.00   2  11   4:52pm   N 30.12   61
25   58.1  69.5   4:01pm  49.6   7:49am    7    1  0.00   2  14   9:28am  SE 30.28   61
26   62.6  74.5   3:55pm  55.7   2:55am    5    2  1.81   4  21   7:07pm   S 30.10   78
27   60.8  64.3   4:00pm  58.3   8:18am    4    0  0.02   0   6   7:12am NNW 30.03   90
28   66.0  75.3   4:33pm  56.3   3:24am    3    4  0.01   3  13  10:19pm SSE 30.00   89
29   72.1  75.9   4:24pm  69.3   6:02am    0    7  0.00   5  17   2:02am SSE 29.98   87
30   68.9  72.4  12:00am  65.4   7:53pm    0    4  0.16   5  21   8:09am SSE 29.87   93
31   67.2  72.3   2:05pm  54.1  10:56pm    1    3  0.01   4  20   2:24pm   W 29.71   72
---------------------------------------------------------------------------------------
TOT  66.8  93.4 10/12/13  39.6 10/22/13  116  171  3.65   3  21 10/26/13 SSE 29.97   73

HEAT BASE: 65.0
COOL BASE: 65.0


</pre>