NOAA-Style Climate Reports


Report for 2013 November
<pre>
                  MONTHLY CLIMATOLOGICAL SUMMARY FOR 11/2013
                                        HEAT  COOL        
     MEAN                               DEG   DEG       WIND SPEED       DOM MEAN  MEAN
DAY  TEMP  HIGH   TIME     LOW   TIME   DAYS  DAYS RAIN AVG  HI  TIME    DIR BAROM HUM
---------------------------------------------------------------------------------------
1    61.5  77.4   3:41pm  46.9   7:39am    6    3  0.00   2  13  12:02pm   N 29.85   64
2    55.6  68.1   3:53pm  45.3   8:22am   10    0  0.00   2  16  11:55am NNW 30.17   58
3    56.9  67.9   1:55pm  44.6   1:42am    8    0  0.00   4  16   9:21pm SSE 30.08   57
4    58.2  60.1  11:56pm  56.2   6:03am    7    0  0.44   4  16  10:45am SSE 30.01   85
5    64.9  69.0  12:23pm  60.0  12:23am    1    1  0.22   4  16  11:45am SSE 29.95   95
6    54.9  69.9   1:29am  42.6  11:59pm   11    1  0.08   3  17   8:44am NNW 30.14   81
7    49.1  64.6   2:18pm  35.8   6:44am   16    0  0.00   1  10  12:28pm NNW 30.40   73
8    54.2  65.8  12:55pm  41.4   6:34am   11    0  0.00   2  14  12:50pm   S 30.24   68
9    60.6  71.0   1:46pm  55.2   1:06am    5    1  0.00   3  15  12:31pm SSE 30.11   67
10   57.5  66.4   3:12pm  47.7  11:56pm    8    0  0.00   0   7  12:01am ESE 30.24   73
11   57.8  74.3   3:13pm  43.7   6:44am    9    2  0.00   0   8  10:43am SSW 30.20   77
12   47.6  60.9   2:44am  33.5  11:57pm   17    0  0.00   5  25   9:08am   N 30.52   61
13   39.9  54.1   3:29pm  28.0   6:28am   25    0  0.00   1   7   8:59am   N 30.56   59
14   47.7  59.5   2:13pm  32.9   2:04am   17    0  0.00   3  13   9:46am SSE 30.17   58
15   60.9  72.6   2:58pm  51.1   3:51am    5    1  0.00   4  16  11:57pm SSE 29.89   76
16   69.1  76.9   3:10pm  60.9   3:44am    1    5  0.00   6  22   6:52am   S 29.71   83
17   74.1  85.2   2:31pm  63.1  11:57pm    0    9  0.00   4  20  12:13am SSW 29.75   60
18   62.1  72.1   2:23pm  50.7   7:28am    4    1  0.00   2  12  12:13am NNE 30.08   34
19   60.0  68.0   3:15pm  55.1   7:44am    5    0  0.00   2  15  12:02am  SE 30.06   42
20   58.0  65.7   3:38pm  48.8   7:10am    7    0  0.00   5  16   7:23pm SSE 29.93   58
21   63.0  74.7   2:48pm  40.7  11:58pm    4    2  0.37   4  20   7:51pm SSE 29.97   90
22   35.8  40.7  12:00am  34.3   5:57pm   29    0  0.36   6  20   8:45am   N 30.36   92
23   37.5  42.7   4:04pm  34.8   2:40am   28    0  0.03   5  18  12:42pm   N 30.49   86
24   33.2  35.4  12:00am  31.4   7:21am   32    0  0.03   3  16   8:11am   N 30.49   75
25   35.1  37.6   3:07pm  32.6   3:35am   30    0  0.43   1  12  11:01pm   N 30.23   91
26   41.7  52.1   2:34pm  35.2   3:33am   23    0  0.00   4  21   3:34pm   N 30.21   71
27   33.2  39.7  11:58am  29.0   7:29am   16    0  0.00   3  15   9:28am   N 30.41   60
---------------------------------------------------------------------------------------
TOT  53.3  85.2 11/17/13  28.0 11/13/13  336   27  1.96   3  23 11/12/13 SSE 30.15   70

HEAT BASE: 65.0
COOL BASE: 65.0


</pre>