NOAA-Style Climate Reports


Report for 2013 December
<pre>
                  MONTHLY CLIMATOLOGICAL SUMMARY FOR 12/2013
                                        HEAT  COOL        
     MEAN                               DEG   DEG       WIND SPEED       DOM MEAN  MEAN
DAY  TEMP  HIGH   TIME     LOW   TIME   DAYS  DAYS RAIN AVG  HI  TIME    DIR BAROM HUM
---------------------------------------------------------------------------------------
1    58.8  67.7   2:28pm  48.3  11:50pm    6    0  0.00   3  16   9:52am   S 29.99   86
2    52.8  69.5   2:11pm  38.9   7:37am   13    1  0.00   0   7  11:39am   S 29.73   83
3    57.6  74.2   2:54pm  44.1   6:07am    9    1  0.01   1   9  11:13am SSE 29.54   68
4    61.0  77.3   1:52pm  44.7  11:57pm    6    2  0.00   3  20  11:25pm   S 29.65   58
5    33.5  44.7  12:00am  28.3   7:13pm   31    0  0.00   5  22   3:58am   N 30.07   74
6    26.8  31.1  12:25am  23.3  11:57pm   38    0  0.00   3  13   2:50am   N 30.32   87
7    23.2  25.9  12:56pm  19.3   7:31am   42    0  0.00   2  12   7:25am   N 30.45   81
8    29.5  33.2   1:43pm  25.6  12:00am   35    0  0.18   1   8   2:00pm SSW 30.15   91
9    31.7  34.1  10:54am  28.5  11:54pm   33    0  0.10   3  14   9:58am SSW 30.25   83
10   27.3  35.7   2:47pm  18.8   7:43am   38    0  0.31   1  10  12:28am NNW 30.43   73
11   33.0  41.7   2:11pm  24.2   6:24am   32    0  0.35   1   9   4:14pm   N 30.44   79
12   35.3  45.9   2:41pm  24.2   7:42am   30    0  0.36   1   6   4:20am NNE 30.50   78
13   42.4  46.3  11:04pm  38.2   3:48am   23    0  0.21   3  14   2:49pm SSE 30.00   86
14   40.2  45.9  12:00am  28.9  11:55pm   25    0  0.01   3  18  10:33am NNW 30.08   86
15   40.4  59.3   2:48pm  25.2   3:54am   25    0  0.00   1   9  12:19pm SSW 30.28   72
16   49.4  64.3   2:48pm  37.4   6:13am   16    0  0.00   3  10  10:25am   S 30.17   63
17   50.0  69.2   2:46pm  36.6   6:10am   15    0  0.00   0   6  12:12am SSW 30.22   66
18   52.9  69.1   2:18pm  35.5   5:09am   13    0  0.00   3  17   1:46pm   S 30.11   69
19   61.6  70.2   3:22pm  53.9   3:05am    5    1  0.00   6  31  11:54am   S 29.81   81
20   53.6  66.8   2:14am  34.1  11:50pm   12    1  0.04   4  20   1:53am SSW 29.76   91
21   42.6  52.6   2:23pm  34.1  12:00am   22    0  1.26   2  17  12:17am   N 29.66   97
22   35.9  41.5  12:00am  29.2  11:53pm   29    0  0.00   3  14   1:22am  NW 30.12   81
23   33.9  45.2   2:49pm  26.5   5:16am   31    0  0.00   1   6   2:27am   N 30.48   79
24   37.6  51.4   2:51pm  23.6   7:41am   27    0  0.00   3  16   4:21pm SSE 30.41   75
25   43.6  54.6  12:54pm  35.0  11:57pm   21    0  0.00   3  12   9:21am SSE 30.31   74
26   38.2  53.6   2:30pm  25.9   7:30am   26    0  0.00   1   7  10:30am   N 30.38   81
27   42.2  57.5   2:53pm  29.0   7:13am   23    0  0.00   0   7  11:21am   S 30.38   76
28   47.8  61.3   2:22pm  33.5   6:03am   17    0  0.00   2  13  12:13pm   S 30.11   73
29   39.5  50.1  11:38am  31.2  11:56pm   26    0  0.00   3  20   1:52pm   N 30.08   77
30   32.7  41.4   2:47pm  26.9  11:55pm   32    0  0.00   1  11   6:26am NNW 30.31   63
31   38.3  54.5   2:07pm  24.5   7:17am   26    0  0.00   2  11   9:19pm SSE 30.34   66
---------------------------------------------------------------------------------------
TOT  41.7  77.3  12/4/13  18.8 12/10/13  727    7  2.83   2  21 12/19/13   N 30.15   77

HEAT BASE: 65.0
COOL BASE: 65.0


</pre>