NOAA-Style Climate Reports


Report for 2014 January
<pre>
                  MONTHLY CLIMATOLOGICAL SUMMARY FOR 1/2014
                                        HEAT  COOL        
     MEAN                               DEG   DEG       WIND SPEED       DOM MEAN  MEAN
DAY  TEMP  HIGH   TIME     LOW   TIME   DAYS  DAYS RAIN AVG  HI  TIME    DIR BAROM HUM
---------------------------------------------------------------------------------------
1    48.2  66.3   4:17pm  33.1  11:58pm   17    0  0.00   5  20  11:42am   S 30.02   64
2    31.2  41.3   2:54pm  23.9   7:46am   34    0  0.00   3  18   2:05am  NW 30.40   64
3    38.4  50.9   2:52pm  25.5   1:52am   27    0  0.00   4  18   9:31pm SSE 30.28   58
4    52.4  67.2   2:55pm  40.4   4:41am   13    0  0.00   6  28  11:24am   S 29.83   70
5    32.0  49.7  12:00am  19.3  11:55pm   33    0  0.00   6  22  10:39am NNW 30.15   64
6    21.8  31.4   2:31pm  14.0   7:31am   43    0  0.00   2  15  12:55pm   N 30.65   53
7    33.5  47.2   3:06pm  21.7  12:19am   32    0  0.00   4  16   8:45pm SSW 30.43   48
8    41.9  46.6  10:21pm  38.3   8:29am   23    0  0.08   4  17   6:27am SSE 30.17   84
9    41.7  45.9  12:00am  37.7   4:29am   23    0  0.11   1   8   3:06am ESE 30.11   97
10   56.2  65.8   4:07pm  43.7  11:34pm    9    0  0.20   3  15   1:17pm   S 29.78   91
11   48.4  67.6   3:16pm  32.7   8:10am   17    0  0.00   1  13   2:22pm   W 29.99   64
12   58.2  72.3   2:23pm  46.1  12:00am    8    1  0.00   8  29   4:25pm SSW 29.86   52
13   53.9  62.3   3:12pm  39.0  11:25pm   11    0  0.00   3  21  12:34am  NW 29.93   52
14   48.5  63.2   1:30pm  37.5   5:41am   17    0  0.00   3  18   5:20pm   N 30.09   46
15   42.4  55.3   3:27pm  30.9   4:01am   23    0  0.00   1  11   3:05pm SSE 30.26   51
16   50.4  65.4   2:33pm  37.7   7:32am   15    0  0.00   3  16   1:59pm   S 30.06   45
17   46.1  53.9   3:24pm  36.5   9:05pm   19    0  0.00   2  16   4:33am  NW 30.24   32
18   50.4  67.1   3:38pm  38.4   7:35am   15    0  0.00   3  15  10:44am   S 30.10   42
19   47.2  64.1   3:38pm  28.9   8:00am   18    0  0.00   2  10   2:29pm   S 30.16   51
20   56.7  71.4   3:11pm  46.9  12:00am    9    1  0.00   4  15   8:23pm   S 29.94   43
21   42.1  51.7  12:00am  36.0   8:29pm   23    0  0.00   3  16   3:07am   N 30.29   39
22   44.5  58.4   3:02pm  33.1   5:41am   21    0  0.00   2  12  10:16pm  NE 30.10   47
23   32.2  42.9  12:00am  22.5  11:59pm   33    0  0.00   7  26  12:29pm   N 30.51   43
24   28.4  41.4   3:48pm  17.1   7:40am   37    0  0.00   2  12   9:38pm   N 30.56   41
25   46.9  68.7   3:11pm  30.6   4:25am   18    0  0.00   2  12  12:25am   S 30.08   47
26   57.6  71.9   3:18pm  46.8  11:59pm    8    1  0.00   2  13  12:11pm   S 29.75   46
27   35.3  49.5   2:51am  23.9  11:42pm   30    0  0.00   8  31   3:18am   N 30.16   37
28   26.2  35.5   2:56pm  19.9  10:14pm   39    0  0.00   5  17   1:06am   N 30.43   45
29   31.1  48.0   3:11pm  15.0   6:37am   34    0  0.00   3  15  10:48pm   S 30.35   54
30   44.5  58.3   3:42pm  31.5   6:59am   21    0  0.00   7  29  11:59am   S 29.93   59
31   62.1  73.8   3:24pm  50.9  12:35am    5    2  0.00   6  21   9:41am   S 29.76   73
---------------------------------------------------------------------------------------
TOT  43.5  73.8  1/31/14  14.0   1/6/14  670    6  0.39   4  28  1/12/14   S 30.14   55

HEAT BASE: 65.0
COOL BASE: 65.0


</pre>