NOAA-Style Climate Reports


Report for 2014 February
<pre>
                  MONTHLY CLIMATOLOGICAL SUMMARY FOR 2/2014
                                        HEAT  COOL        
     MEAN                               DEG   DEG       WIND SPEED       DOM MEAN  MEAN
DAY  TEMP  HIGH   TIME     LOW   TIME   DAYS  DAYS RAIN AVG  HI  TIME    DIR BAROM HUM
---------------------------------------------------------------------------------------
1    48.7  64.9  12:17am  37.3  11:50pm   16    0  0.00   5  23  12:16am   N 29.84   74
2    32.3  37.4  12:00am  28.9   5:37pm   33    0  0.24   5  20   9:34am   N 30.14   86
3    33.6  40.2   3:20pm  28.3   5:50am   31    0  0.01   1  10   4:16am   N 30.19   86
4    40.7  45.1   4:48pm  37.3  11:53pm   24    0  0.16   2  15  10:00pm SSE 29.95   90
5    28.2  37.3  12:00am  21.0  11:57pm   37    0  0.00   6  19   2:45am   N 30.42   71
6    20.4  24.0   2:48pm  15.8   7:22am   45    0  0.00   5  17   3:07am   N 30.52   77
7    28.2  33.5  12:28pm  22.5  12:00am   37    0  0.03   1   8   8:34pm SSE 30.32   79
8    39.5  52.7   3:50pm  31.8  12:00am   26    0  0.02   2  11   8:30am SSE 30.11   85
9    40.2  45.2   2:13pm  35.5  11:48pm   25    0  0.01   2  15   6:54pm   N 30.06   94
10   31.3  35.5  12:00am  29.0   6:52pm   34    0  0.05   4  16   4:37am   N 30.23   96
11   30.8  36.2   4:07pm  26.5   7:30am   34    0  0.00   4  15   5:00am   N 30.28   83
12   38.5  51.1   3:41pm  29.1   3:27am   26    0  0.01   1  12   1:48pm  NW 30.13   70
13   46.9  67.0   3:17pm  29.1   3:32am   18    0  0.00   2  13  10:36am   S 29.94   68
14   54.5  70.2   2:50pm  39.7  11:51pm   11    1  0.00   4  19   2:21pm   S 29.85   53
15   51.8  68.8   3:57pm  34.1   5:50am   14    0  0.00   3  17   3:34pm SSE 30.04   52
16   60.5  75.4   3:38pm  46.0   4:45am    7    2  0.00   3  21   5:03pm SSE 29.94   72
17   62.9  73.9   3:46pm  47.2  11:58pm    4    2  0.00   4  20  10:25am   N 29.98   53
18   60.5  81.6   4:02pm  37.6   6:09am    9    5  0.00   3  18   2:40pm   S 29.92   60
19   65.0  68.8   5:46pm  60.6   4:30am    1    1  0.00   4  21  11:31pm   S 29.75   87
20   62.1  71.4  11:04am  39.2  11:57pm    4    1  0.00   6  26   1:18am SSW 29.78   60
21   50.3  67.9   2:59pm  31.9   5:31am   15    0  0.00   2  18  12:11pm SSE 30.05   48
22   62.0  75.1   3:09pm  48.8   7:02am    5    2  0.00   5  21   3:09pm   S 29.88   49
23   58.6  70.0   1:03pm  45.0  11:58pm    7    0  0.00   5  19   4:03pm   N 29.93   74
24   47.7  55.9   3:36pm  38.3   7:12am   17    0  0.00   1   8  10:17am   N 30.08   74
25   48.3  51.8  12:00am  42.3   9:48pm   17    0  0.01   4  19  11:44pm   N 30.07   76
26   36.3  42.7   3:55pm  29.6   8:03am   29    0  0.00   5  23   3:50am   N 30.22   53
27   40.9  58.3   3:48pm  23.1   6:55am   24    0  0.00   2  12  10:54pm SSE 30.04   55
28   58.1  79.6   3:47pm  42.7   6:56am    9    3  0.00   5  24  10:21am SSE 29.72   58
---------------------------------------------------------------------------------------
TOT  45.6  81.6  2/18/14  15.8   2/6/14  559   18  0.54   3  22  2/20/14   N 30.05   71

HEAT BASE: 65.0
COOL BASE: 65.0


</pre>