NOAA-Style Climate Reports


Report for 2014 March
<pre>
                  MONTHLY CLIMATOLOGICAL SUMMARY FOR 3/2014
                                        HEAT  COOL        
     MEAN                               DEG   DEG       WIND SPEED       DOM MEAN  MEAN
DAY  TEMP  HIGH   TIME     LOW   TIME   DAYS  DAYS RAIN AVG  HI  TIME    DIR BAROM HUM
---------------------------------------------------------------------------------------
1    64.9  83.0   2:44pm  50.1   3:18am    5    4  0.00   3  15   4:59pm SSE 29.86   77
2    28.7  59.6  12:00am  19.1   7:54pm   36    0  0.00   6  24   2:36am   N 30.13   85
3    23.6  32.5   2:59pm  15.4   7:18am   41    0  0.02   4  17  12:47am   N 30.40   70
4    36.4  53.1   4:16pm  24.3   5:13am   29    0  0.06   1  11   9:20pm  SE 30.16   66
5    44.9  60.2   3:47pm  32.7   7:23am   20    0  0.02   2  11   9:05am  NE 30.06   65
6    44.6  55.7   4:43pm  37.7  11:57pm   20    0  0.00   2  13  12:09am   N 30.14   77
7    52.1  67.8   4:13pm  36.8  12:22am   13    0  0.00   4  19   4:34pm SSE 29.91   67
8    47.9  56.5  12:00am  38.0  11:54pm   17    0  0.03   4  18  12:39pm SSE 30.06   83
9    48.2  63.9   4:40pm  37.0   1:36am   16    0  0.00   2  11   1:37am NNW 30.25   71
10   60.6  79.7   4:50pm  44.4   7:45am    8    4  0.00   2  13   3:06pm   S 30.00   63
11   67.8  82.2   5:13pm  56.4   8:08am    2    5  0.00   5  21  10:08pm   S 29.62   67
12   52.8  62.6   4:53pm  40.7  11:58pm   12    0  0.00   6  23   1:30am   N 30.12   44
13   51.7  70.6   3:43pm  31.3   7:15am   14    1  0.00   2  17  11:41pm   S 30.19   47
14   60.9  74.7   4:50pm  48.4   7:54am    6    2  0.00   5  20  10:55am   S 29.97   60
15   61.5  68.8   3:18pm  53.3  11:55pm    4    0  1.94   3  16   6:34pm SSE 29.80   87
16   46.7  55.0   4:13am  40.9   5:53pm   18    0  0.00   6  25   7:10pm NNW 29.91   81
17   48.1  63.7   5:11pm  35.1   7:52am   17    0  0.00   2  15  11:43pm NNW 29.89   56
18   64.0  82.7   4:40pm  49.4   7:40am    6    5  0.00   7  23   9:47am   S 29.61   45
19   54.9  66.2   5:07pm  43.8   8:23am   10    0  0.00   3  16  12:23am   N 30.08   48
20   56.3  74.8   5:08pm  35.8   7:46am   11    2  0.00   2  14   5:58pm   S 30.10   50
21   66.9  82.3   3:30pm  54.4   8:01am    4    6  0.00   4  22   1:37pm   S 29.84   56
22   58.5  68.1  12:21am  49.9   7:31pm    7    0  0.00   4  16   5:07pm   N 29.96   66
23   51.4  59.2   5:12pm  45.1   9:42am   14    0  0.00   6  21   4:01am   N 30.23   50
24   53.2  68.2   5:12pm  36.5   7:49am   12    0  0.00   1  10   9:38am   N 30.12   53
25   52.1  65.2   5:05pm  38.4   7:04am   13    0  0.00   3  15  10:03am   N 30.26   48
26   52.1  59.5   7:13pm  45.4   7:11am   13    0  0.15   5  19   7:00pm SSE 30.04   64
27   66.8  80.9   5:09pm  56.6  12:00am    3    5  0.02   6  22  11:38am   S 29.72   81
28   66.0  76.8   1:34pm  52.4  11:57pm    1    2  0.03   3  17   2:09pm   S 29.77   82
29   58.7  76.6   5:33pm  43.7   7:48am    9    3  0.00   2  16  12:21am   N 30.16   55
30   65.5  79.4   3:14pm  51.9   4:57am    4    5  0.00   4  21   3:35pm SSE 30.06   42
31   68.0  81.8   5:21pm  57.4   4:47am    2    5  0.00   7  24   5:12am   S 29.83   65
---------------------------------------------------------------------------------------
TOT  54.0  83.0   3/1/14  15.4   3/3/14  388   50  2.27   4  23  3/31/14   S 30.01   64

HEAT BASE: 65.0
COOL BASE: 65.0


</pre>