NOAA-Style Climate Reports


Report for 2014 April
<pre>
                  MONTHLY CLIMATOLOGICAL SUMMARY FOR 4/2014
                                        HEAT  COOL        
     MEAN                               DEG   DEG       WIND SPEED       DOM MEAN  MEAN
DAY  TEMP  HIGH   TIME     LOW   TIME   DAYS  DAYS RAIN AVG  HI  TIME    DIR BAROM HUM
---------------------------------------------------------------------------------------
1    73.0  84.5   4:14pm  64.8   3:38am    0    8  0.00   5  18  12:09am   S 29.84   72
2    74.7  82.2   4:44pm  68.0   6:02am    0   10  0.01   6  23   6:15pm   S 29.71   79
3    74.1  86.0   4:28pm  59.2  11:59pm    0    9  1.31   6  28   7:40pm   S 29.63   79
4    55.8  67.6   5:13pm  44.1   7:30am    9    0  0.00   4  19  11:34am   N 30.05   53
5    52.4  58.3   4:58pm  48.2   2:27am   13    0  0.00   2  12   9:46am ENE 30.03   61
6    49.0  51.5   2:50pm  45.8   8:30am   16    0  0.80   2  13   5:30pm  NE 29.84   90
7    55.2  69.8   6:16pm  47.0   5:40am   10    0  0.04   2  23   7:20pm  NW 29.85   81
8    58.0  70.5   5:31pm  48.2   7:36am    8    1  0.00   3  24   3:19pm  NW 30.05   58
9    63.6  82.3   4:50pm  43.2   7:19am    7    6  0.00   4  16   2:08pm   S 30.08   55
10   72.3  84.5   4:12pm  60.1   7:04am    1    8  0.00   8  25   4:43pm   S 29.86   55
11   72.1  84.0   4:58pm  61.6   5:47am    1    8  0.00   5  19   2:03am   S 29.87   68
12   73.7  84.0   4:21pm  65.6   4:30am    0    9  0.00   7  23   3:44pm   S 29.79   68
13   70.6  79.2   5:30pm  64.2  11:59pm    0    5  0.23   7  25   1:49am   S 29.63   83
14   48.8  64.2  12:00am  43.4  11:34pm   16    0  0.00   6  23   2:34pm   N 29.98   69
15   49.7  65.8   4:06pm  31.6   7:04am   15    0  0.00   1  10  11:13am SSW 30.22   49
16   57.1  69.2   4:01pm  45.7   6:07am    9    1  0.01   5  21   1:28pm SSE 30.01   50
17   57.2  63.9  12:36pm  51.1   6:42am    8    0  0.05   2  10  12:00am  SE 30.09   80
18   65.5  79.6   5:32pm  55.6   6:43am    4    4  0.00   1  10   3:38pm ENE 30.14   65
19   68.3  80.0   3:53pm  58.6   7:07am    2    5  0.00   2  12  10:17am  SE 30.08   61
20   68.4  81.1   2:05pm  61.4   8:42pm    1    4  0.51   3  16   3:50pm SSE 30.04   70
21   70.3  84.3   5:58pm  61.9  12:00am    1    6  0.06   3  13   8:07am   S 29.93   80
22   71.1  84.3   4:52pm  58.5   7:11am    1    8  0.00   1  12   8:46am   N 29.94   70
23   74.6  87.6   3:25pm  61.4   4:10am    1   10  0.01   4  17   5:21pm SSE 29.79   62
24   73.7  82.3   5:18pm  64.1  11:40pm    0    9  0.00   5  22   8:04am   S 29.74   61
25   71.3  85.5   4:58pm  57.1   7:06am    1    8  0.00   3  14  10:36am  SE 29.90   38
26   74.3  84.4   3:47pm  63.6   7:04am    0    9  0.00   6  20   3:30pm SSE 29.69   64
27   79.5  91.1   4:14pm  72.1   2:10am    0   15  0.01   6  23  12:39am SSW 29.43   58
28   73.0  83.7   5:49pm  62.4   7:35am    0    8  0.00   2  13   9:30am SSW 29.55   35
29   65.6  74.8   2:54pm  54.4  11:58pm    2    3  0.00   4  19   5:50pm  NW 29.76   42
30   57.5  68.1   5:26pm  47.7   7:07am    8    0  0.00   4  21   9:24am  NW 30.05   50
---------------------------------------------------------------------------------------
TOT  65.7  91.1  4/27/14  31.6  4/15/14  133  154  3.05   4  25  4/10/14   S 29.89   64

HEAT BASE: 65.0
COOL BASE: 65.0


</pre>