NOAA-Style Climate Reports


Report for 2014 May
<pre>
                  MONTHLY CLIMATOLOGICAL SUMMARY FOR 5/2014
                                        HEAT  COOL        
     MEAN                               DEG   DEG       WIND SPEED       DOM MEAN  MEAN
DAY  TEMP  HIGH   TIME     LOW   TIME   DAYS  DAYS RAIN AVG  HI  TIME    DIR BAROM HUM
---------------------------------------------------------------------------------------
1    59.0  74.7   4:32pm  41.8   5:23am    9    3  0.00   1  15   1:20pm  NW 30.07   53
2    66.4  81.8   5:36pm  51.8   6:09am    4    6  0.00   1  11   1:21pm   W 29.94   40
3    70.7  92.2   5:19pm  47.2   7:14am    5   11  0.00   1   9   6:32pm   S 29.94   43
4    79.7  94.9   3:30pm  65.0   7:03am    0   15  0.00   5  20   3:22pm   S 29.89   32
5    77.6  91.1   3:45pm  63.7   7:05am    0   13  0.00   6  19  11:35pm   S 29.78   45
6    77.4  88.8   4:01pm  65.2   6:45am    0   12  0.00   8  22   6:28pm   S 29.67   61
7    75.8  83.6   4:21pm  69.3   6:32am    0   11  0.01   8  22  12:40am   S 29.71   70
8    69.2  74.8   1:59am  63.8  10:19am    0    4  0.55   3  18   4:09pm SSE 29.75   90
9    76.4  88.0   3:46pm  64.5  12:34am    0   11  0.01   3  17  10:36pm   S 29.79   71
10   77.3  89.3   4:16pm  65.5   6:31am    0   12  0.00   6  19  10:46am SSE 29.77   68
11   79.3  88.1   5:06pm  72.9   5:12am    0   14  0.00   7  27  10:00pm SSE 29.69   72
12   72.2  84.4  12:16pm  58.1  10:02pm    1    9  0.88   5  25   3:40pm SSE 29.77   85
13   60.4  68.7   5:19pm  54.0   7:25am    5    1  0.05   5  18   6:16am   N 30.10   70
14   61.3  73.2   4:59pm  52.1   7:31am    5    2  0.31   3  20   1:37pm   N 30.19   64
15   66.7  83.1   4:24pm  51.3   6:37am    5    6  0.00   3  13   9:33am SSW 30.12   53
16   71.6  87.5   5:14pm  56.9   6:36am    2    8  0.00   3  16  11:23pm SSE 29.97   51
17   74.1  86.0   4:24pm  57.5   7:05am    1   10  0.00   2  16   2:08am   S 29.89   51
18   74.1  85.3   3:47pm  63.9   6:18am    0    9  0.00   4  17   3:35pm SSE 29.97   66
19   76.1  87.3   4:49pm  65.3   6:51am    0   11  0.00   7  24   3:16pm   S 29.89   63
20   78.6  88.7   3:37pm  69.3   6:37am    0   14  0.00   8  24   4:12pm   S 29.90   62
21   78.7  89.1   3:51pm  69.4   5:19am    0   14  0.00   6  21  10:41am   S 29.95   63
22   78.4  88.5   2:14pm  68.1   6:58am    0   13  0.00   4  16  11:51am   S 29.99   67
23   76.9  82.6   2:40pm  71.6   6:55am    0   12  0.00   3  14   8:41am SSE 29.98   71
24   78.7  87.4   3:28pm  72.2   7:18am    0   14  0.00   4  15  11:16pm SSE 29.93   68
25   76.0  87.2   2:35pm  68.6   4:20pm    0   11  0.36   3  26   3:50pm   S 29.91   78
26   74.0  82.5   5:33pm  69.5   5:07am    0    9  0.02   3  15   5:31pm SSE 29.92   82
27   72.0  81.9   2:45pm  65.9   7:08am    0    7  0.22   2  11   2:48pm SSW 29.85   82
28   74.2  85.0   6:50pm  62.9   7:16am    0    9  0.00   2  11  11:48am   N 29.84   74
29   78.1  90.2   6:09pm  65.4   6:09am    0   13  0.00   2  11   3:27pm   N 29.81   69
30   77.2  88.1   5:05pm  67.5   5:51am    0   12  0.00   2  18   6:11pm   N 29.80   73
31   77.6  90.6   4:42pm  69.8   4:56am    0   12  0.00   1  11  12:56pm ENE 29.85   79
---------------------------------------------------------------------------------------
TOT  73.7  94.9   5/4/14  41.8   5/1/14   37  307  2.41   4  23  5/20/14   S 29.89   65

HEAT BASE: 65.0
COOL BASE: 65.0


</pre>