NOAA-Style Climate Reports


Report for 2014 June
<pre>
                  MONTHLY CLIMATOLOGICAL SUMMARY FOR 6/2014
                                        HEAT  COOL        
     MEAN                               DEG   DEG       WIND SPEED       DOM MEAN  MEAN
DAY  TEMP  HIGH   TIME     LOW   TIME   DAYS  DAYS RAIN AVG  HI  TIME    DIR BAROM HUM
---------------------------------------------------------------------------------------
1    81.1  92.1   4:33pm  70.9   6:44am    0   16  0.00   3  16   6:54pm SSE 29.84   72
2    82.2  92.5   5:55pm  74.2   6:11am    0   17  0.00   4  17   5:42am SSE 29.86   69
3    83.4  92.2   3:57pm  74.4   6:32am    0   18  0.00   4  14   1:17pm SSE 29.89   69
4    84.5  93.9   4:12pm  75.2   6:24am    0   19  0.00   5  20   9:25am   S 29.76   68
5    83.4  91.9   1:39pm  74.6   6:52am    0   18  0.00   5  17   9:32am   S 29.73   70
6    83.7  93.5   5:35pm  75.7   6:23am    0   19  0.00   4  15   7:12pm   S 29.80   69
7    86.6  98.3   4:49pm  76.1   7:00am    0   22  0.00   5  18   9:48am   S 29.81   61
8    81.2  90.6   7:01pm  70.2   9:58am    0   16  0.11   2  16   7:15am SSW 29.79   71
9    73.1  82.3   6:20pm  63.7   8:40am    0    8  0.97   4  28   5:25am SSW 29.71   81
10   75.2  86.1   5:34pm  65.2   6:21am    0   10  0.00   3  14   9:38am   W 29.75   64
11   79.9  96.3   5:38pm  63.1   6:30am    0   15  0.00   3  12   5:04pm SSE 29.77   64
12   78.1  86.4   4:22pm  69.7   8:52am    0   13  0.23   3  23   9:18am SSE 29.80   76
13   80.7  91.0   6:14pm  70.3   6:40am    0   16  0.00   2  10   8:35am   N 29.89   69
14   82.8  92.7   4:40pm  74.3   6:34am    0   18  0.00   5  20   7:13pm SSE 29.79   70
15   84.1  93.4   4:41pm  75.5   6:25am    0   19  0.00   6  20   1:42pm   S 29.78   68
16   84.9  95.2   5:01pm  76.1   6:37am    0   20  0.00   6  20  12:10pm   S 29.88   67
17   85.4  95.4   4:08pm  77.1   5:31am    0   20  0.00   6  21  10:57am   S 29.87   66
18   83.9  96.7   3:26pm  76.6   5:19am    0   19  0.00   6  27   6:48pm   S 29.87   68
19   83.0  93.3   3:37pm  75.9   6:01am    0   18  0.00   4  19   4:31am   S 29.93   71
20   85.2  97.1   6:11pm  75.4   6:15am    0   20  0.00   2  12   9:46am SSE 29.97   63
21   84.0  92.3   3:17pm  77.4   4:40am    0   19  0.00   2  11  12:49pm SSW 29.90   64
22   75.7  82.5   6:27pm  69.7  10:56am    0   11  0.21   2  14   8:05am SSE 29.84   85
23   77.5  89.4   6:17pm  67.5   8:23am    0   12  0.64   2  21   6:48am SSE 29.83   78
24   78.8  95.8   3:15pm  70.3   6:42pm    0   14  0.35   1  18   5:42pm   S 29.94   77
25   74.7  86.6   1:10pm  69.9   1:37am    0   10  1.03   2  14   3:26pm SSE 29.95   91
26   79.7  91.4   4:04pm  70.4   5:56am    0   15  0.00   4  16  11:21am SSE 29.88   79
27   81.1  92.2   5:02pm  73.0   4:18am    0   16  0.00   6  22   8:22pm   S 29.78   76
28   82.5  89.9   4:50pm  76.6   6:12am    0   17  0.00   6  20   1:09pm SSE 29.80   76
29   86.1  94.7   5:13pm  78.4   6:36am    0   21  0.00   6  21   7:49pm   S 29.88   69
30   85.9  96.4   4:37pm  75.8   6:44am    0   20  0.00   6  23   3:00pm   S 29.83   65
---------------------------------------------------------------------------------------
TOT  81.6  98.2   6/7/14  63.1  6/11/14    0  498  3.54   4  25  6/18/14   S 29.84   71

HEAT BASE: 65.0
COOL BASE: 65.0


</pre>