NOAA-Style Climate Reports


Report for 2014 July
<pre>
                  MONTHLY CLIMATOLOGICAL SUMMARY FOR 7/2014
                                        HEAT  COOL        
     MEAN                               DEG   DEG       WIND SPEED       DOM MEAN  MEAN
DAY  TEMP  HIGH   TIME     LOW   TIME   DAYS  DAYS RAIN AVG  HI  TIME    DIR BAROM HUM
---------------------------------------------------------------------------------------
1    85.5  97.1   5:07pm  74.9   6:47am    0   20  0.00   4  19   1:01am   S 29.85   66
2    84.2  95.3   4:14pm  76.7   9:44am    0   19  0.00   2  15   9:34am NNE 29.95   64
3    77.8  89.1   6:39pm  68.0   5:04am    0   13  0.70   2  19   3:29am   N 30.07   73
4    82.8  95.1   3:58pm  72.4   6:39am    0   18  0.00   2  12  11:15pm SSE 30.10   68
5    83.7  96.1   5:46pm  74.1   6:34am    0   19  0.00   3  12   7:56am SSE 30.06   69
6    84.9  97.0   5:18pm  74.2   6:34am    0   20  0.00   3  12  11:28am   S 29.94   64
7    86.7  99.6   3:32pm  75.8   6:40am    0   22  0.00   3  16   3:44pm   S 29.87   61
8    88.2 101.1   5:56pm  77.7   6:44am    0   23  0.00   3  13  11:50am   S 29.89   58
9    87.7  98.3   3:28pm  77.4   6:54am    0   23  0.00   2   9   1:17am   S 29.91   56
10   88.2  99.8   5:38pm  77.3   7:11am    0   23  0.00   3  15   4:25pm   S 29.91   52
11   87.2  98.7   5:17pm  76.4   6:30am    0   22  0.00   4  16  10:41am   S 30.00   52
12   88.1 100.9   3:49pm  73.7   6:50am    0   23  0.00   3  17   5:23pm SSE 30.03   51
13   89.3 104.9   6:04pm  75.6   5:55am    0   24  0.00   2  12  11:37am   S 29.96   53
14   85.9 103.4   2:00pm  78.4  11:54pm    0   21  0.23   3  30   2:48pm   S 29.88   61
15   82.2  92.0   4:42pm  73.8   7:01am    0   17  0.00   3  17   1:49pm   N 29.94   52
16   79.7  94.5   4:32pm  67.0   5:54am    0   15  0.00   2  12   8:13pm  NE 29.91   56
17   70.9  81.3  12:00am  66.1  11:57am    0    6  1.29   3  18   3:11am  NE 29.85   89
18   68.7  76.8   2:57pm  63.5   6:48am    0    4  0.01   2  10  10:22am   N 29.94   85
19   72.0  79.5   4:33pm  67.3   4:07am    0    7  0.00   0   8   6:48pm   E 29.97   79
20   78.7  94.5   5:51pm  65.5   5:06am    0   14  0.00   1   9  12:01pm  SE 29.93   76
21   84.9  99.0   3:51pm  73.4   6:39am    0   20  0.00   2  10   5:30pm  SE 29.93   72
22   87.1  98.6   4:50pm  76.4   6:43am    0   22  0.00   2   9   2:48am  SE 29.97   67
23   84.7  98.1   4:11pm  72.6   6:48am    0   20  0.00   1  15   8:23pm   E 29.99   68
24   84.4  98.2   6:07pm  73.0   7:09am    0   19  0.00   1   8   3:03pm  SE 29.94   65
25   88.0 103.3   5:50pm  74.1   6:50am    0   23  0.00   2  14   9:40pm  SE 29.89   62
26   90.4 103.3   5:14pm  78.8   7:05am    0   25  0.00   5  16   3:53pm   S 29.87   56
27   91.8 106.1   6:30pm  79.9   6:57am    0   27  0.00   4  14   1:02am   S 29.90   53
28   85.5  92.5   2:15pm  76.7  11:57pm    0   21  0.00   3  22   3:01pm   N 30.01   58
29   78.7  86.8   1:11pm  71.8   6:12am    0   14  0.00   1   9   1:42pm  NE 30.04   62
30   79.0  89.6   6:10pm  71.3   1:48am    0   14  0.16   2  15  11:26pm SSE 29.93   75
31   72.0  81.1  12:03am  69.5  10:39pm    0    7  3.24   3  25  12:40am   N 29.91   93
---------------------------------------------------------------------------------------
TOT  83.2 106.1  7/27/14  63.5  7/18/14    0  564  5.63   2  25  7/31/14   S 29.95   65

HEAT BASE: 65.0
COOL BASE: 65.0


</pre>