NOAA-Style Climate Reports


Report for 2014 August
<pre>
                  MONTHLY CLIMATOLOGICAL SUMMARY FOR 8/2014
                                        HEAT  COOL        
     MEAN                               DEG   DEG       WIND SPEED       DOM MEAN  MEAN
DAY  TEMP  HIGH   TIME     LOW   TIME   DAYS  DAYS RAIN AVG  HI  TIME    DIR BAROM HUM
---------------------------------------------------------------------------------------
1    73.1  81.5   3:23pm  68.5   7:16am    0    8  0.00   2  13   4:08pm   N 29.98   84
2    77.4  91.0   6:00pm  66.1   6:53am    0   12  0.00   1  10  12:31pm  NE 30.01   74
3    81.4  93.4   5:20pm  70.0   6:52am    0   16  0.00   1  11  12:15pm  NE 29.99   67
4    82.7  95.2   5:05pm  71.4   7:00am    0   18  0.00   1  10   6:15pm   E 29.98   66
5    83.7  98.9   4:24pm  72.9   4:15am    0   19  0.14   1  18   9:11pm  SE 29.97   68
6    87.6 100.0   4:32pm  76.9   6:30am    0   23  0.01   4  14   1:56pm SSE 29.90   64
7    88.7 101.8   5:37pm  78.1   7:15am    0   24  0.00   3  14  10:14pm   S 29.80   60
8    89.5 105.1   5:28pm  80.4   6:45am    0   25  0.07   3  16  10:38am   S 29.80   60
9    89.2 104.1   4:28pm  77.3   7:20am    0   24  0.00   2  13   8:33pm  SE 29.86   60
10   88.8 103.9   5:20pm  79.5   3:23am    0   24  0.00   2  11  11:54am   S 29.89   60
11   85.6  96.2   4:03pm  76.9   6:39am    0   21  0.00   2  14   2:14pm   N 29.95   59
12   83.3  93.3   4:38pm  74.0   7:36am    0   18  0.00   3  15   3:15pm   N 29.98   56
13   81.9  97.0   5:31pm  67.6   7:27am    0   17  0.00   1  10   1:08pm  NE 29.99   52
14   83.4  96.8   5:11pm  70.3   7:02am    0   18  0.00   2  10   6:34pm SSE 29.95   56
15   86.5 100.6   4:24pm  74.2   6:29am    0   22  0.00   3  12  12:39pm SSE 29.87   56
16   85.7 104.6   3:15pm  77.2   6:24pm    0   21  0.12   3  21   5:07pm   S 29.82   65
17   80.4  92.1   6:02pm  71.9  10:36am    0   15  0.30   2  18   9:27am   S 29.86   78
18   84.2  96.9   4:56pm  73.0   4:53am    0   19  0.00   2  14  11:56am SSW 29.84   73
19   86.8  97.3   3:58pm  76.3   7:08am    0   22  0.00   3  15   9:48pm   S 29.81   61
20   87.6  99.4   5:22pm  79.5   7:32am    0   23  0.00   5  21  11:15am   S 29.84   61
21   88.4 100.7   4:44pm  78.3   7:08am    0   23  0.00   5  18  11:40am   S 29.90   61
22   90.1 102.3   5:19pm  79.4   7:18am    0   25  0.00   5  15   1:13am   S 29.91   55
23   89.9 102.8   4:17pm  77.7   7:24am    0   25  0.00   4  14   1:57pm   S 29.87   50
24   90.2 103.5   4:25pm  78.5   7:13am    0   25  0.00   3  12   3:24pm   S 29.83   53
25   90.7 104.1   4:18pm  77.0   7:05am    0   26  0.00   2   8   4:06am SSE 29.85   53
26   88.9  99.2   5:17pm  78.3   7:27am    0   24  0.00   1  12   5:06pm  SE 29.91   58
27   86.6  98.5   4:19pm  75.8   7:19am    0   22  0.00   1  10   4:24pm  SE 29.94   60
28   85.9 100.3   4:01pm  73.6   5:32am    0   21  0.00   2  13  10:25pm SSE 29.85   57
29   81.0  95.3   5:14pm  70.2   7:17am    0   16  0.07   1  15   1:54am SSW 29.83   70
30   85.2  98.1   5:21pm  74.4   7:24am    0   20  0.00   2   9  12:00am   S 29.85   67
31   86.5  97.9   3:55pm  75.8   6:40am    0   21  0.00   4  16   9:34pm SSE 29.84   65
---------------------------------------------------------------------------------------
TOT  85.5 105.1   8/8/14  66.1   8/2/14    0  635  0.71   3  21  8/16/14   S 29.89   62

HEAT BASE: 65.0
COOL BASE: 65.0


</pre>