NOAA-Style Climate Reports


Report for 2014 September
<pre>
                  MONTHLY CLIMATOLOGICAL SUMMARY FOR 9/2014
                                        HEAT  COOL        
     MEAN                               DEG   DEG       WIND SPEED       DOM MEAN  MEAN
DAY  TEMP  HIGH   TIME     LOW   TIME   DAYS  DAYS RAIN AVG  HI  TIME    DIR BAROM HUM
---------------------------------------------------------------------------------------
1    86.8  97.3   4:52pm  76.7   6:54am    0   22  0.00   6  18   5:00pm   S 29.80   63
2    88.1 100.5   4:16pm  78.2   7:26am    0   23  0.00   5  18   9:14am   S 29.84   62
3    87.5  99.1   3:54pm  77.4   7:16am    0   22  0.01   4  18   4:22pm   S 29.87   63
4    87.4  98.9   4:39pm  78.3   7:35am    0   22  0.00   4  15  12:34pm   S 29.91   61
5    87.2 100.7   5:04pm  75.4   7:24am    0   22  0.00   2  12  12:04pm   S 29.96   59
6    83.4  96.5   2:58pm  72.9  11:56pm    0   18  0.00   3  18   5:27pm   N 29.97   66
7    77.6  88.0   5:28pm  70.3   5:34am    0   13  0.00   2  12   1:40am   N 29.99   75
8    83.3  96.9   5:30pm  72.1   7:05am    0   18  0.00   2  11   3:13pm SSE 29.92   69
9    88.3 100.8   4:33pm  77.4   7:20am    0   23  0.00   4  19   1:22pm   S 29.82   58
10   90.0 103.3   3:52pm  79.1   7:20am    0   25  0.00   5  18   3:23am   S 29.70   56
11   78.4  84.7   3:01pm  71.0  11:59pm    0   13  0.00   3  14   3:45pm   N 29.86   78
12   65.7  71.1  12:00am  59.4   9:36pm    2    2  0.13   4  20  11:09pm   N 30.04   91
13   62.4  70.4   5:31pm  54.9   7:00am    4    1  0.00   4  18   4:11am   N 30.19   79
14   69.9  81.1   4:19pm  62.5   1:24am    1    6  0.00   1   7   4:39am ESE 30.14   78
15   78.2  88.4   3:28pm  70.0  12:00am    0   13  0.00   0   9  12:14pm SSW 30.06   73
16   82.9  92.8   3:30pm  74.5   7:14am    0   18  0.00   1   7   4:00pm SSE 29.99   69
17   83.1  97.3   3:45pm  73.6   7:13am    0   18  0.00   1  11   5:37pm   S 29.86   69
18   79.5  87.7  11:51am  73.5   7:22am    0   15  0.01   1  15  12:21am SSE 29.82   78
19   78.7  91.6   4:04pm  67.9   6:33am    0   14  0.00   2  12  11:43am SSE 29.87   73
20   82.0  93.8   4:54pm  72.3   7:14am    0   17  0.00   2  12  10:35am SSE 29.90   67
21   81.6  96.8   5:00pm  67.5   7:21am    0   17  0.00   1  11  11:17pm  NE 29.98   63
22   78.2  89.7   4:46pm  68.7  11:54pm    0   13  0.00   3  14   4:47pm NNE 30.08   49
23   72.7  87.4   4:52pm  58.9   6:38am    1    9  0.00   1  10  10:07am   E 30.08   55
24   73.7  89.8   4:24pm  58.0   7:53am    1   10  0.00   1  10  10:56am   E 30.08   50
25   74.5  89.3   4:05pm  59.2   7:35am    1   10  0.00   1  14   2:35pm ESE 30.09   58
26   76.4  90.1   4:57pm  63.4   7:58am    0   12  0.00   1  10   1:31pm ENE 30.03   59
27   76.9  89.9   3:55pm  65.3   6:48am    0   12  0.00   1  13   2:18pm   E 29.98   61
28   76.4  89.7   2:15pm  64.6   7:16am    0   11  0.00   1  11   1:56pm NNE 29.96   66
29   76.6  90.7   3:54pm  63.5   7:14am    0   12  0.00   1  11   3:03pm   E 29.91   65
30   79.8  92.3   5:04pm  68.7   7:27am    0   14  0.00   2  11   4:48pm SSE 29.78   67
---------------------------------------------------------------------------------------
TOT  79.6 103.3  9/10/14  54.9  9/13/14    9  446  0.15   2  19  9/12/14 SSE 29.95   66

HEAT BASE: 65.0
COOL BASE: 65.0


</pre>