NOAA-Style Climate Reports


Report for 2014 October
<pre>
                  MONTHLY CLIMATOLOGICAL SUMMARY FOR 10/2014
                                        HEAT  COOL        
     MEAN                               DEG   DEG       WIND SPEED       DOM MEAN  MEAN
DAY  TEMP  HIGH   TIME     LOW   TIME   DAYS  DAYS RAIN AVG  HI  TIME    DIR BAROM HUM
---------------------------------------------------------------------------------------
1    82.6  94.0   3:57pm  73.0   7:44am    0   18  0.00   4  15   4:51pm SSE 29.70   68
2    78.8  93.2   2:42pm  67.8  11:58pm    0   14  0.81   4  21   1:31pm   S 29.72   75
3    67.2  81.1   3:12pm  55.1   6:10am    3    5  0.00   2  16   3:13pm   N 30.06   63
4    64.0  80.7   4:34pm  46.6   6:58am    5    4  0.00   2  11  10:53pm   S 30.08   48
5    72.7  87.0   4:21pm  59.1   7:12am    1    9  0.00   4  14   9:14am   S 29.83   59
6    76.0  86.1   4:28pm  64.9   9:00am    0   11  0.27   4  18   7:43am   S 29.79   72
7    81.3  97.5   4:48pm  68.5   7:10am    0   16  0.00   4  16  11:11am   S 29.80   66
8    80.3  88.4   3:46pm  72.3   8:04am    0   15  0.01   4  15   9:53pm   S 29.90   71
9    81.0  91.9   2:38pm  73.9   5:57am    0   16  0.00   5  16  11:07am SSE 29.85   73
10   80.5  93.0   4:21pm  62.8  10:50pm    0   16  0.49   4  25  10:26pm   S 29.81   68
11   59.1  64.5   1:16am  56.2  11:32am    6    0  0.19   2  13   3:54am  NW 29.99   89
12   64.6  74.9   4:55pm  53.7   7:40am    3    3  0.00   3  19   6:48pm   S 29.82   81
13   62.2  73.4  12:52am  57.1  11:16pm    4    1  1.41   4  27  12:32pm WNW 29.70   84
14   62.4  76.2   4:00pm  52.5   7:30am    5    3  0.00   2  20   1:51pm WNW 29.99   56
15   65.0  85.4   4:44pm  48.4   6:38am    5    5  0.00   0   6  10:35am  SW 29.99   62
16   72.4  89.9   3:17pm  57.1   8:02am    2    9  0.00   3  16   3:59pm   S 29.82   50
17   73.6  87.0   3:43pm  61.6   8:01am    0    9  0.00   3  11  12:00am SSW 29.82   55
18   69.8  81.0   3:38pm  61.5   7:54am    1    5  0.00   2  13  10:25am NNE 30.00   61
19   66.1  79.5   4:06pm  56.2   4:42am    3    4  0.00   1  13   9:55am  SE 30.06   70
20   69.9  85.7   4:29pm  56.2   7:15am    2    7  0.00   1   9  10:27am  SW 29.99   69
21   70.3  84.0   4:12pm  56.2   7:46am    2    7  0.00   1  10   1:45pm  SE 30.00   71
22   71.2  82.9   3:18pm  60.8   5:30am    1    7  0.00   1  12  11:54am  SE 30.04   72
23   70.5  82.4   4:16pm  63.4   7:50am    0    6  0.00   1   9  12:27pm  SE 30.05   64
24   72.1  86.0   3:52pm  61.4   4:44am    1    8  0.00   3  13   4:40pm SSE 30.05   67
25   75.7  90.3   4:19pm  65.3   7:37am    0   11  0.00   2  11   9:07am   S 30.02   64
26   76.4  88.1   3:02pm  66.6   8:12am    0   11  0.00   4  19   3:28pm   S 29.88   60
27   74.8  84.8   3:36pm  66.2   7:17am    0   10  0.00   7  22  12:35pm   S 29.76   63
28   71.4  79.5   4:16pm  63.4  11:58pm    0    6  0.00   3  18   2:38am   N 29.92   67
29   64.2  78.9   3:34pm  51.1   8:09am    4    3  0.00   2  10   3:00pm   N 30.11   57
30   63.9  80.3   3:26pm  54.6   1:54am    4    3  0.04   1  12  12:52pm SSE 30.07   68
31   57.0  65.5   4:03pm  49.3   7:31am    8    0  0.01   3  19   1:17pm   N 30.24   63
---------------------------------------------------------------------------------------
TOT  70.9  97.5  10/7/14  46.6  10/4/14   59  241  3.23   3  22 10/10/14   S 29.93   66

HEAT BASE: 65.0
COOL BASE: 65.0


</pre>