NOAA-Style Climate Reports


Report for 2014 November
<pre>
                  MONTHLY CLIMATOLOGICAL SUMMARY FOR 11/2014
                                        HEAT  COOL        
     MEAN                               DEG   DEG       WIND SPEED       DOM MEAN  MEAN
DAY  TEMP  HIGH   TIME     LOW   TIME   DAYS  DAYS RAIN AVG  HI  TIME    DIR BAROM HUM
---------------------------------------------------------------------------------------
1    49.1  62.2   3:49pm  36.8   7:52am   16    0  0.00   2  14  10:37am SSE 30.34   54
2    56.0  67.0   2:38pm  46.4   6:44am    9    0  0.00   5  17   4:33pm SSE 30.21   57
3    65.7  76.7   1:20pm  55.4   3:07am    3    4  0.00   6  18   1:39pm SSE 30.08   71
4    59.7  68.5  12:20am  51.5  11:34pm    6    1  1.15   3  20   8:09am   N 30.09   92
5    53.6  57.9   4:49pm  50.4   6:02am   11    0  0.19   1  10   5:26am   N 30.17   94
6    55.2  72.2   2:38pm  41.9   7:06am   11    1  0.00   2  15   1:09pm   N 30.27   71
7    53.9  69.0   2:44pm  38.9   6:03am   12    0  0.00   2  13   8:50am   S 30.14   65
8    57.0  70.3   3:07pm  43.5  11:57pm    9    1  0.00   3  22  11:03am   N 30.05   60
9    55.2  73.0   2:41pm  37.1   6:14am   11    1  0.00   2  15   2:45pm   S 29.98   63
10   66.5  79.5   2:17pm  55.2   3:11am    3    5  0.00   7  24  11:07am   S 29.65   59
11   44.9  66.8  12:00am  36.9  11:55pm   20    0  0.00   5  20  12:13am   N 30.04   60
12   34.5  39.1   1:55pm  30.4   7:11am   30    0  0.00   6  20   7:16pm   N 30.39   54
13   32.5  38.7   3:03pm  28.6  11:44pm   32    0  0.00   4  17   7:09am   N 30.53   43
14   34.2  42.0   2:41pm  25.2   4:22am   31    0  0.00   1   7  11:24am   N 30.39   53
15   41.9  47.4   9:59am  38.3   4:25am   23    0  0.02   4  20  11:51am SSE 30.14   68
16   36.7  40.8  12:03am  28.2  10:49pm   28    0  0.06   4  21   2:09pm   N 30.07   90
17   31.8  44.6   3:28pm  21.6   7:13am   33    0  0.01   2  16   2:31pm   N 30.37   66
18   39.9  57.4   2:56pm  23.3   1:16am   25    0  0.00   2  13  11:12pm SSW 30.38   54
19   49.0  64.6   2:57pm  38.1   7:11am   16    0  0.00   3  15   8:25am   S 30.17   51
20   57.5  72.1   2:45pm  42.3   1:49am    9    1  0.00   3  16   1:56pm   S 30.03   72
21   63.5  67.6   2:09pm  59.4   6:45am    2    0  0.00   4  17  11:10pm SSE 30.03   89
22   60.6  63.9   2:45pm  57.5  11:46pm    4    0  0.50   4  19   2:24am SSE 29.89   94
23   60.5  76.2   2:32pm  48.0  11:55pm    6    2  0.00   4  24   8:49pm SSE 29.52   74
24   47.8  62.2   2:39pm  36.6  11:51pm   17    0  0.00   1  11   8:37am WNW 29.98   60
25   45.9  61.4   2:42pm  33.6   7:25am   19    0  0.00   1   9   1:36pm SSW 30.18   64
26   52.3  64.6   2:30pm  42.4   7:43am   13    0  0.00   3  17  12:03pm   N 30.14   51
27   45.7  60.5   3:02pm  36.6   7:36am   19    0  0.00   1  10   1:21am   N 30.42   53
28   56.3  69.8   2:09pm  43.1   6:48am    9    1  0.00   5  21  10:33am   S 30.11   61
29   64.6  77.3   2:32pm  52.7   7:08am    4    3  0.00   7  24   2:55pm   S 29.86   67
30   69.9  79.4   2:11pm  63.0   7:16am    0    5  0.00   6  20  12:31am   S 29.90   73
---------------------------------------------------------------------------------------
TOT  51.4  79.5 11/10/14  21.6 11/17/14  433   25  1.93   3  23 11/10/14   S 30.12   66

HEAT BASE: 65.0
COOL BASE: 65.0


</pre>