NOAA-Style Climate Reports


Report for 2014 December
                  MONTHLY CLIMATOLOGICAL SUMMARY FOR 12/2014
                                        HEAT  COOL        
     MEAN                               DEG   DEG       WIND SPEED       DOM MEAN  MEAN
DAY  TEMP  HIGH   TIME     LOW   TIME   DAYS  DAYS RAIN AVG  HI  TIME    DIR BAROM HUM
---------------------------------------------------------------------------------------
1    38.1  55.5  12:00am  30.9  11:16pm   27    0  0.00   5  18  12:24am   N 30.37   62
2    38.0  48.1  11:50pm  31.2   3:33am   27    0  0.00   2  10  12:31am NNW 30.30   64
3    54.1  58.4   4:29pm  48.1  12:00am   11    0  0.00   2  13  12:51am SSE 30.13   85
4    60.4  64.8   3:31pm  56.7   4:22am    5    0  0.00   2  13   2:51pm SSE 30.07   89
5    66.4  76.5   3:22pm  56.2  11:56pm    1    3  0.05   4  16   9:50am   S 30.00   84
6    55.7  65.6   2:11pm  45.9  11:58pm    9    0  0.00   4  15   9:39am   N 30.32   79
7    49.4  54.2   1:41pm  43.8   2:11am   16    0  0.00   1   8   5:50am NNE 30.32   88
8    47.2  56.0   1:07pm  39.0  11:05pm   18    0  0.00   1   8   1:52pm NNW 30.29   89
9    44.8  56.8   3:26pm  38.8  12:18am   20    0  0.01   0   8  12:34pm NNW 30.29   94
10   49.7  58.7   3:17pm  40.4   4:45am   15    0  0.01   1   8   7:45am  SE 30.18   86
11   57.5  67.9   2:11pm  52.5   5:28am    8    0  0.01   2   9   1:17pm SSE 30.13   85
12   61.3  70.5   2:57pm  54.4   1:37am    5    1  0.02   1   9  10:51am   E 30.16   89
13   63.2  71.6   2:46pm  58.4   8:10am    3    1  0.00   4  15  12:38pm SSE 30.09   82
14   63.4  66.0   5:52pm  60.5  12:00am    2    0  0.16   5  16   4:03am   S 29.85   91
15   56.4  64.1  12:00am  49.2  11:57pm    9    0  0.03   3  16   1:40pm   W 29.91   61
16   44.7  51.6   2:12pm  38.2   7:37am   20    0  0.00   2  15  10:11am  NW 30.27   62
17   42.3  45.0   1:35pm  38.9  12:44am   23    0  0.40   1  12   2:47pm   E 30.19   81
18   45.0  49.0   3:50pm  40.5  12:06am   20    0  0.02   1   8   6:54pm ESE 30.12   94
19   46.4  48.8   1:22pm  45.0   1:35am   19    0  0.09   3  10   9:38am   N 30.16   93
20   45.4  47.1  11:43pm  43.6   9:02am   20    0  0.00   1   8   1:57am   N 30.19   92
21   49.4  52.4  11:53pm  47.1  12:00am   15    0  0.00   4  18  11:30pm SSE 29.95   88
22   55.6  64.3   2:53pm  48.5  10:51pm    9    0  0.00   4  19   2:00am   S 29.59   77
23   48.6  53.0   1:43pm  43.6  11:48pm   16    0  0.50   2  16   3:22pm   N 29.78   72
24   44.0  51.5   2:41pm  38.3  10:28pm   21    0  0.00   3  18  12:16am  NW 29.98   67
25   49.9  61.3   2:20pm  38.4   4:07am   15    0  0.00   6  24  11:47am   S 29.94   56
26   57.8  64.2   3:52pm  50.7   2:10am    7    0  0.00   4  15  12:07am SSE 29.89   87
27   41.8  62.2   1:31am  34.9  11:39pm   23    0  0.01   6  22   9:50am   N 30.16   85
28   38.0  48.1   2:48pm  32.6  11:56pm   27    0  0.00   1   9  12:24am   N 30.21   66
29   40.7  52.9   2:53pm  30.3   4:31am   24    0  0.00   1  11   8:33am SSE 30.12   75
30   41.1  46.4   1:13pm  35.1   8:37am   24    0  0.00   3  15  11:51am   N 30.43   71
31   33.1  35.5  12:00am  31.3   7:11am   31    0  0.00   4  19  12:07am   N 30.53   74
---------------------------------------------------------------------------------------
TOT  49.4  76.5  12/5/14  30.3 12/29/14  489    5  1.31   3  22 12/25/14   N 30.13   80

HEAT BASE: 65.0
COOL BASE: 65.0