NOAA-Style Climate Reports


Report for 2015 January
<pre>
                  MONTHLY CLIMATOLOGICAL SUMMARY FOR 1/2015
                                        HEAT  COOL        
     MEAN                               DEG   DEG       WIND SPEED       DOM MEAN  MEAN
DAY  TEMP  HIGH   TIME     LOW   TIME   DAYS  DAYS RAIN AVG  HI  TIME    DIR BAROM HUM
---------------------------------------------------------------------------------------
1    34.0  36.5  11:53pm  32.4   8:01am   31    0  0.60   2   8   6:15am   N 30.29   88
2    38.6  40.6  10:25pm  36.5  12:00am   26    0  0.37   2  10  10:49am   N 30.11   96
3    42.8  51.0   4:34pm  38.3   7:59am   22    0  0.23   1  12   2:50pm SSW 29.92   88
4    33.5  39.0   1:31am  26.1   8:07am   32    0  0.00   3  17   4:29am   N 30.47   69
5    34.6  46.5   2:53pm  23.4   7:42am   30    0  0.00   2  14  11:48pm   S 30.55   62
6    43.5  58.0   3:05pm  32.2   7:46am   21    0  0.00   2  17  12:04am   N 30.35   68
7    32.1  38.0  12:00am  21.5  11:52pm   33    0  0.00   8  27  12:58pm   N 30.67   57
8    27.3  38.4   2:56pm  16.4   6:47am   38    0  0.00   3  17   4:30pm SSW 30.51   52
9    32.7  39.5   2:16pm  26.2   3:17am   32    0  0.00   4  20  10:22am   N 30.50   53
10   33.6  40.5   1:52pm  29.2  12:17am   31    0  0.06   2  12   3:31pm SSE 30.44   57
11   37.8  41.8   4:15pm  33.8   5:31am   27    0  0.39   2   9  12:37am SSE 30.18   94
12   39.4  42.4  12:14pm  35.0  11:35pm   26    0  0.00   4  17   3:52pm   N 30.33   89
13   35.0  38.6   2:28pm  31.1   8:01am   30    0  0.00   3  13   2:19am   N 30.44   81
14   37.7  41.2   2:13pm  33.7   8:16am   27    0  0.00   2   8   8:30am   N 30.34   67
15   42.0  56.9   3:15pm  31.9   8:08am   23    0  0.00   1   9  10:49am NNW 30.29   62
16   45.2  63.6   3:30pm  30.3   7:23am   20    0  0.00   1  10   2:44pm   S 30.21   70
17   52.4  67.8   2:17pm  40.1  11:57pm   13    0  0.00   4  18   9:26am   S 30.02   60
18   49.6  69.9   3:23pm  30.0   7:04am   16    1  0.00   2  15   3:05pm   S 30.19   56
19   54.9  70.4   3:29pm  45.5   7:54am   11    0  0.00   2  11  12:46am   S 29.96   49
20   54.3  70.6   2:58pm  42.4   7:58am   11    1  0.00   2  12   7:06pm   N 29.94   66
21   49.3  62.9   1:57pm  37.2   7:46am   16    0  0.26   2  11  10:25am   N 30.14   68
22   41.6  46.3  12:15am  37.4   8:36am   23    0  0.90   5  18   7:11am   N 30.25   92
23   43.4  51.4   2:38pm  37.6  11:41pm   22    0  0.00   3  16   4:04pm   N 30.20   74
24   45.3  61.4   3:26pm  31.1   7:22am   20    0  0.00   1   9   3:21pm  SW 30.08   70
25   51.1  62.9   3:12pm  40.4   6:55am   14    0  0.00   3  23   2:08pm  NW 30.00   56
26   50.6  71.9   3:31pm  32.5   6:43am   15    1  0.00   1  11  12:59pm SSW 30.12   60
27   57.4  79.4   3:41pm  41.0   5:17am   10    3  0.00   0   6   2:30pm  SW 30.08   58
28   65.7  80.9   1:41pm  52.0   7:11am    4    5  0.00   4  21   2:55pm   S 30.00   49
29   57.4  67.3   1:36pm  47.6  11:59pm    8    0  0.00   4  19  10:21am   N 30.21   53
30   48.9  58.6   3:09pm  38.0   7:35am   16    0  0.00   1  10  10:24pm   N 30.39   57
31   49.1  53.4   2:03pm  46.5   4:40am   15    0  0.54   2  15   2:39pm SSE 30.09   70
---------------------------------------------------------------------------------------
TOT  43.9  80.9  1/28/15  16.4   1/8/15  664   10  3.35   2  23   1/7/15   N 30.24   68

HEAT BASE: 65.0
COOL BASE: 65.0


</pre>