NOAA-Style Climate Reports


Report for 2015 February
<pre>
                  MONTHLY CLIMATOLOGICAL SUMMARY FOR 2/2015
                                        HEAT  COOL        
     MEAN                               DEG   DEG       WIND SPEED       DOM MEAN  MEAN
DAY  TEMP  HIGH   TIME     LOW   TIME   DAYS  DAYS RAIN AVG  HI  TIME    DIR BAROM HUM
---------------------------------------------------------------------------------------
1    49.7  56.6   4:41am  32.6  11:57pm   15    0  0.11   4  24   2:47pm NNW 29.98   78
2    32.8  43.3   4:01pm  23.6   7:35am   32    0  0.00   3  22   1:13am   N 30.34   62
3    43.4  55.2   3:07pm  33.7   6:58am   22    0  0.00   3  12  12:36pm SSE 30.22   60
4    46.1  56.4   3:14pm  35.6  11:55pm   19    0  0.02   3  25   9:06pm   S 30.08   84
5    32.4  35.6  12:00am  29.3  10:31am   33    0  0.00   3  16  12:09am   N 30.40   84
6    44.6  58.4   3:11pm  30.1   2:10am   20    0  0.00   3  14  12:49pm   S 30.28   71
7    55.4  69.9   3:43pm  43.2   7:13am   10    1  0.00   6  21   1:39pm   S 29.93   73
8    61.1  75.0   4:01pm  48.6  11:58pm    6    2  0.00   3  20   1:54am   S 29.82   74
9    57.8  75.4   4:04pm  42.7   7:00am    9    2  0.00   1  13   1:20pm   N 30.04   64
10   59.8  74.1   3:56pm  47.6   7:42am    7    2  0.00   3  14  10:52am  SE 29.94   59
11   55.9  66.7   4:08pm  44.6  11:57pm    9    0  0.00   4  18   4:13pm   N 30.05   66
12   45.0  56.2   3:16pm  36.5   7:17am   20    0  0.00   5  17   2:29am   N 30.38   53
13   49.4  68.2   3:55pm  32.0   5:12am   16    0  0.00   2  13  11:41am SSW 30.25   55
14   58.0  80.0   3:10pm  39.3   7:51am   10    3  0.00   1  10   1:33pm SSW 30.14   56
15   60.5  66.7   4:42pm  46.1  11:59pm    5    0  0.01   3  18   4:31pm   S 29.95   74
16   33.9  46.0  12:00am  29.8  10:41am   31    0  0.28   5  19   5:18am   N 30.06   86
17   39.5  55.3   3:08pm  29.0   2:17am   26    0  0.09   1  19   5:00pm   N 30.21   74
18   43.9  58.3   2:55pm  29.9   7:30am   21    0  0.01   1  10   9:14pm ENE 30.29   67
19   44.9  59.0   3:24pm  32.3   6:09am   20    0  0.00   3  15   4:11pm SSE 30.24   55
20   58.5  69.2   5:04pm  47.5  12:00am    7    1  0.00   7  23  11:22pm SSE 29.82   80
21   55.7  66.7  12:00am  47.0   9:32am   10    0  0.00   4  23   1:23am   N 29.84   75
22   39.4  49.7  12:32am  28.8  11:14pm   26    0  1.31   5  23   6:57pm   N 30.21   86
23   26.5  28.8  12:00am  25.3  11:54pm   38    0  0.00   5  19   4:26am   N 30.51   89
24   29.9  35.2   4:04pm  25.1  12:33am   35    0  0.06   1   8  12:05am   N 30.23   83
25   38.2  50.7   4:18pm  32.4   7:00am   27    0  0.70   0   8   1:38pm SSW 29.89   85
26   34.1  37.1   1:56pm  30.1  11:57pm   31    0  0.01   5  22  10:54am   N 30.22   69
27   26.3  30.1  12:00am  24.3   9:54am   39    0  0.01   3  13  12:00am NNE 30.46   75
28   29.3  31.8  10:58pm  25.6  12:06am   34    0  0.01   1   8   8:50am  NE 30.37   91
---------------------------------------------------------------------------------------
TOT  44.7  80.0  2/14/15  23.6   2/2/15  577   11  2.62   3  21   2/4/15   N 30.15   72

HEAT BASE: 65.0
COOL BASE: 65.0


</pre>