NOAA-Style Climate Reports


Report for 2015 March
<pre>
                  MONTHLY CLIMATOLOGICAL SUMMARY FOR 3/2015
                                        HEAT  COOL        
     MEAN                               DEG   DEG       WIND SPEED       DOM MEAN  MEAN
DAY  TEMP  HIGH   TIME     LOW   TIME   DAYS  DAYS RAIN AVG  HI  TIME    DIR BAROM HUM
---------------------------------------------------------------------------------------
1    34.4  36.6   5:03pm  32.0  12:00am   31    0  0.21   2  13   3:04pm   N 30.34   95
2    37.9  41.8   9:49pm  33.5   7:08am   27    0  0.04   2  13  12:01am   N 30.30   95
3    47.0  52.8   5:50pm  41.4   2:53am   18    0  0.04   1   8   5:41am   S 29.93   98
4    40.6  51.9  12:00am  26.8  11:54pm   24    0  0.29   4  29   3:34pm   N 29.99   95
5    30.3  41.1   4:15pm  22.4   7:13am   35    0  0.38   1  10  12:16pm   N 30.54   76
6    37.9  55.7   4:47pm  20.4   5:55am   27    0  0.05   1   8  11:03am   S 30.53   68
7    48.1  65.9   3:34pm  26.9   7:13am   17    0  0.00   1  11   2:11pm   S 30.36   60
8    49.5  52.1   3:05pm  47.3  11:08am   15    0  0.03   3  13  12:40pm   S 30.13   78
9    48.6  49.7   6:56pm  47.6   4:53am   16    0  0.58   1   8  12:07pm   N 29.98   96
10   52.7  58.1   4:15pm  48.8   6:32am   12    0  0.01   1   9   1:16pm   N 30.00   92
11   55.1  71.7   5:20pm  43.7   7:15am   11    1  0.00   1  11   2:00pm NNE 30.18   81
12   58.1  72.5   5:38pm  49.6  12:03am    8    1  0.00   2  12  12:25pm NNE 30.10   82
13   56.5  58.5  12:00am  54.4   8:24am    8    0  0.18   2  13   2:15pm NNW 29.95   93
14   57.7  60.7  12:31pm  55.3  11:01pm    7    0  0.00   4  20   3:25pm   N 30.05   83
15   59.7  67.1   2:47pm  54.8  12:28am    6    0  0.00   1  10  12:07am   N 30.22   83
16   65.1  81.7   4:18pm  48.8   6:57am    5    5  0.00   2  11   7:01pm   S 30.14   72
17   71.5  84.4   2:45pm  62.5   7:56am    0    7  0.00   2  12   2:41pm   S 30.02   71
18   61.1  68.9   5:13pm  55.3   8:30am    4    0  0.03   1   9   5:12am   N 29.96   80
19   61.8  69.7   5:51pm  57.9   2:44am    4    1  0.02   1  11  10:53pm ENE 29.91   92
20   54.9  60.0  12:24am  52.5  10:30am   10    0  0.39   2  16   1:56am   N 30.09   96
21   56.8  63.8   2:11pm  53.1   1:09am    8    0  0.11   1   9   3:31pm NNW 30.07   90
22   58.6  73.4   6:18pm  51.4   7:40am    7    1  0.32   1  10   2:24pm NNE 29.99   84
23   64.7  79.4   4:38pm  52.3   7:56am    4    4  0.00   2  12   7:05pm SSE 30.01   74
24   71.6  85.4   4:44pm  61.2   6:33am    1    7  0.00   6  22  10:19am   S 29.84   69
25   72.9  84.9   4:58pm  64.1   4:34am    0    8  0.00   5  22  10:04pm   S 29.79   70
26   57.9  71.3  12:40am  46.1  11:58pm    8    0  0.04   4  25   2:14am   N 30.02   62
27   55.4  68.2   2:13pm  41.4   7:31am   10    0  0.00   2  16  11:48am   N 30.11   61
28   65.2  85.5   4:54pm  48.1   4:09am    6    6  0.00   3  13   9:40am   S 30.01   53
29   71.7  86.1   5:04pm  57.1   7:47am    2    8  0.00   4  25   1:14pm SSE 29.95   55
30   68.6  76.4   6:05pm  58.6   7:31am    1    5  0.00   2  10  11:51pm SSE 30.04   76
31   74.6  87.6   4:46pm  65.0   7:19am    0    9  0.00   4  16   9:51am   S 29.89   74
---------------------------------------------------------------------------------------
TOT  56.3  87.6  3/31/15  20.4   3/6/15  333   65  2.72   2  22   3/4/15   N 30.08   79

HEAT BASE: 65.0
COOL BASE: 65.0


</pre>