NOAA-Style Climate Reports


Report for 2015 April
<pre>
                  MONTHLY CLIMATOLOGICAL SUMMARY FOR 4/2015
                                        HEAT  COOL        
     MEAN                               DEG   DEG       WIND SPEED       DOM MEAN  MEAN
DAY  TEMP  HIGH   TIME     LOW   TIME   DAYS  DAYS RAIN AVG  HI  TIME    DIR BAROM HUM
---------------------------------------------------------------------------------------
1    71.9  81.1   4:04pm  66.6   6:11am    0    7  0.10   4  17   4:37pm   S 29.80   80
2    75.9  86.4   3:56pm  68.4   2:03am    0   11  0.00   8  23  11:25pm   S 29.75   77
3    68.4  74.2  12:00am  55.1  11:58pm    1    4  0.00   7  20   2:34am   N 29.95   69
4    58.9  71.7   5:00pm  46.7   7:33am    7    1  0.00   3  12   9:50am   N 30.26   50
5    56.0  60.5   4:27pm  51.2   8:13am    9    0  0.68   3  12   1:14pm SSE 29.99   86
6    71.0  85.0   5:46pm  57.1  12:00am    2    8  0.01   5  19   3:22pm SSE 29.83   82
7    75.8  82.8   3:22pm  69.7   3:30am    0   11  0.00   6  20   3:12pm   S 29.85   77
8    72.8  78.2  11:49am  66.9   7:17am    0    8  0.00   6  24   7:31pm   S 29.81   82
9    73.8  85.5   5:04pm  65.7  11:39pm    0    9  0.00   4  22   3:57am   S 29.78   74
10   61.7  74.8   4:51pm  51.0   7:36am    5    2  0.00   3  17   4:46am   N 30.08   57
11   64.4  75.9   5:32pm  54.4   6:03am    4    3  0.00   1  10  10:45am  SE 30.03   69
12   71.6  81.6   4:30pm  65.1  12:35am    0    7  0.00   3  15  11:23pm SSE 29.85   80
13   66.4  71.6  12:24am  59.4  11:59pm    1    2  1.70   4  23  11:24am   N 29.85   90
14   57.6  60.9   4:58pm  54.9   7:43am    7    0  0.03   2  14  12:16am   N 30.00   88
15   65.3  80.3   6:14pm  56.2   5:29am    4    4  0.00   1  10  12:49pm WNW 29.92   74
16   68.4  78.1   3:35pm  59.2   6:27am    2    5  0.00   2  12  12:32pm  SE 29.88   81
17   67.3  75.8   4:30pm  59.7   6:44am    1    3  1.27   1  17   9:02pm   E 29.90   85
18   69.2  83.1   4:17pm  59.1   9:46pm    2    6  0.70   1  21   8:19pm   E 29.80   80
19   65.6  76.8   4:53pm  56.1   5:46am    3    4  0.01   3  18   2:15pm SSE 29.71   75
20   59.6  73.1   6:10pm  45.1   7:13am    7    2  0.00   2  15  12:05am   N 29.94   58
21   60.6  74.0   4:38pm  51.2   6:58am    6    1  0.23   2  13   8:19am  SE 29.92   71
22   67.6  76.1   2:29pm  60.6   5:40am    1    4  0.02   3  13   6:56am ENE 29.85   81
23   68.0  74.1   3:19pm  63.5   5:07am    0    3  0.69   3  12  11:52pm ESE 29.84   90
24   64.6  67.2  12:00am  61.6  10:40pm    1    0  1.43   2  15  12:32pm ENE 29.74   96
25   72.3  89.6   5:11pm  57.8   6:52am    2    9  0.01   2  21   2:37pm SSW 29.63   65
26   74.5  85.4  12:37pm  63.5   6:20am    0   10  0.00   1  17   8:58pm   S 29.59   63
27   64.8  74.1  12:28am  54.9  11:54pm    2    2  0.39   4  20  12:25am  NE 29.69   81
28   54.7  60.8   6:27pm  48.7  11:57pm   10    0  0.02   4  18  11:18am   N 29.99   83
29   61.5  78.3   5:32pm  43.3   7:12am    8    4  0.00   1  15   4:10pm NNW 29.98   67
30   67.5  82.9   3:59pm  49.7   7:12am    4    7  0.00   1   8  12:12pm SSW 29.92   62
---------------------------------------------------------------------------------------
TOT  66.6  89.6  4/25/15  43.3  4/29/15   88  135  7.29   3  24   4/8/15   S 29.87   76

HEAT BASE: 65.0
COOL BASE: 65.0


</pre>