NOAA-Style Climate Reports


Report for 2015 May
<pre>
                  MONTHLY CLIMATOLOGICAL SUMMARY FOR 5/2015
                                        HEAT  COOL        
     MEAN                               DEG   DEG       WIND SPEED       DOM MEAN  MEAN
DAY  TEMP  HIGH   TIME     LOW   TIME   DAYS  DAYS RAIN AVG  HI  TIME    DIR BAROM HUM
---------------------------------------------------------------------------------------
1    71.2  85.1   3:29pm  55.2   6:28am    2    8  0.00   1  10   5:23pm  NE 29.98   57
2    72.9  85.8   4:44pm  59.6   7:16am    1    9  0.00   2  12  12:55pm SSE 29.97   58
3    73.6  84.4   3:39pm  63.0   6:54am    0    9  0.00   4  16   3:11pm   S 29.92   60
4    74.8  85.6   4:08pm  66.1   6:15am    0   10  0.00   4  15   2:45am SSE 29.97   65
5    72.6  84.4   3:59pm  63.8   6:46am    0    8  0.37   5  20  11:46am SSE 29.92   74
6    74.6  85.3   4:19pm  68.4   4:23am    0   10  0.29   5  17   3:41am SSE 29.85   82
7    73.2  84.1   3:48pm  62.8   5:02am    0    8  1.60   3  26  10:05pm SSE 29.83   85
8    75.3  86.4   3:54pm  64.7  12:26am    0   10  0.01   4  21   7:57pm SSE 29.81   87
9    74.8  82.3   3:33pm  65.4  11:39am    0   10  0.79   4  20   8:37pm SSE 29.77   89
10   71.6  79.5   4:33pm  64.4   8:04am    0    7  1.48   4  21   3:39am SSE 29.78   92
11   66.9  75.4   5:05pm  59.2   7:23am    1    3  0.01   4  20   9:16am   N 30.00   71
12   65.5  71.9   3:02pm  58.3   4:58am    2    2  0.00   1  14  10:03am NNE 30.16   69
13   65.1  69.1   1:22pm  61.7   3:56am    1    1  0.70   2  15   4:39pm  SE 30.03   92
14   73.8  87.0   3:56pm  64.7   3:03am    0    9  0.00   3  15   9:08pm SSE 29.97   84
15   73.8  80.0   5:13pm  71.1   4:24am    0    9  0.02   5  17  12:30pm SSE 29.87   87
16   77.4  87.6   4:46pm  70.6   5:55am    0   12  0.00   6  23  11:06pm   S 29.77   79
17   73.7  82.9   5:48pm  65.4   3:25am    0    9  0.89   4  22   1:04am   S 29.86   84
18   79.6  94.0   4:00pm  67.3   6:44am    0   15  0.00   2  11   1:25pm SSE 29.99   75
19   76.2  82.5   3:36pm  71.9   5:33am    0   11  0.01   3  19   6:13pm SSE 29.94   85
20   74.8  87.8   1:50pm  63.5  11:58pm    0   10  0.76   4  17   5:30pm   N 29.92   81
21   61.2  68.2   5:43pm  55.3   8:42am    4    0  0.18   3  17  12:07am   N 30.11   84
22   63.6  67.7   1:19pm  59.5   8:13am    2    1  0.84   2  13   8:35am ESE 30.08   86
23   71.5  82.3   3:55pm  66.5  12:00am    0    6  0.40   4  25   6:31pm SSE 29.98   92
24   71.5  80.1   4:39pm  66.2   7:43am    0    6  1.87   2  24   3:29am   S 29.81   88
25   69.6  79.3   2:30pm  62.7  11:38pm    1    5  0.36   3  23   2:56pm SSE 29.80   93
26   70.5  84.7   4:24pm  61.4   2:18am    1    6  0.03   3  21  10:25pm   S 29.90   86
27   77.2  90.2   4:19pm  62.5   7:02am    0   12  0.00   2  18  12:02am SSE 29.96   69
28   80.7  91.5   3:57pm  66.0  11:21pm    0   15  1.49   3  18  11:12pm   S 29.94   76
29   72.1  79.2   4:26pm  66.0  12:27am    0    7  1.88   2  12   1:12am WNW 29.86   87
30   70.9  75.8   4:25pm  66.1   9:16am    0    6  3.02   2  14   6:42am   N 29.98   87
31   69.8  81.6   4:33pm  58.2   5:46am    1    6  0.00   3  14   9:39am   N 30.03   73
---------------------------------------------------------------------------------------
TOT  72.3  94.0  5/18/15  55.2   5/1/15   16  240 17.00   3  26   5/7/15 SSE 29.93   80

HEAT BASE: 65.0
COOL BASE: 65.0


</pre>