NOAA-Style Climate Reports


Report for 2015 June
<pre>
                  MONTHLY CLIMATOLOGICAL SUMMARY FOR 6/2015
                                        HEAT  COOL        
     MEAN                               DEG   DEG       WIND SPEED       DOM MEAN  MEAN
DAY  TEMP  HIGH   TIME     LOW   TIME   DAYS  DAYS RAIN AVG  HI  TIME    DIR BAROM HUM
---------------------------------------------------------------------------------------
1    73.4  89.0   4:59pm  58.2   6:22am    1   10  0.00   1   7  11:28am  NE 30.00   69
2    79.1  90.4   4:57pm  67.6   6:39am    0   14  0.00   2  11  10:40am SSE 29.92   66
3    82.1  93.4   4:57pm  71.5   6:40am    0   17  0.00   3  12   1:30pm SSE 29.84   64
4    83.1  95.1   4:34pm  72.7   6:21am    0   18  0.00   2  12  11:28am SSE 29.89   64
5    83.8  95.5   5:52pm  72.0   5:41am    0   19  0.00   1  11  11:12am SSE 29.94   64
6    84.9  96.5   5:13pm  73.3   6:23am    0   20  0.00   1   8   4:09pm SSE 29.91   64
7    85.3  96.6   3:44pm  72.7   6:55am    0   20  0.00   3  16   4:23pm   S 29.86   60
8    86.3  98.2   5:04pm  75.2   6:33am    0   21  0.00   1  12  10:36am SSW 29.86   61
9    88.1 101.4   4:36pm  75.0   6:50am    0   23  0.00   1   9   5:03pm SSW 29.81   58
10   88.4 101.5   4:30pm  74.4   6:27am    0   23  0.00   2  12   8:00pm SSE 29.74   58
11   87.0  96.7   4:48pm  77.4   6:37am    0   22  0.00   4  18   4:24pm   S 29.71   59
12   85.6  95.7   3:50pm  77.3   6:17am    0   21  0.00   5  17   1:20am   S 29.75   65
13   83.4  94.8   4:37pm  71.6   7:43am    0   18  0.01   3  15   4:50am SSE 29.79   71
14   81.8  91.3   4:21pm  76.6   6:14am    0   17  0.04   4  16   8:57pm SSE 29.81   77
15   82.7  93.0   4:35pm  76.6   5:52am    0   18  0.01   3  15   9:15pm SSE 29.88   74
16   78.3  86.9   1:04pm  74.9   4:53am    0   13  0.16   1  11   1:50pm   E 29.93   84
17   74.4  78.2   4:00pm  72.2  10:40pm    0    9  1.82   6  30  10:37pm SSW 29.73   94
18   82.8  94.7   6:04pm  72.4  12:00am    0   17  0.02   3  19  12:22am SSW 29.82   70
19   85.6  97.5   4:59pm  74.1   6:35am    0   20  0.00   2  12   7:16pm SSW 29.89   70
20   81.6  86.6   1:12pm  76.1   6:29am    0   17  0.00   4  14   1:37pm   S 29.91   74
21   77.1  81.1   5:47pm  74.4   3:46am    0   12  0.24   2  19   4:15pm   S 29.95   87
22   83.7  95.3   4:53pm  74.5   4:44am    0   19  0.01   4  18   4:07pm   S 29.98   73
23   85.6  96.8   4:50pm  74.2   6:41am    0   21  0.00   2  11   8:54am SSW 30.04   69
24   87.1  98.2   5:17pm  77.1   6:50am    0   22  0.00   2  12   8:20pm SSW 30.03   64
25   86.6  98.2   5:37pm  76.4   6:45am    0   22  0.00   3  15   8:26pm SSW 29.96   64
26   84.9  97.6   4:29pm  73.8   8:58pm    0   20  0.32   2  21   7:33pm SSW 29.88   71
27   81.5  90.9   5:42pm  74.4   6:01am    0   16  0.05   3  15   1:29pm   N 29.93   71
28   81.6  94.0   6:15pm  68.0   6:03am    0   17  0.00   1   8   3:40pm SSW 29.94   59
29   85.5  98.8   5:52pm  74.9   6:42am    0   20  0.00   2  10  11:10am SSW 29.88   65
30   83.9  97.5   6:02pm  71.9   4:38am    0   18  0.52   2  22   2:20am SSW 29.91   68
---------------------------------------------------------------------------------------
TOT  83.2 101.5  6/10/15  58.2   6/1/15    1  545  3.20   2  24  6/17/15 SSW 29.88   69

HEAT BASE: 65.0
COOL BASE: 65.0


</pre>