NOAA-Style Climate Reports


Report for 2015 July
<pre>
                  MONTHLY CLIMATOLOGICAL SUMMARY FOR 7/2015
                                        HEAT  COOL        
     MEAN                               DEG   DEG       WIND SPEED       DOM MEAN  MEAN
DAY  TEMP  HIGH   TIME     LOW   TIME   DAYS  DAYS RAIN AVG  HI  TIME    DIR BAROM HUM
---------------------------------------------------------------------------------------
1    84.1  95.8   4:45pm  74.4   5:57am    0   19  0.00   5  21   5:04pm SSW 29.89   69
2    83.9  94.3   4:19pm  74.3   6:40am    0   19  0.00   5  20  12:10pm SSW 29.86   65
3    81.6  88.9   7:06pm  77.0  12:55pm    0   17  0.27   3  19   4:56am SSW 29.86   77
4    86.2  96.5   5:28pm  77.9   6:06am    0   21  0.00   3  13   3:16am SSW 29.86   67
5    86.5  95.5   4:26pm  78.2   6:46am    0   21  0.00   4  20   4:48pm   S 29.90   66
6    85.9  94.5   5:11pm  79.3   6:43am    0   21  0.00   7  22  12:15pm   S 29.88   65
7    84.1  91.4   3:09pm  78.9   6:34am    0   19  0.09   5  21  11:31am   S 29.87   72
8    79.7  83.8  11:36am  73.0   1:02pm    0   15  1.14   4  22  10:35am   S 29.88   82
9    84.8  95.3   5:02pm  76.3   6:12am    0   20  0.00   5  18  11:31am   S 29.94   67
10   84.6  95.7   4:55pm  74.1   6:54am    0   20  0.00   3  15  11:55am   S 29.98   66
11   86.5  97.8   5:21pm  76.8   6:59am    0   22  0.00   3  14   3:19pm   S 30.01   61
12   87.9  99.4   5:55pm  76.9   6:55am    0   23  0.00   3  12  11:04pm   S 29.95   60
13   89.5 101.5   5:02pm  78.8   6:51am    0   24  0.00   4  12   8:05am   S 29.82   60
14   89.9 102.3   5:07pm  79.5   6:56am    0   25  0.00   3  13   9:17pm   S 29.76   60
15   88.3 100.6   5:17pm  77.4   7:04am    0   23  0.00   3  11  12:27pm   S 29.82   58
16   87.7  99.9   5:33pm  76.9   7:06am    0   23  0.00   4  15   4:23pm   S 29.84   58
17   88.8 100.3   5:21pm  78.6   6:52am    0   24  0.00   4  17  12:39pm   S 29.84   59
18   89.8 101.7   5:21pm  79.3   6:49am    0   25  0.00   4  17   5:21pm   S 29.86   60
19   90.0 102.2   5:16pm  78.7   7:05am    0   25  0.00   3  13   2:03pm   S 29.88   58
20   91.2 103.2   5:13pm  80.9   6:36am    0   26  0.00   3  11  11:02am   S 29.82   54
21   89.0 100.7   5:20pm  80.3   6:39am    0   24  0.00   3  12   9:13am   S 29.78   58
22   89.1 101.4   5:03pm  80.9   7:01am    0   24  0.00   3  14   5:46am   S 29.78   59
23   90.4 101.8   5:00pm  80.3   7:10am    0   25  0.00   4  15   4:35am   S 29.84   56
24   90.6 102.4   6:09pm  79.9   6:57am    0   26  0.00   3  13  10:35am   S 29.88   53
25   89.9 101.7   3:01pm  79.6   6:47am    0   25  0.00   2  11   5:02pm SSE 29.86   56
26   90.4 104.1   4:52pm  77.3   6:49am    0   25  0.00   2  10   3:43pm   S 29.81   55
27   90.7 102.4   4:17pm  79.5   7:01am    0   26  0.00   2  14  12:54pm SSE 29.82   55
28   90.8 102.7   4:24pm  81.0   6:50am    0   26  0.00   3  15  11:39am   S 29.85   51
29   91.3 105.0   4:51pm  78.8  11:58pm    0   26  0.00   2  11   8:27am SSE 29.92   51
30   90.8 104.3   5:09pm  76.6   6:26am    0   25  0.00   1  11   9:25pm  NE 29.96   52
31   88.2  98.6   3:54pm  78.2   6:40am    0   22  0.00   1  14   5:30pm ENE 29.97   59
---------------------------------------------------------------------------------------
TOT  87.8 105.0  7/29/15  73.0   7/8/15    0  706  1.50   3  21   7/6/15   S 29.87   61

HEAT BASE: 65.0
COOL BASE: 65.0


</pre>