NOAA-Style Climate Reports


Report for 2015 August
<pre>
                  MONTHLY CLIMATOLOGICAL SUMMARY FOR 8/2015
                                        HEAT  COOL        
     MEAN                               DEG   DEG       WIND SPEED       DOM MEAN  MEAN
DAY  TEMP  HIGH   TIME     LOW   TIME   DAYS  DAYS RAIN AVG  HI  TIME    DIR BAROM HUM
---------------------------------------------------------------------------------------
1    87.7 101.4   4:45pm  75.1   7:01am    0   23  0.00   1  12  11:48am ESE 29.93   46
2    89.9 101.1   4:47pm  78.1   6:26am    0   24  0.00   1  13   2:56pm SSE 29.85   40
3    89.8 103.6   4:03pm  76.9   7:15am    0   25  0.00   1  11   8:03pm ESE 29.81   44
4    90.5 101.5   4:41pm  81.0   4:34am    0   26  0.00   2  12   2:41pm SSE 29.83   48
5    92.7 105.2   4:34pm  82.5   7:02am    0   28  0.00   4  15   8:41am   S 29.82   54
6    92.8 105.5   5:03pm  82.2   7:03am    0   28  0.00   4  18   4:30am   S 29.76   51
7    93.2 105.7   5:14pm  81.8   7:05am    0   28  0.00   3  15   3:15am   S 29.76   50
8    92.8 106.5   4:17pm  80.8   7:19am    0   28  0.00   3  21   4:19pm   S 29.78   51
9    93.0 107.9   5:08pm  81.2   7:22am    0   28  0.00   3  12   7:39am SSW 29.81   48
10   92.2 107.7   5:26pm  78.3   2:25am    0   27  0.00   1   8   4:02am   S 29.83   45
11   92.9 103.1   5:01pm  84.2   7:22am    0   28  0.00   2  13   4:49pm   N 29.91   52
12   88.0 100.1   5:12pm  76.9   7:26am    0   23  0.00   3  12   4:31pm   N 29.98   54
13   86.5  99.2   5:43pm  76.2   6:49am    0   21  0.00   1  10  10:54am   E 29.96   54
14   87.2  98.4   3:07pm  76.8   7:29am    0   22  0.00   2  13   4:30pm ESE 29.95   50
15   86.0  98.2   4:59pm  73.8   7:08am    0   21  0.00   1  10  12:55pm  SE 29.95   49
16   85.5  99.6   4:44pm  70.5   7:15am    0   20  0.00   0   9   4:37pm  SE 29.89   51
17   87.7  99.6   4:33pm  75.6   4:30am    0   23  0.00   1  10   3:12am SSE 29.85   56
18   88.7 100.2   3:40pm  78.3   6:36am    0   23  0.00   4  15  12:12pm   S 29.73   54
19   81.1  90.8  12:14pm  66.1  11:57pm    0   16  0.01   5  22  12:59pm   N 29.76   67
20   70.9  76.1  12:44pm  66.0  12:09am    0    6  0.00   2   9   1:32am   N 29.93   79
21   81.0  94.5   5:11pm  71.5   5:23am    0   16  0.00   3  13   3:04pm SSE 29.89   73
22   86.5  99.5   4:12pm  76.7   4:23am    0   22  0.00   4  16   3:02pm   S 29.83   66
23   88.0  97.0   1:04pm  79.6   7:14am    0   23  0.00   3  16   2:56pm   S 29.89   65
24   87.1 100.3   4:50pm  76.0   7:24am    0   22  0.00   2  12   1:06am  NE 29.96   65
25   84.4  95.3   4:09pm  77.1   5:18am    0   19  0.00   2  11  10:09am SSE 29.98   68
26   85.1  99.5   5:06pm  72.9  11:59pm    0   20  0.00   1  10  10:16am SSE 30.02   55
27   83.4  97.9   3:16pm  69.7   6:19am    0   18  0.00   1  12   9:00pm SSE 29.96   54
28   84.3  97.8   3:56pm  71.6   7:09am    0   19  0.00   2  11   8:57am SSE 29.90   57
29   86.0  97.8   3:58pm  76.5   4:53am    0   21  0.02   3  13   3:58pm SSE 29.89   56
30   85.5  97.6   2:51pm  75.5   7:18am    0   20  0.00   3  14  11:15am SSW 29.88   55
31   85.7  97.2   4:56pm  74.8   7:08am    0   20  0.00   2  12   3:16pm   S 29.90   56
---------------------------------------------------------------------------------------
TOT  87.3 107.9   8/9/15  66.0  8/20/15    0  689  0.03   2  21  8/19/15 SSE 29.88   55

HEAT BASE: 65.0
COOL BASE: 65.0


</pre>