NOAA-Style Climate Reports


Report for 2015 September
<pre>
                  MONTHLY CLIMATOLOGICAL SUMMARY FOR 9/2015
                                        HEAT  COOL        
     MEAN                               DEG   DEG       WIND SPEED       DOM MEAN  MEAN
DAY  TEMP  HIGH   TIME     LOW   TIME   DAYS  DAYS RAIN AVG  HI  TIME    DIR BAROM HUM
---------------------------------------------------------------------------------------
1    85.7  98.4   5:34pm  75.0   7:27am    0   21  0.00   3  12   3:39am   S 29.93   60
2    84.9  98.3   5:08pm  73.1   7:05am    0   20  0.00   3  12   3:05pm   S 29.94   61
3    84.6  97.1   5:09pm  74.5   7:12am    0   19  0.00   1  16   4:21pm   S 29.86   62
4    86.7  97.9   4:48pm  76.8   7:09am    0   22  0.00   2  12  12:18pm SSE 29.84   62
5    87.6  97.3   5:53pm  78.1   7:16am    0   23  0.00   2  12   2:56pm SSE 29.88   64
6    89.2 102.2   4:29pm  77.9   7:11am    0   24  0.00   2  11  11:12am SSE 29.88   62
7    91.1 104.3   4:07pm  79.7   7:01am    0   26  0.00   2  13  10:36pm SSE 29.84   54
8    89.8 102.9   3:47pm  79.4   7:18am    0   25  0.00   3  12  11:13am   S 29.79   57
9    80.4  89.7   2:51pm  74.6   8:39am    0   15  0.51   1  12   2:33am   N 29.83   81
10   82.3  96.4   5:23pm  71.4   7:06am    0   17  0.00   1  10   8:37pm NNE 29.85   73
11   81.3  94.4   3:05pm  72.1  11:58pm    0   16  0.00   3  15   9:07am   N 29.90   64
12   75.1  87.9   4:58pm  64.2   7:33am    0   10  0.00   2  12  10:30am   N 30.02   52
13   78.6  93.0   4:40pm  64.4   6:12am    0   13  0.00   3  14   1:59pm SSE 29.95   44
14   79.6  92.0   4:16pm  67.6   6:35am    0   15  0.00   4  16   1:06pm SSE 29.94   48
15   79.0  92.1   4:53pm  67.6   6:21am    0   14  0.00   3  13   1:32pm SSE 29.98   64
16   83.2  94.5   4:05pm  74.1   6:17am    0   18  0.00   5  16   9:03am SSE 29.98   68
17   84.4  94.8   5:49pm  74.4   7:36am    0   19  0.00   4  15   2:02am   S 29.89   65
18   86.1  97.8   4:43pm  76.6   7:21am    0   21  0.00   4  16  12:16pm   S 29.79   59
19   78.5  87.1   5:19pm  72.5  12:48pm    0   13  0.41   1   8   6:14am  NE 29.88   75
20   75.2  87.7  12:10pm  70.5   7:29am    0   10  0.00   2  14   1:48pm  NE 29.94   78
21   79.7  95.1   5:32pm  67.7   5:18am    0   15  0.00   1   8  10:48am  SE 29.93   66
22   83.8  95.3   3:40pm  73.7   7:07am    0   19  0.00   1   9   3:22pm  SE 29.95   57
23   81.8  94.7   4:40pm  68.2  11:58pm    0   17  0.00   1  11   9:47am ESE 29.97   47
24   79.4  92.6   4:32pm  65.7  12:35am    0   14  0.00   0  10   1:57pm  SE 29.97   55
25   80.6  92.6   4:18pm  68.8   7:46am    0   16  0.00   1  10   2:00pm  NE 29.97   56
26   78.5  92.5   4:15pm  63.9   7:34am    0   14  0.00   1  11  10:25am  NE 29.92   52
27   78.1  91.2   4:27pm  66.6   7:35am    0   13  0.00   1  10   1:32pm ESE 29.87   53
28   77.5  90.9   3:04pm  65.9   4:08am    0   12  0.00   1  11   1:19pm NNE 29.81   61
29   79.6  90.9   4:04pm  69.4   7:38am    0   15  0.00   1  11   2:24pm   N 29.84   62
30   78.2  93.2   3:46pm  65.0   6:57am    0   12  0.00   2  13   4:28pm   N 29.93   62
---------------------------------------------------------------------------------------
TOT  82.0 104.3   9/7/15  63.9  9/26/15    0  508  0.92   2  16   9/3/15 SSE 29.90   61

HEAT BASE: 65.0
COOL BASE: 65.0


</pre>