NOAA-Style Climate Reports


Report for 2015 October
<pre>
                  MONTHLY CLIMATOLOGICAL SUMMARY FOR 10/2015
                                        HEAT  COOL        
     MEAN                               DEG   DEG       WIND SPEED       DOM MEAN  MEAN
DAY  TEMP  HIGH   TIME     LOW   TIME   DAYS  DAYS RAIN AVG  HI  TIME    DIR BAROM HUM
---------------------------------------------------------------------------------------
1    69.5  78.1   5:16pm  64.3   6:28am    0    5  0.06   2  13   5:17pm   N 30.02   78
2    66.7  80.7   3:42pm  53.7   7:33am    3    4  0.00   2  14   5:16pm   N 30.00   59
3    66.4  80.5   4:06pm  52.8   7:40am    3    5  0.00   1  13   3:38pm   N 29.89   57
4    67.8  82.4   4:28pm  55.3   6:36am    3    5  0.00   2  11   4:41pm   N 29.95   60
5    68.8  79.9   4:40pm  61.3   6:03am    1    5  0.00   2  13   4:42pm   N 30.02   64
6    69.5  87.0   4:53pm  57.3   4:26am    2    7  0.00   1   9  12:51pm   N 30.06   70
7    75.3  89.9   4:28pm  61.5   7:42am    0   11  0.00   0   9   5:05pm   S 30.00   65
8    77.6  91.0   4:21pm  64.2   7:05am    0   13  0.00   0   9   1:16pm  SE 29.97   63
9    74.6  87.5  12:38pm  64.6  11:57pm    0   10  0.00   3  19   4:42pm   N 30.06   68
10   69.0  84.8   4:49pm  56.3   7:28am    2    6  0.00   1   8   2:55pm   N 30.11   66
11   79.1  94.2   4:51pm  65.8   5:36am    0   14  0.00   3  17   5:22pm   S 29.84   51
12   81.6  93.9   4:11pm  70.8  11:01pm    0   17  0.00   4  17   9:16am   S 29.71   54
13   70.3  91.0   5:02pm  49.9   7:01am    3    9  0.00   1   9  12:00am   N 29.94   44
14   75.9  97.2   3:48pm  54.3   7:43am    2   13  0.00   1  12   2:06pm SSW 29.97   39
15   78.9  95.3   3:53pm  64.0   7:58am    0   14  0.00   3  16   2:24pm   S 29.97   35
16   73.0  84.1   4:30pm  64.5   7:56am    0    8  0.00   3  16  11:51am   N 30.16   46
17   66.6  79.0   4:25pm  56.9   7:30am    2    4  0.00   1  13  10:30am   E 30.25   43
18   66.2  80.1   4:25pm  55.1   7:19am    3    4  0.00   2  12  10:32am ESE 30.27   37
19   69.2  82.2   4:03pm  56.9   8:12am    2    6  0.00   3  15  10:12am SSE 30.16   36
20   71.2  83.8   4:25pm  58.5   6:38am    1    7  0.00   3  17  10:28am SSE 30.04   55
21   74.7  83.7   2:48pm  68.7   7:57am    0   10  0.00   3  13   1:08am SSE 30.05   73
22   70.6  77.1   1:36pm  65.4   7:39am    0    6  2.12   3  18   3:33pm SSE 29.94   83
23   69.8  74.3   2:40pm  66.4  12:04pm    0    5  2.14   2  12   7:37pm ESE 29.86   96
24   63.2  68.5  12:00am  57.8   7:53pm    3    1  0.73   4  18   1:07pm   N 29.97   93
25   59.8  63.7   5:24pm  55.6   5:12am    5    0  0.08   4  16   4:39am   N 30.07   84
26   63.3  75.9   4:05pm  52.7   7:43am    4    2  0.00   3  15   2:54pm   N 29.96   70
27   65.4  79.0   4:24pm  55.8   6:56am    3    3  0.00   0   9   2:03pm SSW 29.77   76
28   64.8  75.9   4:00pm  56.6   7:45am    3    3  0.00   3  20   9:22am  NW 29.75   69
29   62.8  78.7   3:48pm  47.9   7:54am    6    4  0.00   1   9   4:06pm SSE 29.87   70
30   64.2  67.4   2:51pm  59.6   8:46am    1    0  1.49   4  25   9:45am SSE 29.73   86
31   63.7  66.4  11:45am  58.2  10:58pm    1    0  0.71   2  13   3:01am  NW 29.73   94
---------------------------------------------------------------------------------------
TOT  69.7  97.2 10/14/15  47.9 10/29/15   54  198  7.33   2  19  10/9/15   N 29.97   64

HEAT BASE: 65.0
COOL BASE: 65.0


</pre>