NOAA-Style Climate Reports


Report for 2015 November
<pre>
                  MONTHLY CLIMATOLOGICAL SUMMARY FOR 11/2015
                                        HEAT  COOL        
     MEAN                               DEG   DEG       WIND SPEED       DOM MEAN  MEAN
DAY  TEMP  HIGH   TIME     LOW   TIME   DAYS  DAYS RAIN AVG  HI  TIME    DIR BAROM HUM
---------------------------------------------------------------------------------------
1    58.7  60.9   3:34pm  55.8  11:48pm    6    0  0.12   1   7   4:53am   N 29.93   93
2    63.0  74.5   2:47pm  55.9  12:00am    4    2  0.01   1  11   1:11pm  SE 29.93   89
3    64.3  71.8   3:34pm  58.8   4:24am    2    1  0.01   2  10  10:13pm SSE 29.97   88
4    67.2  75.1   1:39pm  61.0   3:00am    1    3  0.08   4  13   9:07pm SSE 29.98   85
5    71.0  77.7   3:02pm  65.2  11:57pm    0    6  0.18   4  19   4:50pm   S 29.88   92
6    62.0  69.1   2:04pm  54.2   7:19am    4    1  0.00   2  10   7:45am   N 30.04   69
7    58.6  67.0   2:29pm  51.4  11:58pm    6    0  0.09   3  15   2:58pm   N 30.20   71
8    54.4  67.9   3:21pm  42.5   6:36am   11    0  0.00   1  11   8:56am  NE 30.23   63
9    57.7  67.7   2:30pm  50.2   2:46am    7    0  0.00   0   7   8:55am NNE 30.09   64
10   65.8  76.4   2:30pm  54.1  12:00am    3    4  0.00   4  16   1:00pm   S 29.95   77
11   70.9  80.3  11:36am  57.5  11:59pm    0    6  0.02   4  20   3:14pm   W 29.79   64
12   54.8  67.8   2:19pm  42.3   6:46am   10    0  0.00   1  11   2:20pm NNW 30.17   57
13   53.7  70.0   2:37pm  39.6   6:56am   12    1  0.00   1  10  12:19pm   S 30.27   60
14   55.0  66.9   2:18pm  42.9   3:42am   10    0  0.00   1  12   2:32pm   S 30.28   62
15   57.4  62.7   1:06pm  53.1   9:00pm    8    0  0.76   3  14  10:33pm SSE 30.15   70
16   63.2  72.5  11:50pm  54.3  12:00am    3    1  0.32   6  25  10:25pm SSE 29.79   94
17   60.1  73.4   3:51am  52.1   8:33am    6    1  0.73   4  26   3:45am   S 29.54   77
18   57.1  70.1   3:19pm  46.3   6:47am    8    1  0.00   2  15   3:40am SSW 29.73   58
19   56.4  70.1   2:51pm  44.4   6:15am    9    1  0.00   1  15   9:50am   N 30.05   73
20   60.7  72.6   2:58pm  51.7   6:35am    6    1  0.00   3  14   2:00pm SSE 29.99   71
21   49.5  59.6   4:37am  33.9  11:59pm   15    0  0.00   6  30   5:40am   N 30.18   61
22   41.2  56.9   3:07pm  28.6   7:35am   23    0  0.00   1   9  11:30am SSW 30.27   66
23   49.3  64.3   1:50pm  34.4   4:53am   16    0  0.00   2  11   3:54pm SSE 30.22   59
24   57.5  65.5   1:00pm  46.6   6:51am    8    0  0.00   4  16   1:06pm SSE 30.08   65
25   64.7  72.5   3:50pm  59.9   5:47am    2    2  0.00   5  18  11:30pm SSE 30.00   83
26   67.6  70.1  12:57pm  65.7   5:23am    0    3  2.27   5  17  10:10am SSE 30.05   91
27   46.4  68.3  12:00am  38.0   8:01pm   19    0  4.43   4  18  12:02pm   N 30.15   96
28   38.8  41.1   9:49pm  36.8   6:57am   26    0  0.57   3  14   1:42am NNW 30.21   94
29   41.0  43.2   2:31pm  38.8   1:26am   24    0  0.81   1  12  12:00am   N 30.15   96
30   45.2  48.5   4:51pm  42.6  12:00am   19    0  0.03   1   9   8:47pm  NW 30.02   93
---------------------------------------------------------------------------------------
TOT  57.1  79.9 11/11/15  28.7 11/22/15  270   35 10.44   3  27 11/21/15 SSE 30.04   76

HEAT BASE: 65.0
COOL BASE: 65.0


</pre>