NOAA-Style Climate Reports


Report for 2015 December
                  MONTHLY CLIMATOLOGICAL SUMMARY FOR 12/2015
                                        HEAT  COOL        
     MEAN                               DEG   DEG       WIND SPEED       DOM MEAN  MEAN
DAY  TEMP  HIGH   TIME     LOW   TIME   DAYS  DAYS RAIN AVG  HI  TIME    DIR BAROM HUM
---------------------------------------------------------------------------------------
1    42.1  49.8   1:12pm  35.7  11:31pm   23    0  0.00   0   7  12:56pm NNW 30.03   88
2    43.4  57.4   2:52pm  31.6   7:39am   22    0  0.00   1  17  12:48pm NNW 30.15   77
3    45.1  62.8   2:50pm  33.3   7:23am   20    0  0.00   0   7   1:05pm SSW 30.33   76
4    46.9  60.8   2:24pm  34.6   6:27am   18    0  0.00   1   9  12:04pm SSE 30.42   75
5    48.8  61.4   2:34pm  38.4   7:46am   16    0  0.00   2  11   2:48pm SSE 30.39   69
6    50.2  64.3   2:45pm  40.1   8:01am   14    0  0.00   1  12   1:23pm   N 30.35   73
7    49.3  67.3   2:43pm  33.3   7:22am   16    0  0.00   1   9  12:46pm SSW 30.21   74
8    57.5  70.7   2:00pm  46.9   2:55am    8    1  0.00   3  19   3:00pm   S 29.91   72
9    54.7  72.2   2:48pm  40.2   7:21am   11    1  0.00   1   8   3:56pm SSW 29.92   67
10   59.2  73.3   2:45pm  47.9  11:58pm    7    1  0.00   2  14  10:00am SSW 29.74   70
11   60.5  76.2   2:41pm  44.8   6:23am    8    3  0.00   4  21   2:02pm   S 29.71   80
12   70.2  74.4   1:44pm  68.3   6:49am    0    5  0.03   6  22  12:48am SSE 29.69   87
13   55.3  71.4   2:22am  51.7   7:06am   10    1  0.93   4  23   2:15am SSW 29.54   86
14   55.4  68.1   2:48pm  45.3   7:47am   10    0  0.00   2  14  12:13am SSE 29.67   62
15   58.6  70.2   2:20pm  51.8  11:46pm    7    1  0.00   2  15   8:09am   S 29.68   81
16   48.7  56.4  12:46am  39.7   9:06pm   16    0  0.00   2  16   1:51am  NW 29.89   50
17   43.6  58.7   2:39pm  29.0   7:49am   21    0  0.00   2  17   7:56pm SSW 30.02   65
18   40.0  50.6   2:43pm  31.1   7:30am   25    0  0.00   2  10  12:00am   N 30.32   73
19   49.5  62.1   2:15pm  38.9   6:46am   15    0  0.00   4  17  12:39pm SSE 30.34   64
20   55.2  62.9  11:12pm  48.3   3:15am   10    0  0.00   5  18  12:39pm   S 30.05   85
21   60.0  69.4   2:49pm  47.3  11:58pm    6    0  0.00   2  13   1:33am SSW 29.88   74
22   58.2  71.6  12:45pm  41.3   2:13am    8    1  0.00   3  20  11:05pm SSE 29.66   75
23   65.5  73.2   2:23pm  52.9   9:47pm    2    3  0.00   4  21   3:26am SSW 29.46   62
24   60.5  73.1   2:52pm  49.9  11:58pm    6    2  0.00   3  12  12:47pm   N 29.80   58
25   58.4  73.7   2:07pm  40.2   7:41am    9    2  0.00   1   9   3:38pm   N 29.91   73
26   69.3  80.4   1:26pm  50.2  11:21pm    2    6  1.54   5  23   1:25pm SSE 29.69   89
27   43.2  50.5  12:09am  39.8  11:54pm   22    0  2.10   8  30   2:36pm   N 29.68   94
28   36.2  40.4   2:47am  30.1  11:57pm   29    0  0.45   4  21   2:02am  NW 29.76   89
29   37.2  45.9   2:55pm  28.8   3:54am   28    0  0.01   0   8   4:41pm  NE 30.07   83
30   42.9  52.5   2:50pm  36.0   7:57am   22    0  0.00   1  12  12:19pm   N 30.23   81
31   41.9  52.2   1:56pm  32.2   7:33am   22    0  0.00   2  13   5:28pm   N 30.34   75
---------------------------------------------------------------------------------------
TOT  51.9  80.4 12/26/15  28.8 12/29/15  434   28  5.06   2  25 12/27/15 SSE 29.96   75

HEAT BASE: 65.0
COOL BASE: 65.0