NOAA-Style Climate Reports


Report for 2016 January
                  MONTHLY CLIMATOLOGICAL SUMMARY FOR 1/2016
                                        HEAT  COOL        
     MEAN                               DEG   DEG       WIND SPEED       DOM MEAN  MEAN
DAY  TEMP  HIGH   TIME     LOW   TIME   DAYS  DAYS RAIN AVG  HI  TIME    DIR BAROM HUM
---------------------------------------------------------------------------------------
1    41.1  47.4   2:24pm  35.2   8:47am   24    0  0.00   3  13   9:32am   N 30.48   70
2    43.8  50.1   2:00pm  36.4   1:55am   21    0  0.00   0   6  11:43am  SW 30.37   60
3    43.8  58.7   3:02pm  31.1   8:18am   21    0  0.00   1   9   2:00pm   N 30.25   66
4    40.1  53.7   3:00pm  30.7   7:40am   25    0  0.00   1  10   8:58am   N 30.32   72
5    38.9  47.4   2:56pm  30.5   7:10am   26    0  0.00   2  10  11:49am  SE 30.30   74
6    44.5  48.5   5:04pm  41.0   5:58am   21    0  0.65   2  13   9:45pm SSE 30.08   80
7    53.2  61.7   3:04pm  46.3  12:58am   12    0  0.06   3  13   4:11pm   S 29.79   90
8    50.4  57.6  12:47pm  43.4   6:44am   15    0  0.01   2  15   9:28pm   N 29.74   88
9    39.9  44.9  12:00am  35.1  11:58pm   25    0  0.00   5  18   6:17pm  NW 29.97   83
10   33.2  40.7   3:12pm  26.4   7:53am   32    0  0.00   2  13   2:59am   N 30.28   65
11   37.4  50.0   3:13pm  27.7   4:10am   28    0  0.00   1  10   3:37pm   S 30.23   64
12   44.6  62.5   2:59pm  30.5   6:15am   20    0  0.00   1   7  12:43pm   S 30.21   68
13   51.6  66.8   2:52pm  40.1   4:52am   13    0  0.00   3  15   1:34pm   S 30.08   65
14   55.8  66.6   1:52pm  44.7   7:03am    9    0  0.00   5  20   1:24pm   S 29.78   76
15   52.2  62.4   3:27pm  42.7   9:26pm   13    0  0.00   2  16  12:18am  NW 29.71   61
16   40.7  48.2  12:00am  32.5  11:58pm   24    0  0.03   3  17   1:07pm   N 29.97   76
17   39.1  54.9   2:57pm  27.4   5:50am   26    0  0.01   1  16   9:55pm  SE 30.15   78
18   35.0  47.2   3:32pm  26.2   7:05am   30    0  0.00   2  13   3:41am   N 30.32   70
19   48.8  63.2   4:17pm  36.7  11:58pm   16    0  0.00   4  22  12:55pm   S 30.12   77
20   40.8  47.6  11:55pm  34.1   2:36am   24    0  0.00   1  11   1:32am NNW 30.10   78
21   42.6  49.2   3:43am  36.2  11:14pm   22    0  0.36   4  19   7:26pm   N 30.02   84
22   38.7  47.1   3:19pm  30.9  11:56pm   26    0  0.00   4  21  10:44am NNW 30.26   67
23   37.9  51.1   3:48pm  29.4   1:29am   27    0  0.00   2  11  12:08am   N 30.24   73
24   50.5  62.4   3:04pm  38.9   5:29am   14    0  0.00   5  25  10:41pm   S 29.93   66
25   56.9  65.2   3:19pm  45.0  11:58pm    8    0  0.00   4  19   2:09am SSW 29.88   66
26   43.2  49.2   3:28pm  37.7  11:58pm   22    0  0.00   4  18  10:01am   N 30.23   67
27   41.5  56.6   3:49pm  28.8   7:50am   24    0  0.00   0   7  12:07pm   N 30.28   61
28   48.6  69.4   3:11pm  35.2   7:41am   17    0  0.00   1  10   3:48pm  SW 30.08   54
29   59.3  76.3   2:15pm  43.4   4:58am    8    3  0.00   4  27   3:33pm   S 29.88   47
30   62.5  76.2   3:40pm  47.6   7:26am    5    2  0.00   5  21   3:01pm   S 29.71   48
31   61.2  70.1   1:05pm  49.9  11:57pm    5    1  0.00   4  22  12:26am SSW 29.71   66
---------------------------------------------------------------------------------------
TOT  45.7  76.3  1/29/16  26.2  1/18/16  603    7  1.12   3  22  1/31/16   N 30.08   70

HEAT BASE: 65.0
COOL BASE: 65.0