NOAA-Style Climate Reports


Report for 2016 February
                  MONTHLY CLIMATOLOGICAL SUMMARY FOR 2/2016
                                        HEAT  COOL        
     MEAN                               DEG   DEG       WIND SPEED       DOM MEAN  MEAN
DAY  TEMP  HIGH   TIME     LOW   TIME   DAYS  DAYS RAIN AVG  HI  TIME    DIR BAROM HUM
---------------------------------------------------------------------------------------
1    56.1  68.3   3:38pm  40.7   7:25am    9    0  0.00   2  21  11:07pm SSE 29.68   77
2    56.3  65.7   2:50pm  43.8  11:56pm    9    0  0.00   3  22   2:32pm SSW 29.69   50
3    42.3  51.2   3:15pm  34.5   7:54am   23    0  0.00   3  18  10:14am NNW 30.16   55
4    39.4  55.5   3:59pm  26.5   4:11am   26    0  0.00   1   9   2:40pm   W 30.41   60
5    47.3  60.1   2:54pm  35.7   6:38am   18    0  0.00   3  15  11:19am SSE 30.34   47
6    45.1  54.1   4:04pm  39.9  11:58pm   20    0  0.01   2  15   1:04am   N 30.29   71
7    48.4  65.2   3:03pm  36.6   4:54am   17    0  0.00   2  14  10:25am SSW 30.18   64
8    47.2  55.6   3:35pm  40.3   7:41am   17    0  0.00   4  23  11:26am  NW 30.26   35
9    47.6  61.7   3:22pm  35.5   7:47am   17    0  0.00   3  17  11:11am  NW 30.26   38
10   51.8  72.4   4:16pm  30.9   5:44am   14    1  0.00   3  16   1:11pm   S 30.19   51
11   59.7  76.4   4:17pm  41.0   7:25am    7    2  0.00   1  12   1:27am   S 30.03   46
12   55.2  71.4   3:04pm  40.2   7:42am   11    1  0.00   1  11  12:59pm   N 30.22   54
13   52.7  65.8   3:57pm  38.3   6:46am   12    0  0.00   3  15  11:22pm NNE 30.26   57
14   61.1  66.5   4:27pm  56.5   1:50am    4    0  0.00   4  25   6:20am   S 29.87   78
15   58.6  70.7   4:00pm  47.7  10:52pm    7    1  0.00   2  17   1:23pm   N 29.83   59
16   58.2  72.1   2:27pm  45.2  11:49pm    8    1  0.00   3  18  11:06am SSW 29.93   40
17   56.7  72.4   3:24pm  40.4   3:21am   10    1  0.00   3  13  12:53pm SSE 30.15   45
18   63.7  75.4   3:22pm  51.5   7:13am    4    3  0.00   6  24   5:20pm   S 30.04   57
19   69.0  80.0   2:46pm  61.2   7:17am    1    5  0.00   5  21   2:02am   S 29.99   70
20   69.5  77.3   3:07pm  65.0   4:33am    0    5  0.00   6  20   2:49pm   S 29.92   80
21   64.3  68.8  12:22pm  56.2   9:58pm    1    1  0.05   3  19   8:01pm   N 29.94   86
22   54.9  61.3   1:15pm  50.6   3:57am   10    0  0.30   2  11  10:15am   N 29.89   80
23   46.6  53.8   1:14am  41.3   3:05pm   18    0  1.92   6  23   2:35pm   N 29.72   92
24   48.6  60.8   4:06pm  39.4   7:28am   16    0  0.00   3  17  10:02am  NW 30.06   59
25   47.9  58.6   3:31pm  37.3  11:33pm   17    0  0.00   2  17  10:29am   N 30.29   52
26   45.9  63.5   4:13pm  28.1   6:27am   19    0  0.00   1   9  12:38pm SSW 30.36   58
27   58.1  74.0   2:39pm  43.9   5:14am    9    2  0.00   4  19   3:26pm SSW 30.14   57
28   62.9  77.2   4:16pm  54.2  11:54pm    4    2  0.00   4  18   2:12am   S 29.94   75
29   63.4  76.4   3:35pm  47.5   5:19am    5    3  0.00   4  14   3:29pm   S 29.95   77
---------------------------------------------------------------------------------------
TOT  54.4  80.0  2/19/16  26.5   2/4/16  334   28  2.28   3  22  2/18/16   S 30.07   61

HEAT BASE: 65.0
COOL BASE: 65.0