NOAA-Style Climate Reports


Report for 2016 March
                  MONTHLY CLIMATOLOGICAL SUMMARY FOR 3/2016
                                        HEAT  COOL        
     MEAN                               DEG   DEG       WIND SPEED       DOM MEAN  MEAN
DAY  TEMP  HIGH   TIME     LOW   TIME   DAYS  DAYS RAIN AVG  HI  TIME    DIR BAROM HUM
---------------------------------------------------------------------------------------
1    63.1  69.8   2:17pm  48.7  11:57pm    3    1  0.00   5  24  11:51am   N 29.98   60
2    59.1  71.9   2:58pm  45.4   5:52am    7    1  0.00   5  22  10:20pm   S 29.98   51
3    62.5  72.6   2:18pm  45.3  11:58pm    4    2  0.00   4  22  11:21am NNW 29.93   59
4    56.2  73.3   1:17pm  37.9   6:45am   11    2  0.00   1  11   2:49pm SSE 30.08   55
5    62.3  80.2   3:33pm  45.2   7:05am    7    4  0.00   1  10   2:32pm SSE 30.09   56
6    65.1  74.3   2:01pm  54.7   6:53am    3    3  0.00   5  27  10:12pm   S 29.98   64
7    65.6  72.0   3:23pm  58.4  11:33pm    1    2  0.10   6  26   8:05pm SSE 29.76   81
8    62.8  69.6   5:12pm  54.3   9:22am    3    1  1.01   3  29   9:01am SSE 29.70   90
9    59.3  61.9   1:43pm  57.2   7:55am    6    0  0.45   3  15   8:03am  NE 29.79   93
10   59.7  62.8   5:37pm  57.6   6:57am    5    0  0.22   3  16   3:49pm   N 29.91   94
11   58.5  60.3  12:00am  57.1   7:54am    7    0  0.08   3  16  12:06pm NNE 29.97   94
12   63.8  73.6   3:53pm  59.4   6:02am    3    2  0.00   2  12  11:26am SSE 29.84   85
13   66.3  79.5   3:47pm  57.7   6:06am    2    4  0.00   3  19   4:35pm SSE 29.65   68
14   69.9  90.3   4:19pm  52.3   7:39am    4    9  0.00   2  19   4:07pm SSW 29.67   57
15   71.4  81.4   3:03pm  61.6  11:59pm    0    7  0.00   3  19   6:19pm   S 29.68   45
16   65.9  81.5   5:29pm  52.0   5:57am    4    5  0.00   1  11   1:18pm SSE 29.93   37
17   60.4  65.8   4:52pm  54.1   9:58am    5    0  0.00   2  17  12:08pm  NE 29.87   57
18   57.5  63.2  11:07am  48.7  11:58pm    8    0  0.01   3  19  10:59pm   N 29.86   83
19   49.4  60.6   4:38pm  40.0   7:43am   16    0  0.00   5  20  12:06am   N 30.20   56
20   46.5  56.8   5:29pm  37.0  11:57pm   18    0  0.00   3  18  12:00pm   N 30.37   50
21   51.5  67.8   4:32pm  35.0   1:49am   14    0  0.00   4  19   9:30pm   S 30.28   53
22   62.3  76.9   4:31pm  49.4   7:52am    6    3  0.00   8  26   4:33pm   S 29.91   58
23   71.2  82.3   5:33pm  62.3  11:58pm    0    6  0.14   8  26   5:00am   S 29.66   70
24   54.3  63.9   5:16pm  44.2   7:49am   11    0  0.00   5  21   8:51am  NW 29.92   50
25   54.6  72.2   5:08pm  36.1   5:42am   12    1  0.00   2  12   5:13pm SSE 29.90   58
26   64.6  79.6   4:42pm  51.5   7:47am    4    4  0.00   3  16  11:28am SSE 29.84   59
27   57.7  64.3   4:24pm  46.2  11:56pm    7    0  0.00   3  19   7:58am NNW 30.02   66
28   55.5  73.0   5:09pm  38.6   6:41am   11    1  0.00   1  11   2:00pm  SE 30.08   63
29   64.2  76.5   4:12pm  54.1   4:02am    4    3  0.00   4  17   8:55pm SSE 29.90   67
30   70.3  80.7   3:21pm  65.1   9:15pm    0    5  0.06   5  21   6:39pm   S 29.63   86
31   67.6  75.4   4:05pm  59.6   7:38am    1    3  0.01   2  15  10:27am  NW 29.65   61
---------------------------------------------------------------------------------------
TOT  61.2  90.3  3/14/16  35.0  3/21/16  184   68  2.08   3  26  3/23/16   S 29.90   65

HEAT BASE: 65.0
COOL BASE: 65.0