NOAA-Style Climate Reports


Report for 2016 April
                  MONTHLY CLIMATOLOGICAL SUMMARY FOR 4/2016
                                        HEAT  COOL        
     MEAN                               DEG   DEG       WIND SPEED       DOM MEAN  MEAN
DAY  TEMP  HIGH   TIME     LOW   TIME   DAYS  DAYS RAIN AVG  HI  TIME    DIR BAROM HUM
---------------------------------------------------------------------------------------
1    57.6  66.0   5:23pm  52.2   3:03am    7    0  0.00   3  17   1:30pm   N 29.98   48
2    56.3  70.8   5:21pm  40.8   7:52am   10    1  0.00   2  16   3:48pm  NW 30.17   50
3    63.8  80.5   5:41pm  47.1   6:21am    6    5  0.00   2  13  12:25pm   S 30.10   44
4    70.6  88.9   5:31pm  54.9   7:25am    2    8  0.00   2  11   4:15am   S 30.04   47
5    73.6  88.6   2:54pm  57.2   5:36am    1   10  0.00   4  18  12:27pm   S 30.03   47
6    68.5  78.1   4:25pm  56.9  11:58pm    1    5  0.00   4  21   2:32am  NW 29.94   42
7    68.1  86.2   2:51pm  49.7   6:51am    4    7  0.00   2  14   3:16pm   N 29.93   43
8    64.0  74.5   1:18pm  49.5   7:40am    4    3  0.00   1  11  10:13am   N 30.11   37
9    61.6  70.2   1:11pm  52.1   6:08am    4    1  0.01   3  14   4:30pm SSE 30.04   58
10   68.8  78.7   3:58pm  61.0  12:08am    1    5  0.00   6  24   5:39pm   S 29.84   77
11   70.5  86.1   3:53pm  60.8  11:58pm    0    6  1.16   4  23   5:28pm SSE 29.83   83
12   61.6  69.8   3:57pm  53.0   7:38am    4    1  0.00   3  13  10:27am   N 30.09   77
13   56.6  61.9  12:00am  53.5  11:49am    8    0  0.70   1  12  12:25pm   N 30.04   87
14   62.9  74.7   4:31pm  55.5   7:26am    4    2  0.00   1  12   1:45pm NNE 29.97   80
15   65.0  75.9   4:26pm  54.4   3:08am    3    3  0.00   2  11  12:46pm SSE 29.85   78
16   70.9  80.9   3:52pm  63.5   2:17am    0    6  0.00   5  17  11:46am SSE 29.83   77
17   65.6  68.6   9:24pm  60.7  11:47am    1    2  1.91   3  18  12:09am   N 29.94   91
18   67.9  75.2   3:31pm  62.5   7:11am    0    3  0.70   1  17   4:37am  NE 30.06   86
19   69.3  81.2   4:57pm  62.6   5:35am    1    5  0.00   0   7   5:11pm  NE 30.00   82
20   66.1  76.7   6:20pm  60.0   3:07am    2    3  1.15   1  18  12:57am   N 29.92   84
21   68.1  80.0   5:29pm  59.9   7:48am    2    5  0.24   2  11   3:23am NNW 29.92   74
22   67.7  83.0   4:16pm  51.8   7:17am    4    6  0.00   1  15   2:24pm   N 30.02   64
23   70.6  85.4   3:29pm  54.3   7:18am    3    8  0.00   2  13   4:28pm SSE 29.97   61
24   71.4  81.4   2:33pm  62.7   3:04am    0    7  0.00   4  22   7:51pm SSE 29.79   68
25   76.8  88.0   4:17pm  67.4   1:27am    0   12  0.00   6  18   4:09am   S 29.68   75
26   78.0  87.5   3:50pm  62.8  10:30pm    0   13  1.03   7  26   9:55pm   S 29.59   73
27   71.1  82.9   3:18pm  62.2   5:58am    0    7  0.00   2  15  11:19am SSW 29.62   67
28   73.7  87.2   4:09pm  60.4   6:24am    1   10  0.00   1  15  10:59am   E 29.77   60
29   75.9  86.1   2:00pm  69.2  11:57pm    0   11  0.11   2  15   2:08pm   S 29.59   83
30   67.0  78.3   5:30pm  60.4  10:09am    1    3  0.00   2  12   8:40am  SE 29.69   83
---------------------------------------------------------------------------------------
TOT  67.7  88.9   4/4/16  40.8   4/2/16   76  156  7.01   3  21  4/11/16   S 29.91   67

HEAT BASE: 65.0
COOL BASE: 65.0