NOAA-Style Climate Reports


Report for 2016 May
                  MONTHLY CLIMATOLOGICAL SUMMARY FOR 5/2016
                                        HEAT  COOL        
     MEAN                               DEG   DEG       WIND SPEED       DOM MEAN  MEAN
DAY  TEMP  HIGH   TIME     LOW   TIME   DAYS  DAYS RAIN AVG  HI  TIME    DIR BAROM HUM
---------------------------------------------------------------------------------------
1    64.9  74.5   5:06pm  55.3   6:29am    3    2  0.00   4  18   9:03am   N 29.93   67
2    58.2  64.9   2:54pm  50.0  11:52pm    7    0  0.40   4  15  12:12am   N 30.06   77
3    60.8  76.2   4:51pm  43.7   6:53am    7    3  0.00   1  12   1:11pm   N 30.04   66
4    68.7  83.4   4:31pm  53.1   6:08am    3    7  0.00   2  16   1:13pm  NW 29.97   64
5    69.4  83.9   5:17pm  52.4   6:55am    3    7  0.00   1  11   1:14pm NNW 29.98   56
6    71.6  87.6   5:39pm  53.8   6:52am    3    9  0.00   1  10   1:08pm SSE 29.99   55
7    74.8  87.5   4:32pm  62.1   4:58am    0   10  0.00   4  18   4:00pm SSE 29.90   57
8    70.3  73.9   3:26pm  64.7  10:20pm    0    5  0.40   4  20   1:25am   S 29.76   80
9    74.9  89.6   5:34pm  66.3   3:44am    0   10  0.40   4  25   1:12am   S 29.64   74
10   81.4  97.1   4:50pm  71.6   4:57am    0   16  0.01   6  29   8:16pm   S 29.72   71
11   80.1  92.4   5:30pm  65.6   7:08am    0   15  0.00   4  20  12:00am   S 29.86   61
12   75.5  84.2   4:45pm  68.9   9:30am    0   11  0.00   3  27   1:25am   N 30.03   61
13   75.2  89.0   4:58pm  62.4   7:19am    0   10  0.00   2  11  10:00am SSE 30.08   53
14   68.7  74.9  12:00am  60.3  11:58pm    1    4  0.00   5  24   7:33am   N 30.05   59
15   66.1  77.3   3:30pm  57.7   2:53am    3    4  0.00   2  11   2:20pm   N 30.05   64
16   70.4  81.2   2:51pm  63.2   5:22am    0    6  0.03   3  16  11:48am SSE 29.87   75
17   68.7  77.0  11:37am  61.5  11:58pm    0    4  0.23   4  19   5:26am   N 29.92   80
18   59.7  62.6   1:37pm  56.4   7:37am    5    0  0.10   3  16  12:06am   N 30.06   87
19   61.6  67.6   4:11pm  58.4   8:55am    4    0  0.31   1  10   9:29am   N 29.97   89
20   70.5  84.7   5:50pm  60.2   1:23am    1    7  0.00   1   9  10:12am SSW 29.93   75
21   75.1  85.6   1:14pm  63.8   6:29am    0   10  0.00   1  12   1:15pm ESE 29.97   74
22   77.3  87.6   5:03pm  69.5   5:53am    0   12  0.00   2  12   3:26pm  SE 29.90   74
23   76.2  83.7   2:10pm  65.5   8:30am    0   11  0.62   4  20   6:26am SSE 29.82   78
24   79.3  87.0   5:05pm  73.7   6:09am    0   14  0.00   4  16   3:56am SSE 29.85   80
25   81.2  87.3   2:48pm  76.7   6:39am    0   16  0.00   5  19   2:54am   S 29.86   79
26   77.9  82.2  12:15pm  71.0  11:58pm    0   13  0.02   5  22  10:09am   S 29.78   80
27   71.5  82.9   5:45pm  64.7   7:41am    0    7  0.86   4  24  11:41am   S 29.68   82
28   76.3  90.0   4:34pm  66.5   5:43am    0   11  0.00   2  12   1:54pm SSE 29.85   81
29   77.1  89.1   1:48pm  67.1   6:54am    0   12  0.43   2  21   5:59am ESE 29.98   77
30   75.7  88.1   5:16pm  67.0   5:36am    0   10  0.40   1  10   5:47am WSW 29.91   75
31   75.2  88.3  12:40pm  66.9  11:25pm    0   10  1.16   2  19   9:01pm  SW 29.81   82
---------------------------------------------------------------------------------------
TOT  72.1  97.1  5/10/16  43.7   5/3/16   40  259  5.37   3  29  5/10/16   S 29.91   72

HEAT BASE: 65.0
COOL BASE: 65.0