NOAA-Style Climate Reports


Report for 2016 June
                  MONTHLY CLIMATOLOGICAL SUMMARY FOR 6/2016
                                        HEAT  COOL        
     MEAN                               DEG   DEG       WIND SPEED       DOM MEAN  MEAN
DAY  TEMP  HIGH   TIME     LOW   TIME   DAYS  DAYS RAIN AVG  HI  TIME    DIR BAROM HUM
---------------------------------------------------------------------------------------
1    73.2  81.9   3:09pm  66.8  12:10am    0    8  0.00   1   9  12:31pm  NE 29.86   83
2    71.6  75.1  11:58am  69.1   9:19pm    0    7  2.05   1  13   9:38pm   E 29.84   94
3    74.6  84.3   3:53pm  68.0   6:40am    0   10  0.00   1  11   9:53am SSE 29.83   84
4    76.8  88.1   4:35pm  69.6   6:36am    0   12  0.01   2  17   5:55pm   N 29.86   76
5    78.1  88.9   4:19pm  67.0   6:38am    0   13  0.00   3  17   2:12pm   N 29.85   62
6    77.8  91.1   5:58pm  63.7   6:10am    0   13  0.00   2  14   2:26pm   N 29.83   61
7    80.8  96.5   6:13pm  64.3   6:37am    0   16  0.00   1  10   2:03pm NNE 29.85   58
8    83.0  96.2   3:48pm  66.8   6:00am    0   18  0.00   1  14   6:11pm SSE 29.86   58
9    84.0  93.7   3:06pm  73.1   6:38am    0   19  0.00   2  14   4:50pm SSE 29.86   62
10   85.1  95.8   3:50pm  73.3   6:47am    0   20  0.00   3  15  12:25pm   S 29.89   60
11   82.1  90.9   1:13pm  76.6   6:25am    0   17  0.02   2  11  11:24am SSE 29.93   76
12   80.5  93.1   2:53pm  72.2   7:08pm    0   15  2.44   2  16   4:31pm   S 29.93   83
13   77.1  90.2   1:25pm  72.2   4:07am    0   12  1.05   1  26   2:17pm SSE 29.84   91
14   82.5  93.7   4:57pm  73.7   6:15am    0   18  0.00   2  18   6:18pm   S 29.77   81
15   87.1  98.3   5:43pm  77.8   6:39am    0   22  0.00   3  14   8:17am   S 29.81   71
16   88.2  98.2   3:03pm  78.5   6:51am    0   23  0.00   5  16   4:33pm   S 29.83   65
17   87.9 100.1   5:30pm  77.1   6:32am    0   23  0.00   3  13   6:52pm   S 29.83   66
18   88.7  99.2   4:36pm  78.2   6:26am    0   24  0.00   1  11   4:15pm  SE 29.90   67
19   86.6  96.3   4:30pm  77.0   6:57am    0   22  0.00   2  14   6:18pm SSE 30.02   60
20   86.4  98.1   5:03pm  76.7   6:35am    0   21  0.00   1   9   4:02pm SSW 30.08   63
21   88.7 100.5   5:28pm  77.2   6:24am    0   24  0.00   2  10  11:24am SSW 30.00   62
22   88.3  97.6   3:00pm  79.7   6:25am    0   23  0.00   4  17   5:28pm   S 29.90   65
23   88.1  99.4   5:22pm  78.5   6:33am    0   23  0.00   4  15  12:33am   S 29.92   64
24   86.4  96.4   4:10pm  77.1   3:01am    0   21  0.00   3  16   4:20pm   S 29.93   63
25   86.4  96.6   3:17pm  78.0   6:36am    0   21  0.00   4  16  12:58pm   S 29.93   66
26   88.1  98.5   5:06pm  78.8   6:37am    0   23  0.00   2  12   1:48pm   S 29.99   63
27   87.4 100.5   4:30pm  78.3   6:40am    0   22  0.00   1  16   5:14pm   W 30.00   64
28   86.8  96.8   3:43pm  76.8   6:07am    0   22  0.00   2  15   4:28pm NNE 29.97   63
29   85.6  96.8   4:46pm  74.4   6:39am    0   21  0.00   1  11   4:12pm ESE 29.93   60
30   86.7  98.6   4:40pm  74.0   6:11am    0   22  0.00   1   9   7:40pm SSE 29.90   58
---------------------------------------------------------------------------------------
TOT  83.5 100.5  6/21/16  63.7   6/6/16    0  554  5.57   2  17  6/13/16   S 29.90   68

HEAT BASE: 65.0
COOL BASE: 65.0