NOAA-Style Climate Reports


Report for 2016 July
                  MONTHLY CLIMATOLOGICAL SUMMARY FOR 7/2016
                                        HEAT  COOL        
     MEAN                               DEG   DEG       WIND SPEED       DOM MEAN  MEAN
DAY  TEMP  HIGH   TIME     LOW   TIME   DAYS  DAYS RAIN AVG  HI  TIME    DIR BAROM HUM
---------------------------------------------------------------------------------------
1    87.9 100.9   4:56pm  74.5   5:48am    0   23  0.00   2  12   7:05pm SSE 29.92   56
2    88.8  98.4   3:20pm  79.6   6:42am    0   24  0.00   4  16  11:59am   S 29.88   60
3    89.4 100.0   4:03pm  79.9  11:58pm    0   24  0.00   7  19  11:29pm   S 29.78   62
4    82.9  93.4   5:54pm  70.5   6:10am    0   18  0.60   4  22   5:59am   S 29.81   76
5    85.7  94.7   2:19pm  76.9   2:20am    0   21  0.00   4  22  12:00pm   S 29.82   71
6    88.1  98.6   4:07pm  77.9   6:51am    0   23  0.00   7  22   6:04pm   S 29.81   66
7    88.2  99.0   3:52pm  78.1   6:34am    0   23  0.00   6  22   1:35pm   S 29.80   64
8    88.2  99.5   5:46pm  78.1   7:00am    0   23  0.00   5  20  12:23am   S 29.87   64
9    82.6  95.8   2:21pm  71.9   5:09pm    0   18  0.55   3  30   4:12pm   S 29.91   73
10   84.1  97.2   5:42pm  71.1   5:30am    0   19  0.00   2  14   5:25pm SSE 29.86   70
11   87.4  98.2   3:57pm  77.8   6:57am    0   22  0.00   5  21   7:18pm   S 29.79   64
12   87.0  97.0   4:07pm  77.4   6:35am    0   22  0.00   7  23   1:48am   S 29.81   62
13   89.0  99.9   5:24pm  78.3   6:47am    0   24  0.00   6  22  10:10am   S 29.86   62
14   89.5 102.1   4:43pm  79.0   6:53am    0   25  0.00   4  21  11:39am   S 29.87   61
15   82.1  92.3   6:23pm  69.1   9:53am    0   17  0.69   2  32   9:07am   E 29.91   71
16   86.3  99.5   4:52pm  74.2   6:56am    0   21  0.00   2  14   4:48am   S 29.90   63
17   88.1  97.8   5:09pm  78.5   6:49am    0   23  0.00   3  14   3:28pm SSE 29.95   60
18   88.2  98.4   4:28pm  78.6   6:37am    0   23  0.00   2  13  12:00am SSE 30.03   62
19   88.9  99.2   6:07pm  78.4   7:09am    0   24  0.00   2  11   2:12pm SSE 30.06   63
20   89.5  99.8   4:11pm  79.5   6:58am    0   24  0.00   2  13   5:16pm   S 30.05   61
21   90.4 100.4   3:34pm  80.2   7:03am    0   25  0.00   2  11   2:04pm SSW 30.00   57
22   90.6 102.4   6:09pm  75.7   5:45am    0   26  0.00   2  11   2:25pm SSW 29.95   55
23   91.7 102.3   5:27pm  80.9   7:00am    0   27  0.00   2  12   2:16pm   S 29.86   57
24   91.7 102.7   4:32pm  81.3   6:50am    0   27  0.00   2  10   9:24am  SE 29.84   58
25   86.0 100.0   4:15pm  78.6   5:25pm    0   21  0.86   1  15   5:09pm   S 29.86   69
26   84.4  98.3   3:01pm  75.8   5:58am    0   19  0.00   1  17   3:53pm   N 29.86   74
27   83.5  95.7   2:24pm  79.1   3:56pm    0   18  0.22   0  17   2:30pm  SE 29.85   77
28   85.4 100.1   5:34pm  78.0   7:00am    0   20  0.00   2  17   7:15pm   S 29.87   71
29   85.6  97.3   4:55pm  76.9   6:25am    0   21  0.01   2  12   4:55pm SSW 29.88   69
30   89.4 100.5   5:21pm  79.4   6:23am    0   24  0.00   3  13  11:30pm   S 29.88   61
31   90.2 101.0   5:25pm  80.8   6:56am    0   25  0.00   4  14   1:41pm   S 29.87   58
---------------------------------------------------------------------------------------
TOT  87.4 102.7  7/24/16  69.1  7/15/16    0  694  2.93   3  32  7/15/16   S 29.88   65

HEAT BASE: 65.0
COOL BASE: 65.0