NOAA-Style Climate Reports


Report for 2016 August
                  MONTHLY CLIMATOLOGICAL SUMMARY FOR 8/2016
                                        HEAT  COOL        
     MEAN                               DEG   DEG       WIND SPEED       DOM MEAN  MEAN
DAY  TEMP  HIGH   TIME     LOW   TIME   DAYS  DAYS RAIN AVG  HI  TIME    DIR BAROM HUM
---------------------------------------------------------------------------------------
1    89.8 101.7   5:23pm  79.0   7:11am    0   25  0.00   4  15   9:07am   S 29.90   56
2    90.1 102.9   5:15pm  78.0   7:11am    0   25  0.00   3  13  12:48pm   S 29.94   50
3    91.6 103.5   5:16pm  79.8   6:58am    0   27  0.00   2  11  11:28am   S 29.90   56
4    91.8 103.7   5:22pm  81.1   7:00am    0   27  0.00   3  12  10:20am   S 29.84   54
5    90.6 102.9   6:06pm  79.0   3:04am    0   26  0.00   2   9   4:17am   S 29.85   57
6    92.0 103.7   4:45pm  81.5   6:54am    0   27  0.00   2   9   8:05pm SSE 29.85   55
7    92.4 104.0   4:47pm  81.2   7:19am    0   27  0.00   2  22   4:11pm   S 29.81   52
8    91.2 103.9   4:45pm  81.4   7:08am    0   26  0.00   2  15   8:14pm SSE 29.79   56
9    91.5 102.3   5:46pm  81.5   6:46am    0   27  0.00   2  12  12:20pm SSE 29.81   55
10   92.8 103.1   3:29pm  82.1   7:00am    0   27  0.00   3  12   2:09am SSE 29.86   55
11   93.0 105.5   5:48pm  82.5   7:05am    0   28  0.00   2  12  11:55am SSW 29.82   52
12   90.4 106.8   4:22pm  79.9  11:59pm    0   25  0.00   3  16   5:30pm SSW 29.72   61
13   84.8  95.1   5:42pm  77.6   3:50am    0   20  0.00   3  16   3:48pm   N 29.77   71
14   82.1  91.6   6:30pm  71.1   7:11am    0   17  0.00   2  13  10:30am   N 29.84   68
15   76.9  80.0  12:00am  69.7  11:38pm    0   12  0.05   0   8   2:35pm ENE 29.94   77
16   77.0  88.6   5:22pm  69.0   1:21am    0   12  0.00   1  10   5:42pm   E 30.00   81
17   78.2  85.8   4:35pm  74.7  10:32pm    0   13  0.00   2  12   6:03pm SSE 30.01   84
18   78.0  88.7   1:34pm  73.4  12:38am    0   13  0.26   2  14   3:36pm SSE 29.96   88
19   74.6  79.7   9:41am  69.9   5:50pm    0   10  1.89   1  10   9:41am   S 29.87   93
20   75.6  83.4   4:58pm  70.6   8:52am    0   10  1.07   1  11   6:38am   S 29.82   90
21   79.3  91.8   4:41pm  69.3   7:06am    0   14  0.00   1  10   1:18pm   N 29.94   70
22   79.2  92.1   4:10pm  73.0   3:08am    0   14  0.09   2  20   4:37pm   S 29.99   83
23   84.5  95.1   4:21pm  76.8   5:02am    0   20  0.00   5  20   9:00am   S 30.00   74
24   85.3  97.0   4:16pm  75.1   7:17am    0   20  0.00   5  16   1:50am   S 29.99   68
25   86.0  98.9   4:50pm  75.7   7:16am    0   21  0.00   2  11  12:00am SSW 29.96   66
26   81.1  92.8   1:46pm  75.2   7:11am    0   16  0.07   2  14   6:02pm SSE 29.95   77
27   82.5  95.2   5:18pm  72.2   7:28am    0   17  0.00   1   8  12:26pm ESE 29.92   73
28   83.2  93.5   3:10pm  72.9   7:15am    0   18  0.00   1  13   2:10pm ESE 29.96   70
29   81.2  92.0   1:19pm  72.7   6:35am    0   16  0.08   1  10   2:29pm ENE 29.97   77
30   84.0  94.5   3:38pm  73.8   7:05am    0   19  0.00   1  18   2:17pm  NE 29.95   71
31   85.4  97.6   5:47pm  75.5   6:43am    0   20  0.00   1   9   3:01pm  NE 29.91   69
---------------------------------------------------------------------------------------
TOT  85.0 106.8  8/12/16  69.0  8/16/16    0  620  3.51   2  17   8/7/16   S 29.90   68

HEAT BASE: 65.0
COOL BASE: 65.0