NOAA-Style Climate Reports


Report for 2016 September
                  MONTHLY CLIMATOLOGICAL SUMMARY FOR 9/2016
                                        HEAT  COOL        
     MEAN                               DEG   DEG       WIND SPEED       DOM MEAN  MEAN
DAY  TEMP  HIGH   TIME     LOW   TIME   DAYS  DAYS RAIN AVG  HI  TIME    DIR BAROM HUM
---------------------------------------------------------------------------------------
1    78.4  92.5   4:38pm  72.9  11:55pm    0   13  0.57   2  23   4:45pm   N 29.91   83
2    78.4  89.6   4:39pm  70.3   6:54am    0   13  0.00   1  10   4:03pm  NE 29.95   77
3    79.7  91.6   5:13pm  69.4   7:21am    0   15  0.00   1   9   9:32am  SE 29.94   67
4    82.0  94.1   4:49pm  71.1   7:12am    0   17  0.00   2  12   6:05pm SSE 29.92   67
5    84.8  94.3   5:48pm  76.0   7:18am    0   20  0.00   4  16  12:33pm SSE 29.94   71
6    84.1  95.6   3:58pm  76.5   5:34am    0   19  0.00   4  16  10:51am   S 30.00   73
7    86.4  96.4   3:50pm  77.9   6:11am    0   21  0.00   4  16  11:24am   S 29.98   69
8    86.4  97.9   3:42pm  78.3   7:25am    0   21  0.00   4  15  10:08am   S 29.88   69
9    86.3  97.3   4:18pm  77.0   7:24am    0   21  0.00   4  16  12:44pm   S 29.83   65
10   76.1  84.5   5:11pm  67.7  11:57pm    0   11  0.47   3  28   3:57am   N 30.05   75
11   74.8  90.8   5:30pm  59.2   4:37am    1   11  0.00   0   9   3:18pm SSW 30.07   61
12   80.6  93.5   5:16pm  69.0   7:20am    0   16  0.00   2  11  11:59am SSE 29.91   66
13   83.8  95.1   3:27pm  74.2   7:29am    0   19  0.00   1   9  10:52am SSE 29.92   68
14   83.1  95.0   4:04pm  75.2   7:43am    0   18  0.00   1  13   8:07pm  SE 29.99   70
15   83.6  96.3   4:29pm  73.8   7:27am    0   19  0.00   0   8   3:28pm SSE 29.94   70
16   83.9  94.9   5:55pm  75.8   6:02am    0   19  0.00   1  11   8:09am SSE 29.86   68
17   84.5  97.5   4:56pm  73.2   7:37am    0   19  0.00   1   9   2:37pm   N 29.89   65
18   84.1  98.0   5:39pm  70.2   7:43am    0   19  0.06   1  20   6:03am  SE 29.88   70
19   88.4 103.4   5:10pm  77.5   6:59am    0   23  0.00   1   9   1:39pm SSW 29.91   66
20   87.8  98.8   5:31pm  76.4   7:11am    0   23  0.00   1   9  10:48pm   S 29.96   66
21   84.5  96.8   4:56pm  73.0   7:03am    0   19  0.00   1   9  10:54am  SE 29.96   63
22   83.1  96.4   4:30pm  68.3   7:49am    0   18  0.00   1  10   3:36pm ESE 29.91   58
23   83.9  93.8   4:18pm  76.0   7:16am    0   19  0.00   3  13   2:34pm SSE 29.89   66
24   82.3  92.0   4:00pm  75.1   9:33pm    0   17  0.26   4  31   8:50pm   S 29.89   75
25   74.8  78.0   5:10pm  70.4  11:58pm    0   10  0.66   2  12  11:30pm NNE 29.95   92
26   65.3  70.4  12:00am  61.4   1:25pm    1    1  0.29   4  16  10:52am   N 30.08   87
27   68.3  79.2   2:08pm  59.0   7:33am    1    4  0.00   1   9   2:21pm  NE 30.03   65
28   71.2  92.3   5:47pm  53.7   5:52am    3   10  0.00   1   8   5:27pm SSW 29.98   66
29   67.8  78.1   2:49pm  56.4   7:39am    2    4  0.00   3  13   1:29pm   N 30.17   62
30   66.6  83.1   4:45pm  53.4   7:31am    4    5  0.00   1   7   8:31am   N 30.11   66
---------------------------------------------------------------------------------------
TOT  80.2 103.4  9/19/16  53.4  9/30/16   12  466  2.31   2  22  9/10/16   S 29.96   70

HEAT BASE: 65.0
COOL BASE: 65.0