NOAA-Style Climate Reports


Report for 2016 October
                  MONTHLY CLIMATOLOGICAL SUMMARY FOR 10/2016
                                        HEAT  COOL        
     MEAN                               DEG   DEG       WIND SPEED       DOM MEAN  MEAN
DAY  TEMP  HIGH   TIME     LOW   TIME   DAYS  DAYS RAIN AVG  HI  TIME    DIR BAROM HUM
---------------------------------------------------------------------------------------
1    71.6  87.4   5:31pm  58.5   7:35am    2    8  0.00   1   8  12:17pm   S 30.01   61
2    72.8  86.5   4:47pm  60.2   8:07am    1    9  0.00   1  10  10:55am  SE 29.98   61
3    74.7  87.5   3:54pm  60.6   6:24am    1   10  0.00   2  13  11:58am SSE 29.87   62
4    78.3  89.4   4:40pm  68.9   6:25am    0   13  0.00   5  21  10:51pm SSE 29.72   66
5    81.8  93.1   3:55pm  73.2   7:38am    0   17  0.00   4  17   1:18am   S 29.79   72
6    81.3  92.0   4:16pm  74.1   5:52am    0   16  0.00   4  16   2:18pm SSE 29.84   73
7    66.0  78.7  12:00am  59.8  11:58pm    1    2  1.73   3  19   5:38am   N 30.06   87
8    63.1  78.0   3:45pm  51.8   7:40am    5    3  0.00   1  12   4:38pm   N 30.19   73
9    63.2  77.3   3:22pm  50.3   5:23am    5    3  0.00   1   9  12:45pm   N 30.22   62
10   66.4  82.5   3:12pm  52.9   6:13am    4    5  0.00   1  11   1:53pm   S 30.13   61
11   72.0  88.4   4:37pm  54.5   8:02am    2    9  0.00   3  13   3:50pm   S 30.03   60
12   78.2  92.6   4:37pm  63.1  11:55pm    0   13  0.00   4  19  10:12am   S 29.96   72
13   63.6  74.6   2:23pm  56.6   7:07am    3    2  0.00   2  11  12:00am   N 30.09   79
14   67.2  80.1   4:16pm  59.7   6:55am    2    4  0.00   1  10  11:31pm   S 30.05   80
15   77.1  87.7   2:58pm  68.8   1:31am    0   12  0.00   5  21   3:09pm   S 29.92   77
16   80.3  91.0   3:58pm  71.4   6:18am    0   15  0.00   5  19   2:49pm   S 29.83   71
17   80.6  91.8   4:15pm  71.6   7:43am    0   16  0.00   6  20   6:14pm   S 29.72   71
18   81.1  94.4   4:23pm  72.9   6:31am    0   16  0.00   3  16   1:29am   S 29.75   72
19   80.1  91.1   4:26pm  72.6   8:09am    0   15  0.00   2  14  10:12am   S 29.85   72
20   69.0  76.1  12:57am  57.4  11:59pm    1    5  1.07   4  20  12:52pm   N 30.09   70
21   60.0  77.7   4:52pm  49.2   7:39am    7    2  0.00   1   9   1:33pm NNE 30.19   67
22   63.0  79.2   3:03pm  49.2   6:50am    6    4  0.00   2  13   3:09pm   S 30.09   59
23   67.5  78.3   2:17pm  55.7   7:53am    2    5  0.00   3  17  12:17pm   S 30.08   63
24   73.4  86.9   3:32pm  65.7   8:08am    0    8  0.00   2  11  10:32am SSE 30.14   72
25   71.4  82.4   3:18pm  63.8   4:33am    0    7  0.01   2  12   4:20pm   S 30.10   77
26   73.7  86.0   3:46pm  64.0   5:49am    0    9  0.00   3  14  11:26am   S 30.04   71
27   75.0  89.3   3:12pm  63.6   3:29am    0   10  0.00   1   8   1:18pm SSE 30.10   68
28   74.4  87.3   3:31pm  63.9   7:52am    0    9  0.00   2  12  11:08am SSE 30.09   62
29   74.8  86.5   2:40pm  65.4   8:05am    0   10  0.00   3  17   5:19pm   S 30.03   61
30   75.6  90.2   3:50pm  65.2   7:43am    0   11  0.00   2  11  11:14am   S 30.04   65
31   74.5  87.3   3:27pm  64.0   7:06am    0   10  0.00   3  17   2:46pm   S 29.95   61
---------------------------------------------------------------------------------------
TOT  72.7  94.4 10/18/16  49.2 10/21/16   42  279  2.81   3  19 10/15/16   S 30.00   69

HEAT BASE: 65.0
COOL BASE: 65.0