NOAA-Style Climate Reports


Report for 2016 November
                  MONTHLY CLIMATOLOGICAL SUMMARY FOR 11/2016
                                        HEAT  COOL        
     MEAN                               DEG   DEG       WIND SPEED       DOM MEAN  MEAN
DAY  TEMP  HIGH   TIME     LOW   TIME   DAYS  DAYS RAIN AVG  HI  TIME    DIR BAROM HUM
---------------------------------------------------------------------------------------
1    75.9  86.5   4:13pm  69.5   7:54am    0   11  0.00   4  19   9:57pm   S 29.89   76
2    76.4  84.6   3:13pm  72.1   8:30am    0   11  0.00   3  16   2:16am SSE 30.01   81
3    68.6  73.9   1:21am  66.0  11:46pm    0    4  1.09   1  15   1:25am   N 30.15   93
4    69.0  74.8   3:41pm  63.8   3:36am    0    4  0.01   1  10   5:14am NNE 30.22   89
5    64.4  68.9  12:00am  58.9   9:07pm    2    1  0.03   0  10   9:14am ESE 30.21   72
6    62.8  70.1  12:43pm  59.2   4:47am    3    1  0.23   2  13   2:56pm SSE 30.10   79
7    63.9  66.6  10:07am  60.8   1:01am    1    0  1.28   1  10  10:17am SSE 30.07   94
8    61.9  64.9   2:24pm  59.9   6:50am    3    0  0.06   2  16   5:06pm   N 30.16   94
9    60.0  64.6   2:06pm  50.2  11:34pm    5    0  0.01   2  11  12:11am   N 30.25   89
10   57.4  72.6   2:00pm  46.1   6:41am    9    1  0.00   0   7  11:19am  SW 30.26   80
11   60.9  77.5   2:58pm  48.7   6:47am    6    2  0.00   1  11  10:40pm  SW 30.18   79
12   58.3  70.3   3:12pm  50.4   7:25am    7    1  0.00   1   9   8:04am   N 30.21   76
13   60.8  72.8   2:57pm  51.3  12:30am    6    1  0.00   1  10   3:01pm   S 30.14   69
14   64.4  79.3   3:11pm  53.8  11:58pm    4    3  0.00   1  11   7:56am   S 29.97   74
15   62.2  84.0   2:58pm  45.3   7:16am    7    4  0.00   1   9  12:52pm SSW 29.97   70
16   69.3  86.3   2:43pm  54.4   6:08am    3    7  0.00   2  14   3:52pm SSW 29.87   58
17   69.5  78.7   3:01pm  59.8   7:18am    1    5  0.00   5  24   2:27pm   S 29.78   68
18   59.9  71.2  12:00am  46.3  11:58pm    6    1  0.02   5  21   8:21am NNW 30.11   59
19   45.0  57.6   3:04pm  36.2  11:22pm   20    0  0.00   2  12   8:57am   N 30.52   60
20   48.6  64.4   2:23pm  32.3   6:27am   16    0  0.00   2  17   3:56pm   S 30.28   54
21   59.0  72.6   2:15pm  46.0   7:19am    7    1  0.00   3  16   1:48pm   S 30.01   61
22   65.8  72.5   1:45pm  58.0  11:58pm    1    2  0.07   5  15   3:10am   S 29.85   85
23   54.7  66.0   2:49pm  44.3  11:58pm   10    0  0.00   2  13   1:40pm  NW 30.06   70
24   55.5  71.1   2:40pm  43.5   1:19am   10    1  0.00   1  12   1:50pm   S 30.15   76
25   53.5  63.1   2:51pm  46.7  10:03pm   11    0  0.00   2  14   3:57am   N 30.33   73
26   52.6  66.0   1:51pm  42.4   7:34am   12    0  0.00   1   9   2:12pm   N 30.30   82
27   58.9  66.8  10:26pm  53.2   4:14am    6    0  0.00   5  21  11:52pm SSE 29.87   87
28   63.5  71.2   2:17pm  52.5  11:21pm    3    2  0.21   4  20   3:20am SSW 29.45   64
29   60.5  72.9   2:39pm  51.1  11:58pm    6    1  0.00   2  12   2:00pm SSW 29.60   47
30   48.9  59.9   2:42pm  35.1  11:41pm   16    0  0.00   2  14  10:47am NNW 29.97   50
---------------------------------------------------------------------------------------
TOT  61.1  86.5  11/1/16  32.3 11/20/16  183   66  3.01   2  20 11/28/16   S 30.06   74

HEAT BASE: 65.0
COOL BASE: 65.0