NOAA-Style Climate Reports


Report for 2016 December
                  MONTHLY CLIMATOLOGICAL SUMMARY FOR 12/2016
                                        HEAT  COOL        
     MEAN                               DEG   DEG       WIND SPEED       DOM MEAN  MEAN
DAY  TEMP  HIGH   TIME     LOW   TIME   DAYS  DAYS RAIN AVG  HI  TIME    DIR BAROM HUM
---------------------------------------------------------------------------------------
1    51.2  66.4   2:52pm  35.3  12:00am   14    0  0.00   2  13  11:22am SSE 30.04   52
2    54.5  65.3   1:47pm  43.8   7:35am   10    0  0.03   1  11   9:38am SSE 30.08   57
3    48.3  52.1  12:00am  46.6  10:44pm   17    0  0.51   1  12   5:42am  NE 30.03   91
4    48.3  51.8   2:58pm  46.2  11:38pm   17    0  0.01   2  15   5:44pm   N 30.00   89
5    48.3  54.1   1:41pm  44.2   4:08am   17    0  0.11   0   9   9:28am NNE 29.82   89
6    41.9  43.6  12:01am  39.6   1:58am    1    0  0.00   1   7  12:26am   N 30.04   75
7    44.0  51.9   2:54pm  35.7   4:26am   20    0  0.00   2  18   9:53pm   N 30.12   81
8    34.1  38.9  12:00am  28.5  11:55pm   31    0  0.00   5  19  12:29am   N 30.58   64
9    32.7  38.8   2:57pm  25.6   6:17am   32    0  0.00   1   7   7:39am   N 30.59   60
10   43.2  48.5   1:35pm  36.5  12:00am   22    0  0.00   4  18  11:25pm SSE 30.33   59
11   57.4  73.0   3:06pm  48.1  12:00am    9    1  0.00   5  21   2:12am   S 29.88   78
12   46.9  56.8   2:11pm  36.6   7:57am   18    0  0.00   2  10   7:21am   N 30.01   78
13   48.3  58.9   2:37pm  40.9  11:58pm   17    0  0.00   3  15  12:59pm   N 30.02   83
14   41.9  49.4   1:47pm  37.7   4:54am   23    0  0.00   3  14   8:14pm   N 30.20   77
15   38.9  44.8  10:36pm  32.5   8:11am   26    0  0.01   2  13  10:55pm NNE 30.30   85
16   53.5  62.6   5:04pm  44.7  12:00am   11    0  0.00   6  21   2:56pm   S 29.80   86
17   48.9  68.6  11:31am  21.3  11:56pm   16    0  0.00   6  24   4:52pm SSW 29.77   86
18   21.2  28.4   2:31pm  14.9   8:16am   44    0  0.00   5  18   1:49am   N 30.55   64
19   25.4  37.6   2:41pm  14.9   6:14am   40    0  0.00   1  10   1:02am   N 30.69   60
20   40.6  55.1   1:47pm  26.0   4:07am   24    0  0.00   1  12  11:49am   S 30.40   46
21   51.8  65.4   1:53pm  40.7   4:35am   13    0  0.00   2  14   1:00pm   S 30.10   49
22   46.9  56.4  12:53pm  39.1  11:56pm   18    0  0.00   3  14   9:27am   N 30.28   57
23   47.3  55.7  11:55pm  37.1   1:49am   18    0  0.05   0   9   7:14pm   S 30.08   85
24   61.3  69.1   3:11pm  53.1   2:33am    5    1  0.04   1  14  10:53pm SSE 29.98   95
25   71.5  77.6   3:18pm  67.1   4:30am    0    6  0.00   7  26  12:13pm   S 29.85   81
26   66.5  70.5  12:57am  54.6  11:58pm    1    2  0.00   2  17  12:25am   N 30.06   53
27   55.1  68.5   2:53pm  44.5   7:57am   10    0  0.00   1  10   1:13am   N 30.20   50
28   66.3  80.4   2:26pm  54.0  11:56pm    3    4  0.00   2  18  11:18am SSW 29.97   61
29   51.4  57.8   3:07pm  42.9  11:58pm   14    0  0.00   3  18  12:12pm   N 30.39   36
30   45.5  58.9  12:31pm  31.1   7:04am   19    0  0.00   3  20  11:31pm   S 30.27   47
31   56.4  70.4   2:57pm  45.8  11:58pm    9    1  0.00   3  19   1:09am SSW 29.81   57
---------------------------------------------------------------------------------------
TOT  48.3  80.4 12/28/16  14.9 12/18/16  519   16  0.77   3  23 12/17/16   N 30.13   69

HEAT BASE: 65.0
COOL BASE: 65.0