NOAA-Style Climate Reports


Report for 2017 January
                  MONTHLY CLIMATOLOGICAL SUMMARY FOR 1/2017
                                        HEAT  COOL        
     MEAN                               DEG   DEG       WIND SPEED       DOM MEAN  MEAN
DAY  TEMP  HIGH   TIME     LOW   TIME   DAYS  DAYS RAIN AVG  HI  TIME    DIR BAROM HUM
---------------------------------------------------------------------------------------
1    53.9  65.2   3:03pm  42.8   2:53am   11    0  0.04   1   9   8:43pm   S 29.82   86
2    61.3  70.4   2:58pm  54.8   7:53am    4    1  0.51   1  17   5:32am SSW 29.76   77
3    47.1  58.4  12:00am  37.0  11:47pm   18    0  0.00   3  16  11:23am NNW 30.00   72
4    33.3  37.8   3:13pm  29.5   7:35am   32    0  0.00   2  14   5:42am   N 30.13   64
5    32.6  37.0  10:44am  24.8  11:59pm   32    0  0.00   4  19   2:53pm   N 30.03   73
6    22.1  25.5   3:10am  17.6  11:30pm   42    0  0.00   4  18   3:37am   N 30.36   71
7    23.5  37.9   3:09pm  12.6   7:27am   41    0  0.00   0   7   4:20am   N 30.71   68
8    35.0  47.6   2:54pm  22.0   1:18am   30    0  0.00   3  19   2:16pm   S 30.58   50
9    51.5  64.9   2:43pm  37.2   5:57am   13    0  0.00   6  26   1:59pm   S 30.18   71
10   63.5  76.6   1:50pm  54.2   8:47pm    4    3  0.00   4  26   4:11am SSW 29.88   64
11   67.3  76.9   2:36pm  58.7   1:29am    2    4  0.00   6  24   2:05pm   S 29.81   75
12   62.1  74.0  12:45pm  44.8   8:57pm    5    2  0.00   5  26   1:46am   N 30.00   74
13   44.2  47.6  10:21am  39.0  11:17pm   21    0  0.27   3  13  12:05pm   N 30.33   80
14   40.5  43.2   3:54pm  37.7   7:52am   24    0  0.01   2  10   5:29am   N 30.38   96
15   51.3  63.4   8:47pm  42.3   1:39am   14    0  1.78   1  17   8:16pm   N 30.05   97
16   52.9  61.8   3:23pm  46.0  11:57pm   12    0  0.02   0   2  11:39pm  NW 29.95   86
17   46.3  50.3   2:29pm  41.3   7:49am   19    0  0.21   1  11  10:04am   N 30.13   81
18   48.8  52.3   4:40pm  45.9   9:46am   16    0  0.14   1  11   9:31am NNE 30.05   94
19   54.3  64.6   2:42pm  48.0   6:11am   11    0  0.00   3  13  10:50pm   S 29.72   88
20   60.3  75.6   3:15pm  49.1   6:57am    7    2  0.00   2  14  10:02am SSW 29.58   60
21   58.5  71.0   3:20pm  50.6   5:57am    7    1  0.20   2  14   5:29pm   S 29.45   79
22   54.4  63.6   2:50pm  45.7   6:08am   11    0  0.00   4  25   2:58pm  NW 29.59   63
23   51.8  66.8   3:19pm  35.9   8:10am   13    0  0.00   2  11   3:29pm   S 29.86   60
24   62.8  77.8   2:18pm  50.6   7:08am    5    3  0.00   2  19  11:59am   S 29.61   57
25   48.7  62.3  12:00am  38.5  11:58pm   16    0  0.00   2  16   1:07pm NNW 29.91   54
26   40.0  52.1   3:24pm  29.9   6:35am   25    0  0.00   1  12  10:15am   N 30.25   58
27   39.8  54.9   3:38pm  26.2   7:55am   25    0  0.00   1  16   1:13pm  NW 30.32   55
28   44.4  57.4   3:18pm  33.2  12:34am   21    0  0.00   2  14   1:42pm   W 30.24   52
29   51.5  67.2   3:21pm  39.4  12:16am   14    0  0.00   1  14   1:16pm WNW 30.19   47
30   55.3  76.9   3:14pm  38.4   4:37am   11    2  0.00   0   9   3:07pm  SW 30.08   44
31   62.7  79.4   2:48pm  47.9   7:03am    6    4  0.00   3  16   4:45pm   S 29.90   36
---------------------------------------------------------------------------------------
TOT  49.1  79.4  1/31/17  12.6   1/7/17  511   21  3.18   2  25  1/22/17   S 30.03   69

HEAT BASE: 65.0
COOL BASE: 65.0